{"version":"1.0","provider_name":"Weltladen Katzenelnbogen","provider_url":"https:\/\/weltlaeden.de\/katzenelnbogen","title":"Weltklang Festival 2025 - Weltladen Katzenelnbogen","type":"rich","width":600,"height":338,"html":"<blockquote class=\"wp-embedded-content\" data-secret=\"LcW5PiMDzs\"><a href=\"https:\/\/weltlaeden.de\/katzenelnbogen\/termin\/weltklang-festival-2025\/\">Weltklang Festival 2025<\/a><\/blockquote><iframe sandbox=\"allow-scripts\" security=\"restricted\" src=\"https:\/\/weltlaeden.de\/katzenelnbogen\/termin\/weltklang-festival-2025\/embed\/#?secret=LcW5PiMDzs\" width=\"600\" height=\"338\" title=\"&#8222;Weltklang Festival 2025&#8220; &#8211; Weltladen Katzenelnbogen\" data-secret=\"LcW5PiMDzs\" frameborder=\"0\" marginwidth=\"0\" marginheight=\"0\" scrolling=\"no\" class=\"wp-embedded-content\"><\/iframe><script>\n\/*! This file is auto-generated *\/\n!function(d,l){\"use strict\";l.querySelector&&d.addEventListener&&\"undefined\"!=typeof URL&&(d.wp=d.wp||{},d.wp.receiveEmbedMessage||(d.wp.receiveEmbedMessage=function(e){var t=e.data;if((t||t.secret||t.message||t.value)&&!\/[^a-zA-Z0-9]\/.test(t.secret)){for(var s,r,n,a=l.querySelectorAll('iframe[data-secret=\"'+t.secret+'\"]'),o=l.querySelectorAll('blockquote[data-secret=\"'+t.secret+'\"]'),c=new RegExp(\"^https?:$\",\"i\"),i=0;i<o.length;i++)o[i].style.display=\"none\";for(i=0;i<a.length;i++)s=a[i],e.source===s.contentWindow&&(s.removeAttribute(\"style\"),\"height\"===t.message?(1e3<(r=parseInt(t.value,10))?r=1e3:~~r<200&&(r=200),s.height=r):\"link\"===t.message&&(r=new URL(s.getAttribute(\"src\")),n=new URL(t.value),c.test(n.protocol))&&n.host===r.host&&l.activeElement===s&&(d.top.location.href=t.value))}},d.addEventListener(\"message\",d.wp.receiveEmbedMessage,!1),l.addEventListener(\"DOMContentLoaded\",function(){for(var e,t,s=l.querySelectorAll(\"iframe.wp-embedded-content\"),r=0;r<s.length;r++)(t=(e=s[r]).getAttribute(\"data-secret\"))||(t=Math.random().toString(36).substring(2,12),e.src+=\"#?secret=\"+t,e.setAttribute(\"data-secret\",t)),e.contentWindow.postMessage({message:\"ready\",secret:t},\"*\")},!1)))}(window,document);\n<\/script>\n","description":"Auch in diesem Jahr wird die Stadthalle Katzenelnbogen wieder mit zauberhaften Kl\u00e4ngen erf\u00fcllt bei der 13. Ausf\u00fchrung des ortseigenen Weltklang Festivals. Die Besucher erwartet ein magischer Abend mit Musik aus aller Welt sowie begleitenden visuellen Highlights. Auch wir vom Weltladen sind wieder mit einem Stand vor Ort vertreten. &nbsp;"}

Auch in diesem Jahr wird die Stadthalle Katzenelnbogen wieder mit zauberhaften Klängen erfüllt bei der 13. Ausführung des ortseigenen Weltklang Festivals. Die Besucher erwartet ein magischer Abend mit Musik aus aller Welt sowie begleitenden visuellen Highlights. Auch wir vom Weltladen sind wieder mit einem Stand vor Ort vertreten. &nbsp;
