{"id":658,"date":"2021-05-10T13:09:21","date_gmt":"2021-05-10T11:09:21","guid":{"rendered":"https:\/\/weltlaeden.de\/kaiserslautern\/?page_id=658"},"modified":"2021-05-11T16:10:46","modified_gmt":"2021-05-11T14:10:46","slug":"lautern-geniesst-fair-unser-neuer","status":"publish","type":"page","link":"https:\/\/weltlaeden.de\/kaiserslautern\/lautern-geniesst-fair-unser-neuer\/","title":{"rendered":"&#8222;LAUTERN GENIE\u00dfT FAIR!&#8220;   &#8211;  Unser Neuer"},"content":{"rendered":"<p><img loading=\"lazy\" decoding=\"async\" class=\" wp-image-674 aligncenter\" src=\"https:\/\/weltlaeden.de\/kaiserslautern\/wp-content\/uploads\/sites\/109\/2021\/04\/20210224_142006-300x264.jpg\" alt=\"\" width=\"339\" height=\"298\" \/><\/p>\n<p style=\"text-align: center\"><strong><em>Ursprungskaffee\/Peru<\/em><\/strong><\/p>\n<p style=\"text-align: center\"><strong>Sonderedition Kaiserslautern\u00a0 &#8211;\u00a0 Bio Arabica mit sch\u00f6ner Crema<\/strong><\/p>\n<p>Erh\u00e4ltlich ist der aromatische ein bisschen kr\u00e4ftige Kaffee ab sofort im Weltladen in den Verpackungen 500 g Bohne und 250 g gemahlen. Bei einer gr\u00f6\u00dferen Abnahmemenge gew\u00e4hren wir gerne einen Rabatt. Bei Vorlage der Rheinpfalz Card erhalten Sie 10% Rabatt.<\/p>\n<p>Angebaut wird der Kaffee im Amazonasgebiet. Dank der H\u00f6henlage und der Feuchtigkeit zeichnet sich der Kaffee der Region durch ein einzigartiges Aroma aus. Die Bohnen sind langzeitger\u00f6stet und dadurch sehr bek\u00f6mmlich.<\/p>\n<p>Die Kooperative Oro Verde wurde 1999 von 56 Kleinbauernfamilien gegr\u00fcndet um\u00a0 die vorherrschende extreme Armut zu bek\u00e4mpfen. Dies ist ihnen gelungen, auch durch den Einsatz \u00f6kologischer Anbaumethoden und die im fairen Handel existenzgesicherten Preise und langfristigen Abnahmevertr\u00e4ge.<\/p>\n<p>Illustriert wurde die Vorderseite der Kaffeeverpackung von der Kaiserslauterer K\u00fcnstlerin Ute Speyerer-Gauda.<\/p>\n<div style=\"width: 816px\" class=\"wp-caption alignnone\"><img loading=\"lazy\" decoding=\"async\" src=\"https:\/\/weltlaeden.de\/kaiserslautern\/wp-content\/uploads\/sites\/109\/2021\/05\/Leo-von-Sabine-red.-Beitrag-Weltladen-KL.jpg\" alt=\"\" width=\"806\" height=\"862\" \/><p class=\"wp-caption-text\">Leo Ausgabe 18. M\u00e4rz 2021<\/p><\/div>\n<p>&nbsp;<\/p>\n<div id=\"attachment_686\" style=\"width: 424px\" class=\"wp-caption alignleft\"><img loading=\"lazy\" decoding=\"async\" aria-describedby=\"caption-attachment-686\" class=\"wp-image-686\" src=\"https:\/\/weltlaeden.de\/kaiserslautern\/wp-content\/uploads\/sites\/109\/2021\/05\/WeltPartner-Oro-Verde4-300x200.jpg\" alt=\"\" width=\"414\" height=\"276\" srcset=\"https:\/\/weltlaeden.de\/kaiserslautern\/wp-content\/uploads\/sites\/109\/2021\/05\/WeltPartner-Oro-Verde4-300x200.jpg 300w, https:\/\/weltlaeden.de\/kaiserslautern\/wp-content\/uploads\/sites\/109\/2021\/05\/WeltPartner-Oro-Verde4-768x512.jpg 768w, https:\/\/weltlaeden.de\/kaiserslautern\/wp-content\/uploads\/sites\/109\/2021\/05\/WeltPartner-Oro-Verde4-1024x683.jpg 1024w, https:\/\/weltlaeden.de\/kaiserslautern\/wp-content\/uploads\/sites\/109\/2021\/05\/WeltPartner-Oro-Verde4.jpg 1200w\" sizes=\"auto, (max-width: 414px) 100vw, 414px\" \/><p id=\"caption-attachment-686\" class=\"wp-caption-text\">Nerely Tapulima Kleinkooperative Oro Verde, Peru Bildnachweis: WeltPartner eG<\/p><\/div>\n<p>&nbsp;<\/p>\n<p>&nbsp;<\/p>\n<p>&nbsp;<\/p>\n<p>&nbsp;<\/p>\n<p>&nbsp;<\/p>\n<p>&nbsp;<\/p>\n<p>&nbsp;<\/p>\n<p>&nbsp;<\/p>\n<p>&nbsp;<\/p>\n<p>&nbsp;<\/p>\n<p>&nbsp;<\/p>\n<p>&nbsp;<\/p>\n","protected":false},"excerpt":{"rendered":"<p>Ursprungskaffee\/Peru Sonderedition Kaiserslautern\u00a0 &#8211;\u00a0 Bio Arabica mit sch\u00f6ner Crema Erh\u00e4ltlich ist der aromatische ein bisschen kr\u00e4ftige Kaffee ab sofort im Weltladen in den Verpackungen 500 g Bohne und 250 g gemahlen. Bei einer gr\u00f6\u00dferen Abnahmemenge gew\u00e4hren wir gerne einen Rabatt. Bei Vorlage der Rheinpfalz Card erhalten Sie 10% Rabatt. Angebaut wird der Kaffee im Amazonasgebiet.&hellip;<\/p>\n","protected":false},"author":166,"featured_media":0,"parent":0,"menu_order":0,"comment_status":"closed","ping_status":"closed","template":"","meta":{"footnotes":""},"class_list":["post-658","page","type-page","status-publish","hentry","description-off"],"yoast_head":"<!-- This site is optimized with the Yoast SEO plugin v26.8 - https:\/\/yoast.com\/product\/yoast-seo-wordpress\/ -->\n<title>&quot;LAUTERN GENIE\u00dfT FAIR!&quot;  - Unser Neuer - Weltladen Kaiserslautern<\/title>\n<meta name=\"robots\" content=\"index, follow, max-snippet:-1, max-image-preview:large, max-video-preview:-1\" \/>\n<link rel=\"canonical\" href=\"https:\/\/weltlaeden.de\/kaiserslautern\/lautern-geniesst-fair-unser-neuer\/\" \/>\n<meta property=\"og:locale\" content=\"de_DE\" \/>\n<meta property=\"og:type\" content=\"article\" \/>\n<meta property=\"og:title\" content=\"&quot;LAUTERN GENIE\u00dfT FAIR!&quot;  - Unser Neuer - Weltladen Kaiserslautern\" \/>\n<meta property=\"og:description\" content=\"Ursprungskaffee\/Peru Sonderedition Kaiserslautern\u00a0 &#8211;\u00a0 Bio Arabica mit sch\u00f6ner Crema Erh\u00e4ltlich ist der aromatische ein bisschen kr\u00e4ftige Kaffee ab sofort im Weltladen in den Verpackungen 500 g Bohne und 250 g gemahlen. Bei einer gr\u00f6\u00dferen Abnahmemenge gew\u00e4hren wir gerne einen Rabatt. Bei Vorlage der Rheinpfalz Card erhalten Sie 10% Rabatt. Angebaut wird der Kaffee im Amazonasgebiet.&hellip;\" \/>\n<meta property=\"og:url\" content=\"https:\/\/weltlaeden.de\/kaiserslautern\/lautern-geniesst-fair-unser-neuer\/\" \/>\n<meta property=\"og:site_name\" content=\"Weltladen Kaiserslautern\" \/>\n<meta property=\"article:modified_time\" content=\"2021-05-11T14:10:46+00:00\" \/>\n<meta property=\"og:image\" content=\"https:\/\/weltlaeden.de\/kaiserslautern\/wp-content\/uploads\/sites\/109\/2021\/04\/20210224_142006-300x264.jpg\" \/>\n<meta name=\"twitter:card\" content=\"summary_large_image\" \/>\n<meta name=\"twitter:label1\" content=\"Gesch\u00e4tzte Lesezeit\" \/>\n\t<meta name=\"twitter:data1\" content=\"1\u00a0Minute\" \/>\n<script type=\"application\/ld+json\" class=\"yoast-schema-graph\">{\"@context\":\"https:\/\/schema.org\",\"@graph\":[{\"@type\":\"WebPage\",\"@id\":\"https:\/\/weltlaeden.de\/kaiserslautern\/lautern-geniesst-fair-unser-neuer\/\",\"url\":\"https:\/\/weltlaeden.de\/kaiserslautern\/lautern-geniesst-fair-unser-neuer\/\",\"name\":\"\\\"LAUTERN GENIE\u00dfT FAIR!\\\" - Unser Neuer - Weltladen Kaiserslautern\",\"isPartOf\":{\"@id\":\"https:\/\/weltlaeden.de\/kaiserslautern\/#website\"},\"primaryImageOfPage\":{\"@id\":\"https:\/\/weltlaeden.de\/kaiserslautern\/lautern-geniesst-fair-unser-neuer\/#primaryimage\"},\"image\":{\"@id\":\"https:\/\/weltlaeden.de\/kaiserslautern\/lautern-geniesst-fair-unser-neuer\/#primaryimage\"},\"thumbnailUrl\":\"https:\/\/weltlaeden.de\/kaiserslautern\/wp-content\/uploads\/sites\/109\/2021\/04\/20210224_142006-300x264.jpg\",\"datePublished\":\"2021-05-10T11:09:21+00:00\",\"dateModified\":\"2021-05-11T14:10:46+00:00\",\"breadcrumb\":{\"@id\":\"https:\/\/weltlaeden.de\/kaiserslautern\/lautern-geniesst-fair-unser-neuer\/#breadcrumb\"},\"inLanguage\":\"de\",\"potentialAction\":[{\"@type\":\"ReadAction\",\"target\":[\"https:\/\/weltlaeden.de\/kaiserslautern\/lautern-geniesst-fair-unser-neuer\/\"]}]},{\"@type\":\"ImageObject\",\"inLanguage\":\"de\",\"@id\":\"https:\/\/weltlaeden.de\/kaiserslautern\/lautern-geniesst-fair-unser-neuer\/#primaryimage\",\"url\":\"https:\/\/weltlaeden.de\/kaiserslautern\/wp-content\/uploads\/sites\/109\/2021\/04\/20210224_142006-300x264.jpg\",\"contentUrl\":\"https:\/\/weltlaeden.de\/kaiserslautern\/wp-content\/uploads\/sites\/109\/2021\/04\/20210224_142006-300x264.jpg\"},{\"@type\":\"BreadcrumbList\",\"@id\":\"https:\/\/weltlaeden.de\/kaiserslautern\/lautern-geniesst-fair-unser-neuer\/#breadcrumb\",\"itemListElement\":[{\"@type\":\"ListItem\",\"position\":1,\"name\":\"Startseite\",\"item\":\"https:\/\/weltlaeden.de\/kaiserslautern\/\"},{\"@type\":\"ListItem\",\"position\":2,\"name\":\"&#8222;LAUTERN GENIE\u00dfT FAIR!&#8220; &#8211; Unser Neuer\"}]},{\"@type\":\"WebSite\",\"@id\":\"https:\/\/weltlaeden.de\/kaiserslautern\/#website\",\"url\":\"https:\/\/weltlaeden.de\/kaiserslautern\/\",\"name\":\"Weltladen Kaiserslautern\",\"description\":\"Faire Produkte seit 1990\",\"potentialAction\":[{\"@type\":\"SearchAction\",\"target\":{\"@type\":\"EntryPoint\",\"urlTemplate\":\"https:\/\/weltlaeden.de\/kaiserslautern\/?s={search_term_string}\"},\"query-input\":{\"@type\":\"PropertyValueSpecification\",\"valueRequired\":true,\"valueName\":\"search_term_string\"}}],\"inLanguage\":\"de\"}]}<\/script>\n<!-- \/ Yoast SEO plugin. -->","yoast_head_json":{"title":"\"LAUTERN GENIE\u00dfT FAIR!\"  - Unser Neuer - Weltladen Kaiserslautern","robots":{"index":"index","follow":"follow","max-snippet":"max-snippet:-1","max-image-preview":"max-image-preview:large","max-video-preview":"max-video-preview:-1"},"canonical":"https:\/\/weltlaeden.de\/kaiserslautern\/lautern-geniesst-fair-unser-neuer\/","og_locale":"de_DE","og_type":"article","og_title":"\"LAUTERN GENIE\u00dfT FAIR!\"  - Unser Neuer - Weltladen Kaiserslautern","og_description":"Ursprungskaffee\/Peru Sonderedition Kaiserslautern\u00a0 &#8211;\u00a0 Bio Arabica mit sch\u00f6ner Crema Erh\u00e4ltlich ist der aromatische ein bisschen kr\u00e4ftige Kaffee ab sofort im Weltladen in den Verpackungen 500 g Bohne und 250 g gemahlen. Bei einer gr\u00f6\u00dferen Abnahmemenge gew\u00e4hren wir gerne einen Rabatt. Bei Vorlage der Rheinpfalz Card erhalten Sie 10% Rabatt. Angebaut wird der Kaffee im Amazonasgebiet.&hellip;","og_url":"https:\/\/weltlaeden.de\/kaiserslautern\/lautern-geniesst-fair-unser-neuer\/","og_site_name":"Weltladen Kaiserslautern","article_modified_time":"2021-05-11T14:10:46+00:00","og_image":[{"url":"https:\/\/weltlaeden.de\/kaiserslautern\/wp-content\/uploads\/sites\/109\/2021\/04\/20210224_142006-300x264.jpg","type":"","width":"","height":""}],"twitter_card":"summary_large_image","twitter_misc":{"Gesch\u00e4tzte Lesezeit":"1\u00a0Minute"},"schema":{"@context":"https:\/\/schema.org","@graph":[{"@type":"WebPage","@id":"https:\/\/weltlaeden.de\/kaiserslautern\/lautern-geniesst-fair-unser-neuer\/","url":"https:\/\/weltlaeden.de\/kaiserslautern\/lautern-geniesst-fair-unser-neuer\/","name":"\"LAUTERN GENIE\u00dfT FAIR!\" - Unser Neuer - Weltladen Kaiserslautern","isPartOf":{"@id":"https:\/\/weltlaeden.de\/kaiserslautern\/#website"},"primaryImageOfPage":{"@id":"https:\/\/weltlaeden.de\/kaiserslautern\/lautern-geniesst-fair-unser-neuer\/#primaryimage"},"image":{"@id":"https:\/\/weltlaeden.de\/kaiserslautern\/lautern-geniesst-fair-unser-neuer\/#primaryimage"},"thumbnailUrl":"https:\/\/weltlaeden.de\/kaiserslautern\/wp-content\/uploads\/sites\/109\/2021\/04\/20210224_142006-300x264.jpg","datePublished":"2021-05-10T11:09:21+00:00","dateModified":"2021-05-11T14:10:46+00:00","breadcrumb":{"@id":"https:\/\/weltlaeden.de\/kaiserslautern\/lautern-geniesst-fair-unser-neuer\/#breadcrumb"},"inLanguage":"de","potentialAction":[{"@type":"ReadAction","target":["https:\/\/weltlaeden.de\/kaiserslautern\/lautern-geniesst-fair-unser-neuer\/"]}]},{"@type":"ImageObject","inLanguage":"de","@id":"https:\/\/weltlaeden.de\/kaiserslautern\/lautern-geniesst-fair-unser-neuer\/#primaryimage","url":"https:\/\/weltlaeden.de\/kaiserslautern\/wp-content\/uploads\/sites\/109\/2021\/04\/20210224_142006-300x264.jpg","contentUrl":"https:\/\/weltlaeden.de\/kaiserslautern\/wp-content\/uploads\/sites\/109\/2021\/04\/20210224_142006-300x264.jpg"},{"@type":"BreadcrumbList","@id":"https:\/\/weltlaeden.de\/kaiserslautern\/lautern-geniesst-fair-unser-neuer\/#breadcrumb","itemListElement":[{"@type":"ListItem","position":1,"name":"Startseite","item":"https:\/\/weltlaeden.de\/kaiserslautern\/"},{"@type":"ListItem","position":2,"name":"&#8222;LAUTERN GENIE\u00dfT FAIR!&#8220; &#8211; Unser Neuer"}]},{"@type":"WebSite","@id":"https:\/\/weltlaeden.de\/kaiserslautern\/#website","url":"https:\/\/weltlaeden.de\/kaiserslautern\/","name":"Weltladen Kaiserslautern","description":"Faire Produkte seit 1990","potentialAction":[{"@type":"SearchAction","target":{"@type":"EntryPoint","urlTemplate":"https:\/\/weltlaeden.de\/kaiserslautern\/?s={search_term_string}"},"query-input":{"@type":"PropertyValueSpecification","valueRequired":true,"valueName":"search_term_string"}}],"inLanguage":"de"}]}},"_links":{"self":[{"href":"https:\/\/weltlaeden.de\/kaiserslautern\/wp-json\/wp\/v2\/pages\/658","targetHints":{"allow":["GET"]}}],"collection":[{"href":"https:\/\/weltlaeden.de\/kaiserslautern\/wp-json\/wp\/v2\/pages"}],"about":[{"href":"https:\/\/weltlaeden.de\/kaiserslautern\/wp-json\/wp\/v2\/types\/page"}],"author":[{"embeddable":true,"href":"https:\/\/weltlaeden.de\/kaiserslautern\/wp-json\/wp\/v2\/users\/166"}],"replies":[{"embeddable":true,"href":"https:\/\/weltlaeden.de\/kaiserslautern\/wp-json\/wp\/v2\/comments?post=658"}],"version-history":[{"count":26,"href":"https:\/\/weltlaeden.de\/kaiserslautern\/wp-json\/wp\/v2\/pages\/658\/revisions"}],"predecessor-version":[{"id":721,"href":"https:\/\/weltlaeden.de\/kaiserslautern\/wp-json\/wp\/v2\/pages\/658\/revisions\/721"}],"wp:attachment":[{"href":"https:\/\/weltlaeden.de\/kaiserslautern\/wp-json\/wp\/v2\/media?parent=658"}],"curies":[{"name":"wp","href":"https:\/\/api.w.org\/{rel}","templated":true}]}}

&#8222;LAUTERN GENIEßT FAIR!&#8220;   &#8211;  Unser Neuer

<p><img loading="lazy" decoding="async" class=" wp-image-674 aligncenter" src="https://weltlaeden.de/kaiserslautern/wp-content/uploads/sites/109/2021/04/20210224_142006-300x264.jpg" alt="" width="339" height="298" /></p>
<p style="text-align: center"><strong><em>Ursprungskaffee/Peru</em></strong></p>
<p style="text-align: center"><strong>Sonderedition Kaiserslautern  &#8211;  Bio Arabica mit schöner Crema</strong></p>
<p>Erhältlich ist der aromatische ein bisschen kräftige Kaffee ab sofort im Weltladen in den Verpackungen 500 g Bohne und 250 g gemahlen. Bei einer größeren Abnahmemenge gewähren wir gerne einen Rabatt. Bei Vorlage der Rheinpfalz Card erhalten Sie 10% Rabatt.</p>
<p>Angebaut wird der Kaffee im Amazonasgebiet. Dank der Höhenlage und der Feuchtigkeit zeichnet sich der Kaffee der Region durch ein einzigartiges Aroma aus. Die Bohnen sind langzeitgeröstet und dadurch sehr bekömmlich.</p>
<p>Die Kooperative Oro Verde wurde 1999 von 56 Kleinbauernfamilien gegründet um  die vorherrschende extreme Armut zu bekämpfen. Dies ist ihnen gelungen, auch durch den Einsatz ökologischer Anbaumethoden und die im fairen Handel existenzgesicherten Preise und langfristigen Abnahmeverträge.</p>
<p>Illustriert wurde die Vorderseite der Kaffeeverpackung von der Kaiserslauterer Künstlerin Ute Speyerer-Gauda.</p>
<div style="width: 816px" class="wp-caption alignnone"><img loading="lazy" decoding="async" src="https://weltlaeden.de/kaiserslautern/wp-content/uploads/sites/109/2021/05/Leo-von-Sabine-red.-Beitrag-Weltladen-KL.jpg" alt="" width="806" height="862" /><p class="wp-caption-text">Leo Ausgabe 18. März 2021</p></div>
<p>&nbsp;</p>
<div id="attachment_686" style="width: 424px" class="wp-caption alignleft"><img loading="lazy" decoding="async" aria-describedby="caption-attachment-686" class="wp-image-686" src="https://weltlaeden.de/kaiserslautern/wp-content/uploads/sites/109/2021/05/WeltPartner-Oro-Verde4-300x200.jpg" alt="" width="414" height="276" srcset="https://weltlaeden.de/kaiserslautern/wp-content/uploads/sites/109/2021/05/WeltPartner-Oro-Verde4-300x200.jpg 300w, https://weltlaeden.de/kaiserslautern/wp-content/uploads/sites/109/2021/05/WeltPartner-Oro-Verde4-768x512.jpg 768w, https://weltlaeden.de/kaiserslautern/wp-content/uploads/sites/109/2021/05/WeltPartner-Oro-Verde4-1024x683.jpg 1024w, https://weltlaeden.de/kaiserslautern/wp-content/uploads/sites/109/2021/05/WeltPartner-Oro-Verde4.jpg 1200w" sizes="auto, (max-width: 414px) 100vw, 414px" /><p id="caption-attachment-686" class="wp-caption-text">Nerely Tapulima Kleinkooperative Oro Verde, Peru Bildnachweis: WeltPartner eG</p></div>
<p>&nbsp;</p>
<p>&nbsp;</p>
<p>&nbsp;</p>
<p>&nbsp;</p>
<p>&nbsp;</p>
<p>&nbsp;</p>
<p>&nbsp;</p>
<p>&nbsp;</p>
<p>&nbsp;</p>
<p>&nbsp;</p>
<p>&nbsp;</p>
<p>&nbsp;</p>

<p>Ursprungskaffee/Peru Sonderedition Kaiserslautern  &#8211;  Bio Arabica mit schöner Crema Erhältlich ist der aromatische ein bisschen kräftige Kaffee ab sofort im Weltladen in den Verpackungen 500 g Bohne und 250 g gemahlen. Bei einer größeren Abnahmemenge gewähren wir gerne einen Rabatt. Bei Vorlage der Rheinpfalz Card erhalten Sie 10% Rabatt. Angebaut wird der Kaffee im Amazonasgebiet.&hellip;</p>

<!-- This site is optimized with the Yoast SEO plugin v26.8 - https://yoast.com/product/yoast-seo-wordpress/ -->
<title>&quot;LAUTERN GENIEßT FAIR!&quot;  - Unser Neuer - Weltladen Kaiserslautern</title>
<meta name="robots" content="index, follow, max-snippet:-1, max-image-preview:large, max-video-preview:-1" />
<link rel="canonical" href="https://weltlaeden.de/kaiserslautern/lautern-geniesst-fair-unser-neuer/" />
<meta property="og:locale" content="de_DE" />
<meta property="og:type" content="article" />
<meta property="og:title" content="&quot;LAUTERN GENIEßT FAIR!&quot;  - Unser Neuer - Weltladen Kaiserslautern" />
<meta property="og:description" content="Ursprungskaffee/Peru Sonderedition Kaiserslautern  &#8211;  Bio Arabica mit schöner Crema Erhältlich ist der aromatische ein bisschen kräftige Kaffee ab sofort im Weltladen in den Verpackungen 500 g Bohne und 250 g gemahlen. Bei einer größeren Abnahmemenge gewähren wir gerne einen Rabatt. Bei Vorlage der Rheinpfalz Card erhalten Sie 10% Rabatt. Angebaut wird der Kaffee im Amazonasgebiet.&hellip;" />
<meta property="og:url" content="https://weltlaeden.de/kaiserslautern/lautern-geniesst-fair-unser-neuer/" />
<meta property="og:site_name" content="Weltladen Kaiserslautern" />
<meta property="article:modified_time" content="2021-05-11T14:10:46+00:00" />
<meta property="og:image" content="https://weltlaeden.de/kaiserslautern/wp-content/uploads/sites/109/2021/04/20210224_142006-300x264.jpg" />
<meta name="twitter:card" content="summary_large_image" />
<meta name="twitter:label1" content="Geschätzte Lesezeit" />
	<meta name="twitter:data1" content="1 Minute" />
<script type="application/ld+json" class="yoast-schema-graph">{"@context":"https://schema.org","@graph":[{"@type":"WebPage","@id":"https://weltlaeden.de/kaiserslautern/lautern-geniesst-fair-unser-neuer/","url":"https://weltlaeden.de/kaiserslautern/lautern-geniesst-fair-unser-neuer/","name":"\"LAUTERN GENIEßT FAIR!\" - Unser Neuer - Weltladen Kaiserslautern","isPartOf":{"@id":"https://weltlaeden.de/kaiserslautern/#website"},"primaryImageOfPage":{"@id":"https://weltlaeden.de/kaiserslautern/lautern-geniesst-fair-unser-neuer/#primaryimage"},"image":{"@id":"https://weltlaeden.de/kaiserslautern/lautern-geniesst-fair-unser-neuer/#primaryimage"},"thumbnailUrl":"https://weltlaeden.de/kaiserslautern/wp-content/uploads/sites/109/2021/04/20210224_142006-300x264.jpg","datePublished":"2021-05-10T11:09:21+00:00","dateModified":"2021-05-11T14:10:46+00:00","breadcrumb":{"@id":"https://weltlaeden.de/kaiserslautern/lautern-geniesst-fair-unser-neuer/#breadcrumb"},"inLanguage":"de","potentialAction":[{"@type":"ReadAction","target":["https://weltlaeden.de/kaiserslautern/lautern-geniesst-fair-unser-neuer/"]}]},{"@type":"ImageObject","inLanguage":"de","@id":"https://weltlaeden.de/kaiserslautern/lautern-geniesst-fair-unser-neuer/#primaryimage","url":"https://weltlaeden.de/kaiserslautern/wp-content/uploads/sites/109/2021/04/20210224_142006-300x264.jpg","contentUrl":"https://weltlaeden.de/kaiserslautern/wp-content/uploads/sites/109/2021/04/20210224_142006-300x264.jpg"},{"@type":"BreadcrumbList","@id":"https://weltlaeden.de/kaiserslautern/lautern-geniesst-fair-unser-neuer/#breadcrumb","itemListElement":[{"@type":"ListItem","position":1,"name":"Startseite","item":"https://weltlaeden.de/kaiserslautern/"},{"@type":"ListItem","position":2,"name":"&#8222;LAUTERN GENIEßT FAIR!&#8220; &#8211; Unser Neuer"}]},{"@type":"WebSite","@id":"https://weltlaeden.de/kaiserslautern/#website","url":"https://weltlaeden.de/kaiserslautern/","name":"Weltladen Kaiserslautern","description":"Faire Produkte seit 1990","potentialAction":[{"@type":"SearchAction","target":{"@type":"EntryPoint","urlTemplate":"https://weltlaeden.de/kaiserslautern/?s={search_term_string}"},"query-input":{"@type":"PropertyValueSpecification","valueRequired":true,"valueName":"search_term_string"}}],"inLanguage":"de"}]}</script>
<!-- / Yoast SEO plugin. -->

"LAUTERN GENIEßT FAIR!"  - Unser Neuer - Weltladen Kaiserslautern

Ursprungskaffee/Peru Sonderedition Kaiserslautern  &#8211;  Bio Arabica mit schöner Crema Erhältlich ist der aromatische ein bisschen kräftige Kaffee ab sofort im Weltladen in den Verpackungen 500 g Bohne und 250 g gemahlen. Bei einer größeren Abnahmemenge gewähren wir gerne einen Rabatt. Bei Vorlage der Rheinpfalz Card erhalten Sie 10% Rabatt. Angebaut wird der Kaffee im Amazonasgebiet.&hellip;

"LAUTERN GENIEßT FAIR!" - Unser Neuer - Weltladen Kaiserslautern

&#8222;LAUTERN GENIEßT FAIR!&#8220; &#8211; Unser Neuer
