{"id":598,"date":"2020-11-19T11:39:11","date_gmt":"2020-11-19T10:39:11","guid":{"rendered":"https:\/\/weltlaeden.de\/kaiserslautern\/?page_id=598"},"modified":"2020-11-19T11:39:11","modified_gmt":"2020-11-19T10:39:11","slug":"neue-produkte","status":"publish","type":"page","link":"https:\/\/weltlaeden.de\/kaiserslautern\/neue-produkte\/","title":{"rendered":"Neue Produkte"},"content":{"rendered":"<div class=\"wpb-content-wrapper\"><p>[vc_row][vc_column][vc_column_text]<\/p>\n<h1>Neue Produkte[\/vc_column_text][vc_empty_space][\/vc_column][\/vc_row][vc_row][vc_column width=&#8220;1\/3&#8243;][vc_column_text]<\/h1>\n<h3>Bronzefiguren aus Burkina Faso<\/h3>\n<p>Anmutige, elegante Frauen-skulpturen, die durch ihre Lebendigkeit &#8211; einzeln oder in der Gruppe &#8211; zum\u00a0 Blickfang werden. Verschiedene Gr\u00f6\u00dfen und Farben.<\/p>\n<p>Gefertigt im Atelier des K\u00fcnstlers Patrice Balma in der Hauptstadt Ouagadougou (Burkina Faso, Westafrika). Traditionelles Bronze-kunsthandwerk in Verbindung mit einer\u00a0 Darstellungskunst, die klassische und moderne Aspekte vereint.<\/p>\n<p>&nbsp;<\/p>\n<p>&nbsp;<\/p>\n<p>[\/vc_column_text][\/vc_column][vc_column width=&#8220;1\/3&#8243;]<div class=\"wl_einzelbild\"><p><img loading=\"lazy\" decoding=\"async\" class=\"wp-image-618 alignright\" src=\"https:\/\/weltlaeden.de\/kaiserslautern\/wp-content\/uploads\/sites\/109\/2020\/11\/Bronzefiguren-klein-283x300.jpg\" alt=\"\" width=\"275\" height=\"291\" srcset=\"https:\/\/weltlaeden.de\/kaiserslautern\/wp-content\/uploads\/sites\/109\/2020\/11\/Bronzefiguren-klein-283x300.jpg 283w, https:\/\/weltlaeden.de\/kaiserslautern\/wp-content\/uploads\/sites\/109\/2020\/11\/Bronzefiguren-klein-768x813.jpg 768w, https:\/\/weltlaeden.de\/kaiserslautern\/wp-content\/uploads\/sites\/109\/2020\/11\/Bronzefiguren-klein-967x1024.jpg 967w, https:\/\/weltlaeden.de\/kaiserslautern\/wp-content\/uploads\/sites\/109\/2020\/11\/Bronzefiguren-klein.jpg 1814w\" sizes=\"auto, (max-width: 275px) 100vw, 275px\" \/><\/p><\/div>[\/vc_column][vc_column width=&#8220;1\/3&#8243;]<div class=\"wl_einzelbild\"><p><img loading=\"lazy\" decoding=\"async\" class=\"wp-image-613 alignright\" src=\"https:\/\/weltlaeden.de\/kaiserslautern\/wp-content\/uploads\/sites\/109\/2020\/11\/Bronzefigur-gro\u00df.jpg\" alt=\"\" width=\"323\" height=\"621\" \/><\/p><\/div>[\/vc_column][\/vc_row]<\/p>\n<\/div>","protected":false},"excerpt":{"rendered":"<p>[vc_row][vc_column][vc_column_text] Neue Produkte[\/vc_column_text][vc_empty_space][\/vc_column][\/vc_row][vc_row][vc_column width=&#8220;1\/3&#8243;][vc_column_text] Bronzefiguren aus Burkina Faso Anmutige, elegante Frauen-skulpturen, die durch ihre Lebendigkeit &#8211; einzeln oder in der Gruppe &#8211; zum\u00a0 Blickfang werden. Verschiedene Gr\u00f6\u00dfen und Farben. Gefertigt im Atelier des K\u00fcnstlers Patrice Balma in der Hauptstadt Ouagadougou (Burkina Faso, Westafrika). Traditionelles Bronze-kunsthandwerk in Verbindung mit einer\u00a0 Darstellungskunst, die klassische und moderne Aspekte&hellip;<\/p>\n","protected":false},"author":166,"featured_media":0,"parent":0,"menu_order":0,"comment_status":"closed","ping_status":"closed","template":"","meta":{"footnotes":""},"class_list":["post-598","page","type-page","status-publish","hentry","description-off"],"yoast_head":"<!-- This site is optimized with the Yoast SEO plugin v26.8 - https:\/\/yoast.com\/product\/yoast-seo-wordpress\/ -->\n<title>Neue Produkte - Weltladen Kaiserslautern<\/title>\n<meta name=\"robots\" content=\"index, follow, max-snippet:-1, max-image-preview:large, max-video-preview:-1\" \/>\n<link rel=\"canonical\" href=\"https:\/\/weltlaeden.de\/kaiserslautern\/neue-produkte\/\" \/>\n<meta property=\"og:locale\" content=\"de_DE\" \/>\n<meta property=\"og:type\" content=\"article\" \/>\n<meta property=\"og:title\" content=\"Neue Produkte - Weltladen Kaiserslautern\" \/>\n<meta property=\"og:description\" content=\"[vc_row][vc_column][vc_column_text] Neue Produkte[\/vc_column_text][vc_empty_space][\/vc_column][\/vc_row][vc_row][vc_column width=&#8220;1\/3&#8243;][vc_column_text] Bronzefiguren aus Burkina Faso Anmutige, elegante Frauen-skulpturen, die durch ihre Lebendigkeit &#8211; einzeln oder in der Gruppe &#8211; zum\u00a0 Blickfang werden. Verschiedene Gr\u00f6\u00dfen und Farben. Gefertigt im Atelier des K\u00fcnstlers Patrice Balma in der Hauptstadt Ouagadougou (Burkina Faso, Westafrika). Traditionelles Bronze-kunsthandwerk in Verbindung mit einer\u00a0 Darstellungskunst, die klassische und moderne Aspekte&hellip;\" \/>\n<meta property=\"og:url\" content=\"https:\/\/weltlaeden.de\/kaiserslautern\/neue-produkte\/\" \/>\n<meta property=\"og:site_name\" content=\"Weltladen Kaiserslautern\" \/>\n<meta property=\"og:image\" content=\"https:\/\/weltlaeden.de\/kaiserslautern\/wp-content\/uploads\/sites\/109\/2020\/11\/Bronzefiguren-klein-283x300.jpg\" \/>\n<meta name=\"twitter:card\" content=\"summary_large_image\" \/>\n<meta name=\"twitter:label1\" content=\"Gesch\u00e4tzte Lesezeit\" \/>\n\t<meta name=\"twitter:data1\" content=\"1\u00a0Minute\" \/>\n<script type=\"application\/ld+json\" class=\"yoast-schema-graph\">{\"@context\":\"https:\/\/schema.org\",\"@graph\":[{\"@type\":\"WebPage\",\"@id\":\"https:\/\/weltlaeden.de\/kaiserslautern\/neue-produkte\/\",\"url\":\"https:\/\/weltlaeden.de\/kaiserslautern\/neue-produkte\/\",\"name\":\"Neue Produkte - Weltladen Kaiserslautern\",\"isPartOf\":{\"@id\":\"https:\/\/weltlaeden.de\/kaiserslautern\/#website\"},\"primaryImageOfPage\":{\"@id\":\"https:\/\/weltlaeden.de\/kaiserslautern\/neue-produkte\/#primaryimage\"},\"image\":{\"@id\":\"https:\/\/weltlaeden.de\/kaiserslautern\/neue-produkte\/#primaryimage\"},\"thumbnailUrl\":\"https:\/\/weltlaeden.de\/kaiserslautern\/wp-content\/uploads\/sites\/109\/2020\/11\/Bronzefiguren-klein-283x300.jpg\",\"datePublished\":\"2020-11-19T10:39:11+00:00\",\"breadcrumb\":{\"@id\":\"https:\/\/weltlaeden.de\/kaiserslautern\/neue-produkte\/#breadcrumb\"},\"inLanguage\":\"de\",\"potentialAction\":[{\"@type\":\"ReadAction\",\"target\":[\"https:\/\/weltlaeden.de\/kaiserslautern\/neue-produkte\/\"]}]},{\"@type\":\"ImageObject\",\"inLanguage\":\"de\",\"@id\":\"https:\/\/weltlaeden.de\/kaiserslautern\/neue-produkte\/#primaryimage\",\"url\":\"https:\/\/weltlaeden.de\/kaiserslautern\/wp-content\/uploads\/sites\/109\/2020\/11\/Bronzefiguren-klein.jpg\",\"contentUrl\":\"https:\/\/weltlaeden.de\/kaiserslautern\/wp-content\/uploads\/sites\/109\/2020\/11\/Bronzefiguren-klein.jpg\",\"width\":1814,\"height\":1920},{\"@type\":\"BreadcrumbList\",\"@id\":\"https:\/\/weltlaeden.de\/kaiserslautern\/neue-produkte\/#breadcrumb\",\"itemListElement\":[{\"@type\":\"ListItem\",\"position\":1,\"name\":\"Startseite\",\"item\":\"https:\/\/weltlaeden.de\/kaiserslautern\/\"},{\"@type\":\"ListItem\",\"position\":2,\"name\":\"Neue Produkte\"}]},{\"@type\":\"WebSite\",\"@id\":\"https:\/\/weltlaeden.de\/kaiserslautern\/#website\",\"url\":\"https:\/\/weltlaeden.de\/kaiserslautern\/\",\"name\":\"Weltladen Kaiserslautern\",\"description\":\"Faire Produkte seit 1990\",\"potentialAction\":[{\"@type\":\"SearchAction\",\"target\":{\"@type\":\"EntryPoint\",\"urlTemplate\":\"https:\/\/weltlaeden.de\/kaiserslautern\/?s={search_term_string}\"},\"query-input\":{\"@type\":\"PropertyValueSpecification\",\"valueRequired\":true,\"valueName\":\"search_term_string\"}}],\"inLanguage\":\"de\"}]}<\/script>\n<!-- \/ Yoast SEO plugin. -->","yoast_head_json":{"title":"Neue Produkte - Weltladen Kaiserslautern","robots":{"index":"index","follow":"follow","max-snippet":"max-snippet:-1","max-image-preview":"max-image-preview:large","max-video-preview":"max-video-preview:-1"},"canonical":"https:\/\/weltlaeden.de\/kaiserslautern\/neue-produkte\/","og_locale":"de_DE","og_type":"article","og_title":"Neue Produkte - Weltladen Kaiserslautern","og_description":"[vc_row][vc_column][vc_column_text] Neue Produkte[\/vc_column_text][vc_empty_space][\/vc_column][\/vc_row][vc_row][vc_column width=&#8220;1\/3&#8243;][vc_column_text] Bronzefiguren aus Burkina Faso Anmutige, elegante Frauen-skulpturen, die durch ihre Lebendigkeit &#8211; einzeln oder in der Gruppe &#8211; zum\u00a0 Blickfang werden. Verschiedene Gr\u00f6\u00dfen und Farben. Gefertigt im Atelier des K\u00fcnstlers Patrice Balma in der Hauptstadt Ouagadougou (Burkina Faso, Westafrika). Traditionelles Bronze-kunsthandwerk in Verbindung mit einer\u00a0 Darstellungskunst, die klassische und moderne Aspekte&hellip;","og_url":"https:\/\/weltlaeden.de\/kaiserslautern\/neue-produkte\/","og_site_name":"Weltladen Kaiserslautern","og_image":[{"url":"https:\/\/weltlaeden.de\/kaiserslautern\/wp-content\/uploads\/sites\/109\/2020\/11\/Bronzefiguren-klein-283x300.jpg","type":"","width":"","height":""}],"twitter_card":"summary_large_image","twitter_misc":{"Gesch\u00e4tzte Lesezeit":"1\u00a0Minute"},"schema":{"@context":"https:\/\/schema.org","@graph":[{"@type":"WebPage","@id":"https:\/\/weltlaeden.de\/kaiserslautern\/neue-produkte\/","url":"https:\/\/weltlaeden.de\/kaiserslautern\/neue-produkte\/","name":"Neue Produkte - Weltladen Kaiserslautern","isPartOf":{"@id":"https:\/\/weltlaeden.de\/kaiserslautern\/#website"},"primaryImageOfPage":{"@id":"https:\/\/weltlaeden.de\/kaiserslautern\/neue-produkte\/#primaryimage"},"image":{"@id":"https:\/\/weltlaeden.de\/kaiserslautern\/neue-produkte\/#primaryimage"},"thumbnailUrl":"https:\/\/weltlaeden.de\/kaiserslautern\/wp-content\/uploads\/sites\/109\/2020\/11\/Bronzefiguren-klein-283x300.jpg","datePublished":"2020-11-19T10:39:11+00:00","breadcrumb":{"@id":"https:\/\/weltlaeden.de\/kaiserslautern\/neue-produkte\/#breadcrumb"},"inLanguage":"de","potentialAction":[{"@type":"ReadAction","target":["https:\/\/weltlaeden.de\/kaiserslautern\/neue-produkte\/"]}]},{"@type":"ImageObject","inLanguage":"de","@id":"https:\/\/weltlaeden.de\/kaiserslautern\/neue-produkte\/#primaryimage","url":"https:\/\/weltlaeden.de\/kaiserslautern\/wp-content\/uploads\/sites\/109\/2020\/11\/Bronzefiguren-klein.jpg","contentUrl":"https:\/\/weltlaeden.de\/kaiserslautern\/wp-content\/uploads\/sites\/109\/2020\/11\/Bronzefiguren-klein.jpg","width":1814,"height":1920},{"@type":"BreadcrumbList","@id":"https:\/\/weltlaeden.de\/kaiserslautern\/neue-produkte\/#breadcrumb","itemListElement":[{"@type":"ListItem","position":1,"name":"Startseite","item":"https:\/\/weltlaeden.de\/kaiserslautern\/"},{"@type":"ListItem","position":2,"name":"Neue Produkte"}]},{"@type":"WebSite","@id":"https:\/\/weltlaeden.de\/kaiserslautern\/#website","url":"https:\/\/weltlaeden.de\/kaiserslautern\/","name":"Weltladen Kaiserslautern","description":"Faire Produkte seit 1990","potentialAction":[{"@type":"SearchAction","target":{"@type":"EntryPoint","urlTemplate":"https:\/\/weltlaeden.de\/kaiserslautern\/?s={search_term_string}"},"query-input":{"@type":"PropertyValueSpecification","valueRequired":true,"valueName":"search_term_string"}}],"inLanguage":"de"}]}},"_links":{"self":[{"href":"https:\/\/weltlaeden.de\/kaiserslautern\/wp-json\/wp\/v2\/pages\/598","targetHints":{"allow":["GET"]}}],"collection":[{"href":"https:\/\/weltlaeden.de\/kaiserslautern\/wp-json\/wp\/v2\/pages"}],"about":[{"href":"https:\/\/weltlaeden.de\/kaiserslautern\/wp-json\/wp\/v2\/types\/page"}],"author":[{"embeddable":true,"href":"https:\/\/weltlaeden.de\/kaiserslautern\/wp-json\/wp\/v2\/users\/166"}],"replies":[{"embeddable":true,"href":"https:\/\/weltlaeden.de\/kaiserslautern\/wp-json\/wp\/v2\/comments?post=598"}],"version-history":[{"count":31,"href":"https:\/\/weltlaeden.de\/kaiserslautern\/wp-json\/wp\/v2\/pages\/598\/revisions"}],"predecessor-version":[{"id":641,"href":"https:\/\/weltlaeden.de\/kaiserslautern\/wp-json\/wp\/v2\/pages\/598\/revisions\/641"}],"wp:attachment":[{"href":"https:\/\/weltlaeden.de\/kaiserslautern\/wp-json\/wp\/v2\/media?parent=598"}],"curies":[{"name":"wp","href":"https:\/\/api.w.org\/{rel}","templated":true}]}}