{"version":"1.0","provider_name":"Weltladen Kaiserslautern","provider_url":"https:\/\/weltlaeden.de\/kaiserslautern","title":"Fair Handeln f\u00fcr Klimagerechtigkeit weltweit - Weltladen Kaiserslautern","type":"rich","width":600,"height":338,"html":"<blockquote class=\"wp-embedded-content\" data-secret=\"qoIPnbttWB\"><a href=\"https:\/\/weltlaeden.de\/kaiserslautern\/termin\/fair-handeln-fuer-klimagerechtigkeit-weltweit\/\">Fair Handeln f\u00fcr Klimagerechtigkeit weltweit<\/a><\/blockquote><iframe sandbox=\"allow-scripts\" security=\"restricted\" src=\"https:\/\/weltlaeden.de\/kaiserslautern\/termin\/fair-handeln-fuer-klimagerechtigkeit-weltweit\/embed\/#?secret=qoIPnbttWB\" width=\"600\" height=\"338\" title=\"&#8222;Fair Handeln f\u00fcr Klimagerechtigkeit weltweit&#8220; &#8211; Weltladen Kaiserslautern\" data-secret=\"qoIPnbttWB\" frameborder=\"0\" marginwidth=\"0\" marginheight=\"0\" scrolling=\"no\" class=\"wp-embedded-content\"><\/iframe><script>\n\/*! This file is auto-generated *\/\n!function(d,l){\"use strict\";l.querySelector&&d.addEventListener&&\"undefined\"!=typeof URL&&(d.wp=d.wp||{},d.wp.receiveEmbedMessage||(d.wp.receiveEmbedMessage=function(e){var t=e.data;if((t||t.secret||t.message||t.value)&&!\/[^a-zA-Z0-9]\/.test(t.secret)){for(var s,r,n,a=l.querySelectorAll('iframe[data-secret=\"'+t.secret+'\"]'),o=l.querySelectorAll('blockquote[data-secret=\"'+t.secret+'\"]'),c=new RegExp(\"^https?:$\",\"i\"),i=0;i<o.length;i++)o[i].style.display=\"none\";for(i=0;i<a.length;i++)s=a[i],e.source===s.contentWindow&&(s.removeAttribute(\"style\"),\"height\"===t.message?(1e3<(r=parseInt(t.value,10))?r=1e3:~~r<200&&(r=200),s.height=r):\"link\"===t.message&&(r=new URL(s.getAttribute(\"src\")),n=new URL(t.value),c.test(n.protocol))&&n.host===r.host&&l.activeElement===s&&(d.top.location.href=t.value))}},d.addEventListener(\"message\",d.wp.receiveEmbedMessage,!1),l.addEventListener(\"DOMContentLoaded\",function(){for(var e,t,s=l.querySelectorAll(\"iframe.wp-embedded-content\"),r=0;r<s.length;r++)(t=(e=s[r]).getAttribute(\"data-secret\"))||(t=Math.random().toString(36).substring(2,12),e.src+=\"#?secret=\"+t,e.setAttribute(\"data-secret\",t)),e.contentWindow.postMessage({message:\"ready\",secret:t},\"*\")},!1)))}(window,document);\n<\/script>\n","description":"Eine Aktion zur Fairen Woche 2024 21. &#8211; 28. September zu den Laden\u00f6ffnungszeiten &nbsp; Kleine Ladenrallye und Schaufenster zum Mitmachen. Sie k\u00f6nnen bei uns erkunden, wie der Faire Handel Umwelt und Klima schont und zu mehr Klimagerechtigkeit weltweit beitr\u00e4gt. Teilnehmende haben Aussicht auf einen Gewinn. Mit Ihren Ideen zur Vergr\u00f6\u00dferung Ihres \u00f6kologischen Handabdrucks gestalten Sie&hellip;"}

Fair Handeln für Klimagerechtigkeit weltweit - Weltladen Kaiserslautern

<blockquote class="wp-embedded-content" data-secret="qoIPnbttWB"><a href="https://weltlaeden.de/kaiserslautern/termin/fair-handeln-fuer-klimagerechtigkeit-weltweit/">Fair Handeln für Klimagerechtigkeit weltweit</a></blockquote><iframe sandbox="allow-scripts" security="restricted" src="https://weltlaeden.de/kaiserslautern/termin/fair-handeln-fuer-klimagerechtigkeit-weltweit/embed/#?secret=qoIPnbttWB" width="600" height="338" title="&#8222;Fair Handeln für Klimagerechtigkeit weltweit&#8220; &#8211; Weltladen Kaiserslautern" data-secret="qoIPnbttWB" frameborder="0" marginwidth="0" marginheight="0" scrolling="no" class="wp-embedded-content"></iframe><script>
/*! This file is auto-generated */
!function(d,l){"use strict";l.querySelector&&d.addEventListener&&"undefined"!=typeof URL&&(d.wp=d.wp||{},d.wp.receiveEmbedMessage||(d.wp.receiveEmbedMessage=function(e){var t=e.data;if((t||t.secret||t.message||t.value)&&!/[^a-zA-Z0-9]/.test(t.secret)){for(var s,r,n,a=l.querySelectorAll('iframe[data-secret="'+t.secret+'"]'),o=l.querySelectorAll('blockquote[data-secret="'+t.secret+'"]'),c=new RegExp("^https?:$","i"),i=0;i<o.length;i++)o[i].style.display="none";for(i=0;i<a.length;i++)s=a[i],e.source===s.contentWindow&&(s.removeAttribute("style"),"height"===t.message?(1e3<(r=parseInt(t.value,10))?r=1e3:~~r<200&&(r=200),s.height=r):"link"===t.message&&(r=new URL(s.getAttribute("src")),n=new URL(t.value),c.test(n.protocol))&&n.host===r.host&&l.activeElement===s&&(d.top.location.href=t.value))}},d.addEventListener("message",d.wp.receiveEmbedMessage,!1),l.addEventListener("DOMContentLoaded",function(){for(var e,t,s=l.querySelectorAll("iframe.wp-embedded-content"),r=0;r<s.length;r++)(t=(e=s[r]).getAttribute("data-secret"))||(t=Math.random().toString(36).substring(2,12),e.src+="#?secret="+t,e.setAttribute("data-secret",t)),e.contentWindow.postMessage({message:"ready",secret:t},"*")},!1)))}(window,document);
</script>

Eine Aktion zur Fairen Woche 2024 21. &#8211; 28. September zu den Ladenöffnungszeiten &nbsp; Kleine Ladenrallye und Schaufenster zum Mitmachen. Sie können bei uns erkunden, wie der Faire Handel Umwelt und Klima schont und zu mehr Klimagerechtigkeit weltweit beiträgt. Teilnehmende haben Aussicht auf einen Gewinn. Mit Ihren Ideen zur Vergrößerung Ihres ökologischen Handabdrucks gestalten Sie&hellip;
