{"id":876,"date":"2024-03-25T10:44:18","date_gmt":"2024-03-25T09:44:18","guid":{"rendered":"https:\/\/weltlaeden.de\/itzehoe\/?page_id=876"},"modified":"2024-05-29T14:04:10","modified_gmt":"2024-05-29T12:04:10","slug":"praktikum","status":"publish","type":"page","link":"https:\/\/weltlaeden.de\/itzehoe\/praktikum\/","title":{"rendered":"Praktikum"},"content":{"rendered":"<p style=\"font-weight: 400\"><strong>Wirtschaftspraktikum im Weltladen Itzehoe<\/strong><\/p>\n<p style=\"font-weight: 400\">Liebe Sch\u00fclerinnen und Sch\u00fcler,<\/p>\n<p style=\"font-weight: 400\">der Weltladen Itzehoe bietet Ihnen die M\u00f6glichkeit, bei uns ein Wirtschaftspraktikum zu absolvieren. Wir arbeiten <strong>alle ehrenamtlich<\/strong> und wollen damit Folgendes bewirken:<\/p>\n<ul>\n<li>Den Fairen Handel (gerechte Bezahlung z. B. von Kaffee-Bauern) st\u00e4rken.<\/li>\n<li>Die Umweltfreundlichkeit beim Einkauf steigern.<\/li>\n<li>Mit unserer Bildungsarbeit dazu beitragen, dass die Bedeutung des Fairen Handels zunimmt.<\/li>\n<li>Mit unserem Gesch\u00e4ft dazu einen Beitrag leisten, dass die Fu\u00dfg\u00e4ngerzone und damit Itzehoe belebter und attraktiver wird.<\/li>\n<\/ul>\n<p style=\"font-weight: 400\">Wir verstehen ein Wirtschaftspraktikum bei uns so, dass einerseits Sie viel lernen und Kompetenzen entwickeln. Andererseits m\u00f6chte das Weltladenteam etwas von Ihnen und Ihrer Arbeit lernen. Das bedeutet auch, dass wir Engagement w\u00e4hrend des Praktikums erwarten.<\/p>\n<p style=\"font-weight: 400\">Neben dem Kennenlernen des Weltladens, der betriebswirtschaftlichen Abl\u00e4ufe usw. sollte ein Schwerpunkt gew\u00e4hlt werden. Sch\u00fcler\/innen vieler Schulen sollen eine Hausarbeit zu ihrem Praktikum schreiben, in der z. B. ein oder zwei Leitfragen beantwortetet werden. Wir w\u00fcrden dies gerne dazu nutzen, dass hier eine Ausarbeitung entsteht, die eine Bedeutung auch jenseits des Wirtschaft\/Politik-Unterrichts hat, mit deren Ergebnissen wir weiterarbeiten k\u00f6nnen. Daher w\u00e4ren folgende Projekte bzw. Schwerpunktbearbeitungen bei uns m\u00f6glich (weitere Vorschl\u00e4ge sind selbstverst\u00e4ndlich sehr willkommen), Sie w\u00fcrden sich einen ausw\u00e4hlen:<\/p>\n<p style=\"font-weight: 400\"><strong>Schwerpunkt 1, Marktforschung:<\/strong><\/p>\n<p style=\"font-weight: 400\">Erarbeitung und Durchf\u00fchrung einer Befragung mit Passanten in der Fu\u00dfg\u00e4ngerzone zum Weltladen. Es k\u00f6nnte z. B. darum gehen: Inwiefern ist der Weltladen bei den Itzehoern bekannt? Was verbinden die Menschen mit dem Weltladen? Welche Schlussfolgerungen lassen sich aus der Befragung beispielsweise f\u00fcr das Marketing ziehen?<\/p>\n<p style=\"font-weight: 400\"><strong>Vorteile f\u00fcr Sie:<\/strong> Sie lernen bei uns, wie man Befragungen methodisch sauber durchf\u00fchrt und auswertet und kennen psychologische Faktoren, die in Umfragen eine Rolle spielen.<\/p>\n<p style=\"font-weight: 400\"><strong>Schwerpunkt 2, Gestaltung einer Werbeaktion:<\/strong><\/p>\n<p style=\"font-weight: 400\">Sie recherchieren, wie man eine kleine Werbeaktion f\u00fcr den Weltladen durchf\u00fchren k\u00f6nnte, planen diese und realisieren sie (gerne mit unserer Unterst\u00fctzung). Auch ein Schaufenster w\u00fcrden wir hierf\u00fcr zur Verf\u00fcgung stellen.<\/p>\n<p style=\"font-weight: 400\"><strong>Vorteile f\u00fcr Sie:<\/strong> Sie lernen neue Formen des Marketings kennen und testen sie konkret aus. Sie kommen mit Menschen ins Gespr\u00e4ch und lernen (noch besser) zu kommunizieren.<\/p>\n<p style=\"font-weight: 400\"><strong>Schwerpunkt 3, Suche nach weiteren Produkten f\u00fcr den Fairer Handel<\/strong><\/p>\n<p style=\"font-weight: 400\">Fair gehandelte Produkte gibt es inzwischen mehrere, viele andere Produkte sind aber noch nicht fair gehandelt. Sie recherchieren zu den noch fehlenden Produkten und entwerfen eine Liste, welche Voraussetzungen f\u00fcr das jeweilige Produkt erreicht werden m\u00fcssten, damit es auch diese als Fairtrade-Produkte gibt.<\/p>\n<p style=\"font-weight: 400\"><strong>Vorteile f\u00fcr Sie:<\/strong> Sie kennen durch die intensive Arbeit die Kriterien f\u00fcr den Fairen Handel und zugleich auch die Schwierigkeiten, wie sie umzusetzen sind. Evtl. ist Ihre Recherche der Start f\u00fcr eine neues fair gehandeltes Produkt!<\/p>\n<p style=\"font-weight: 400\"><strong>Schwerpunkt 4, Netzwerkarbeit:<\/strong><\/p>\n<p style=\"font-weight: 400\">Sie befassen sich mit lokaler Netzwerkarbeit, was sie auszeichnet und wo Vorteile davon f\u00fcr Akteure wie den Weltladen liegen. Daraus entwickeln Sie eine Strategie, mit welchen Ma\u00dfnahmen der Umsatz des Weltladens gesteigert werden kann.<\/p>\n<p style=\"font-weight: 400\"><strong>Vorteile f\u00fcr Sie:<\/strong> Sie kennen danach Faktoren f\u00fcr erfolgreiche Netzwerkarbeit, die z. B. auch f\u00fcr das sp\u00e4tere Arbeitsleben \u00e4u\u00dferst wichtig sind.<\/p>\n<p style=\"font-weight: 400\"><strong>Schwerpunkt 5, Strategieentwicklung Gesch\u00e4ftskunden:<\/strong><\/p>\n<p style=\"font-weight: 400\">Der Faire Handel hat in den letzten Jahren zwar enorm zugenommen, ist aber noch immer eine Nische. Sie entwickeln eine Kampagne, wie man mehrere Gesch\u00e4fte und Unternehmen in Itzehoe und im Kreis Steinburg dazu bringen kann, Fair Trade Produkte einzukaufen.<\/p>\n<p style=\"font-weight: 400\"><strong>Vorteile f\u00fcr Sie: <\/strong>Sie k\u00f6nnen lokale M\u00e4rkte und Marktchancen f\u00fcr Fairtrade analysieren und entwickeln eine Strategie f\u00fcr den Weltladen. Diese Kenntnisse k\u00f6nnen Sie sp\u00e4ter auf andere Kontexte \u00fcbertragen.<\/p>\n<p style=\"font-weight: 400\"><strong>Schwerpunkt 6, Fairer Handel in der Schule:<\/strong><\/p>\n<p style=\"font-weight: 400\">Wenn Sie besonderes Interesse am Fairen Handel haben, dann entwickeln Sie ein Konzept, wie man einen Fairtrade-Verkauf bei Ihnen in der Schule organisieren k\u00f6nnte, z. B. einmal die Woche, im Monat oder auch nur einmalig. Sie entwickeln eine Strategie, die auch Marketingma\u00dfnahmen umfasst.<\/p>\n<p style=\"font-weight: 400\"><strong>Vorteile f\u00fcr Sie: <\/strong>Sie kennen danach Probleme bei einer Projektrealisierung vor Ort und wie diese gel\u00f6st werden k\u00f6nnen. Insbesondere k\u00f6nnten Sie hier einen Schwerpunkt auf Sch\u00fclerfirmen und ihre Chancen f\u00fcr das wirtschaftliche Lernen legen. Sie realisieren selbst einen Verkauf und werden Erfolg haben!<\/p>\n<p style=\"font-weight: 400\">Haben wir Ihr Interesse geweckt? Dann nehmen Sie gerne mit uns Kontakt auf.<\/p>\n<p style=\"font-weight: 400\"><strong>Kontakt:<\/strong><\/p>\n<p style=\"font-weight: 400\">Dr. S\u00f6nke Zankel<\/p>\n<p style=\"font-weight: 400\">Weltladen Itzehoe<\/p>\n<p style=\"font-weight: 400\">Kirchenstra\u00dfe 7<\/p>\n<p style=\"font-weight: 400\">25524 Itzehoe<\/p>\n<p style=\"font-weight: 400\">Tel: 04821 \/ 9 00 53 51<\/p>\n<p style=\"font-weight: 400\"><a href=\"mailto:weltladenitzehoe@gmx.de\">weltladenitzehoe@gmx.de<\/a><\/p>\n<p>___________________________________________________________________________________________<\/p>\n<p style=\"font-weight: 400\"><strong>Betriebspraktikum im Weltladen Itzehoe<\/strong><\/p>\n<p style=\"font-weight: 400\">Liebe Sch\u00fclerinnen und Sch\u00fcler,<\/p>\n<p style=\"font-weight: 400\">der Weltladen Itzehoe bietet euch die M\u00f6glichkeit, bei uns ein Betriebspraktikum zu absolvieren. Bei uns lernt Ihr eine Alternative zum herk\u00f6mmlichen Konsumangebot kennen, das nachhaltige Wirtschaftskonzept Fairtrade.<\/p>\n<p style=\"font-weight: 400\">Wir arbeiten <strong>alle ehrenamtlich<\/strong> und wollen damit Folgendes bewirken:<\/p>\n<ul>\n<li>Den Fairen Handel (gerechte Bezahlung z. B. von Kaffee-Bauern) st\u00e4rken.<\/li>\n<li>Die Umweltfreundlichkeit beim Einkauf steigern.<\/li>\n<li>Mit unserer Bildungsarbeit dazu beitragen, dass mehr Menschen den Fairen Handel kennen und diese Produkte kaufen.<\/li>\n<li>Mit unserem Angebot (Verkauf und Bildungsarbeit) einen Beitrag dazu leisten, dass die Fu\u00dfg\u00e4ngerzone und damit Itzehoe belebter und attraktiver wird.<\/li>\n<\/ul>\n<p style=\"font-weight: 400\">Wir verstehen ein Betriebspraktikum bei uns so, dass einerseits du viel lernst und Kompetenzen entwickelst. Andererseits m\u00f6chte das Weltladenteam von deinen Ideen und deiner Kreativit\u00e4t profitieren. Das bedeutet auch, dass wir Engagement w\u00e4hrend des Praktikums erwarten. Nach einer Einf\u00fchrung in die Grunds\u00e4tze des Fairen Handels bieten wir folgende Projekte bzw. Schwerpunktbearbeitungen an. Eigene Vorschl\u00e4ge sind selbstverst\u00e4ndlich willkommen. Du w\u00e4hlst aus.<\/p>\n<p style=\"font-weight: 400\"><strong>Schwerpunkt 1, Marktforschung:<\/strong><\/p>\n<p style=\"font-weight: 400\">Erarbeitung und Durchf\u00fchrung einer Befragung mit Passanten in der Fu\u00dfg\u00e4ngerzone zum Weltladen. Es k\u00f6nnte z. B. um folgende Fragen gehen: Inwiefern ist der Weltladen bei den Passanten bekannt? Was verbinden die Menschen mit dem Weltladen? Welche Schlussfolgerungen lassen sich aus der Befragung beispielsweise f\u00fcr das Marketing ziehen?<\/p>\n<p style=\"font-weight: 400\"><strong>Vorteile f\u00fcr dich: <\/strong>Du lernst bei uns, wie man Befragungen durchf\u00fchrt und auswertet. Zudem erf\u00e4hrst du, welche psychologische Faktoren in Umfragen eine Rolle spielen.<\/p>\n<p style=\"font-weight: 400\"><strong>Schwerpunkt 2, Gestaltung einer Werbeaktion:<\/strong><\/p>\n<p style=\"font-weight: 400\">Du recherchierst, wie man eine kleine Werbeaktion f\u00fcr den Weltladen durchf\u00fchren k\u00f6nnte, planst und realisierst sie (mit unserer Unterst\u00fctzung). Du k\u00f6nntest z. B. Flyer entwerfen und sie auch verteilen. Auch ein Schaufenster w\u00fcrden wir hierf\u00fcr zur Verf\u00fcgung stellen, darin k\u00f6nnten deine Plakate bzw. kreative Ideen ausgestellt werden.<\/p>\n<p style=\"font-weight: 400\"><strong>Vorteile f\u00fcr dich:<\/strong> Du lernst Formen des Marketings kennen und testest sie selbst aus. Du kommst mit Menschen ins Gespr\u00e4ch und lernst, (noch besser) zu kommunizieren.<\/p>\n<p style=\"font-weight: 400\"><strong>Schwerpunkt 3, Kennenlernen der Betriebsabl\u00e4ufe:<\/strong><\/p>\n<p style=\"font-weight: 400\">Der Weltladen muss die Waren einkaufen und dabei immer kalkulieren, ob mit dem eingenommenen Geld die Unkosten bezahlt werden k\u00f6nnen. Dabei spielt der Warenumsatz eine bedeutende Rolle, da hiervon die Einnahmen abh\u00e4ngen. Hier lernst du diese Bereiche Einkauf (Bestellungen) und Verkauf kennen, beteiligst dich aktiv an den Prozessen der Sortimentauswahl und probierst eigene Ideen aus.<\/p>\n<p style=\"font-weight: 400\"><strong>Vorteile f\u00fcr dich: <\/strong>Du lernst Abl\u00e4ufe in einem Einzelhandelsgesch\u00e4ft kennen und lernst insbesondere auch den Umgang mit Kunden.<\/p>\n<p style=\"font-weight: 400\"><strong>Schwerpunkt 4, Fairer Handel in der Schule:<\/strong><\/p>\n<p style=\"font-weight: 400\">Wenn du besonderes Interesse am Fairen Handel hast, dann entwickelst du eine Idee oder evtl. sogar ein Konzept, wie man einen Fairtrade-Verkauf bei euch in der Schule organisieren k\u00f6nnte, z. B. einmal die Woche, im Monat oder auch nur einmalig.<\/p>\n<p style=\"font-weight: 400\"><strong>Vorteile f\u00fcr dich: <\/strong>Du kennst danach Probleme bei einer Projektrealisierung vor Ort und wie diese gel\u00f6st werden k\u00f6nnen.<\/p>\n<p style=\"font-weight: 400\">Haben wir dein Interesse geweckt? Dann nimm gerne mit uns Kontakt auf.<\/p>\n<p style=\"font-weight: 400\"><strong>Kontakt: <\/strong>Dr. S\u00f6nke Zankel, Weltladen Itzehoe, Kirchenstra\u00dfe 7, 25524 Itzehoe, Tel: 04821 \/ 9 00 53 51\u00a0, <a href=\"mailto:weltladenitzehoe@gmx.de\">weltladenitzehoe@gmx.de<\/a><\/p>\n<p>&nbsp;<\/p>\n","protected":false},"excerpt":{"rendered":"<p>Wirtschaftspraktikum im Weltladen Itzehoe Liebe Sch\u00fclerinnen und Sch\u00fcler, der Weltladen Itzehoe bietet Ihnen die M\u00f6glichkeit, bei uns ein Wirtschaftspraktikum zu absolvieren. Wir arbeiten alle ehrenamtlich und wollen damit Folgendes bewirken: Den Fairen Handel (gerechte Bezahlung z. B. von Kaffee-Bauern) st\u00e4rken. Die Umweltfreundlichkeit beim Einkauf steigern. Mit unserer Bildungsarbeit dazu beitragen, dass die Bedeutung des Fairen&hellip;<\/p>\n","protected":false},"author":41,"featured_media":0,"parent":0,"menu_order":7,"comment_status":"closed","ping_status":"closed","template":"","meta":{"footnotes":""},"class_list":["post-876","page","type-page","status-publish","hentry","description-off"],"_links":{"self":[{"href":"https:\/\/weltlaeden.de\/itzehoe\/wp-json\/wp\/v2\/pages\/876","targetHints":{"allow":["GET"]}}],"collection":[{"href":"https:\/\/weltlaeden.de\/itzehoe\/wp-json\/wp\/v2\/pages"}],"about":[{"href":"https:\/\/weltlaeden.de\/itzehoe\/wp-json\/wp\/v2\/types\/page"}],"author":[{"embeddable":true,"href":"https:\/\/weltlaeden.de\/itzehoe\/wp-json\/wp\/v2\/users\/41"}],"replies":[{"embeddable":true,"href":"https:\/\/weltlaeden.de\/itzehoe\/wp-json\/wp\/v2\/comments?post=876"}],"version-history":[{"count":2,"href":"https:\/\/weltlaeden.de\/itzehoe\/wp-json\/wp\/v2\/pages\/876\/revisions"}],"predecessor-version":[{"id":878,"href":"https:\/\/weltlaeden.de\/itzehoe\/wp-json\/wp\/v2\/pages\/876\/revisions\/878"}],"wp:attachment":[{"href":"https:\/\/weltlaeden.de\/itzehoe\/wp-json\/wp\/v2\/media?parent=876"}],"curies":[{"name":"wp","href":"https:\/\/api.w.org\/{rel}","templated":true}]}}