{"id":219,"date":"2016-10-28T13:34:47","date_gmt":"2016-10-28T11:34:47","guid":{"rendered":"https:\/\/wl.heimpixel.de\/vorlage\/ueber-uns\/"},"modified":"2024-01-23T18:14:13","modified_gmt":"2024-01-23T17:14:13","slug":"ueber-uns","status":"publish","type":"page","link":"https:\/\/weltlaeden.de\/iserlohn\/ueber-uns\/","title":{"rendered":"\u00dcber uns"},"content":{"rendered":"<div class=\"wpb-content-wrapper\"><p>[vc_row][vc_column]<div class=\"wl_einzelbild\"><p><img loading=\"lazy\" decoding=\"async\" class=\"alignnone size-medium wp-image-463\" src=\"https:\/\/weltlaeden.de\/iserlohn\/wp-content\/uploads\/sites\/130\/2020\/03\/01-Das-Weltladenteam-in-der-Renovierungsphase-640x427-e1585246693843-300x188.jpg\" alt=\"\" width=\"300\" height=\"188\" \/><\/p><\/div>[vc_empty_space][vc_column_text]<\/p>\n<h1><span style=\"color: #ff6600\">\u00dcber den Weltladen Iserlohn<\/span><\/h1>\n<p>[\/vc_column_text][vc_column_text]<strong>Schauen Sie doch mal vorbei!<\/strong><\/p>\n<p>Wer wir sind und vor allem, was wir zu bieten haben k\u00f6nnen Sie im neuen Ladenlokal in der Unnaer Str. 13 in Iserlohn sehen. Denn der Weltladen Iserlohn ist Ende Februar 2020 umgezogen. Mitten in die Fu\u00dfg\u00e4ngerzone, n\u00e4her f\u00fcr die Kundschaft, mit erweiterten \u00d6ffnungszeiten.<\/p>\n<p>Seit \u00fcber 40 Jahren sind mehrere Generationen von ehrenamtlichen Mitarbeiter*innen in Iserlohn im Fairen Handel aktiv.<\/p>\n<p><strong>Wie alles begann:<\/strong><\/p>\n<p>\u201eAngefangen hat alles am 23. Februar 1980, als der erste Laden als \u201aInfob\u00f6rse 3. Welt\u2019 in der Tr\u00e4gerschaft des \u201aBund Deutscher Katholischer Jugend\u2019 an der Langen Stra\u00dfe in Iserlohn er\u00f6ffnet hat\u201c, wissen Helena und Norbert Haack, Gr\u00fcnderin und Gr\u00fcnder, zu berichten. Sie sind auch heute noch mit weiteren langj\u00e4hrigen Mitgliedern aktiv dabei. Aus der Infob\u00f6rse 3. Welt wurde der Mundus Weltladen am Bilstein, bevor er 1998 am Theodor-Heuss-Ring 7 ein Ladenlokal bezog.<\/p>\n<p>Seit mehr als 25 Jahren wird der Weltladen rein ehrenamtlich, gef\u00fchrt und hat dazu den Verein \u201eEine Welt Arbeitskreis Iserlohn\u201c gegr\u00fcndet.<\/p>\n<p><strong>Und Heute?<\/strong><\/p>\n<p>Heute sorgt ein Team von durchschnittlich 15 ehrenamtlichen Mitarbeiterinnen und Mitarbeitern f\u00fcr den Warenverkauf im neuen Laden, mitten in der Fu\u00dfg\u00e4ngerzone in Iserlohn. Denn mit dem Verkauf der Waren k\u00f6nnen viele Existenzen in den L\u00e4ndern des \u201eglobalen S\u00fcdens\u201c, wie man heute die armen Regionen der Erde nennt, gesichert werden. Alles Waren, die den Erwartungen an gerechte Arbeitsbedingungen, faire L\u00f6hne, hohe Umweltstandards und sozialem Engagement gerecht werden.<\/p>\n<p><strong>Und wof\u00fcr?<\/strong><\/p>\n<p>Die Welt ein St\u00fcck gerechter machen. Das ist die treibende Kraft, aus der heraus sich die Mitarbeiterinnen und Mitarbeiter des Weltladenteams in Iserlohn f\u00fcr den Fairen Handel engagieren.<\/p>\n<p>\u201eEs macht Freude und vor allem Sinn hier zu kaufen. Denn ich wei\u00df, dass ich mit dem Kauf die Produzenten, einzelne Menschen, eine Familie oder eine ganze Region in ihrer Existenz unterst\u00fctze und eine qualitativ hochwertige Ware bekomme, die auch gut f\u00fcr unsere Umwelt ist\u201c, sagt eine Kundin.<\/p>\n<p><strong>Nicht nur Verkauf!<\/strong><\/p>\n<p>Aber nicht nur der Verkauf der fairen Produkte, sondern auch die entwicklungspolitische Informations- und Bildungsarbeit ist dem Team im Weltladen wichtig. Und die wird unter anderem auch in der Zusammenarbeit mit der VHS und der Verbraucherzentrale in Iserlohn durchgef\u00fchrt. Denn: \u201eWir leben alle auf einer Erde, doch in ganz verschiedenen Welten, in denen wir durch den fairen Handel und faires Handeln einen Ausgleich schaffen wollen.\u00a0Den Menschen in den L\u00e4ndern des S\u00fcdens kann \u00fcber eine faire Entlohnung ihrer Arbeit eine gerechtere Teilhabe geboten werden.&#8220;<\/p>\n<p>\u201eFairer Handel ist immer auch Bewusstseinsarbeit und auch Anti-Rassismus-Arbeit. In der Unterst\u00fctzung f\u00fcr faire L\u00f6hne, demokratische Entwicklungen, soziale- und Geschlechter-Gerechtigkeit in den Produzentenl\u00e4ndern, im Handel zwischen den L\u00e4ndern des S\u00fcdens mit uns und bei uns, gibt es kein Ansehen der Person, nach Hautfarbe, Herkunft, Religion. Mit unserer Arbeit setzen wir uns ein, f\u00fcr ausgleichende Gerechtigkeit und Frieden\u201c, so der stellvertretende Vorsitzende des Weltladens.[\/vc_column_text][\/vc_column][\/vc_row][vc_row][vc_column][vc_empty_space]<div class=\"wl_einzelbild\"><p><img loading=\"lazy\" decoding=\"async\" class=\"alignnone size-medium wp-image-538\" src=\"https:\/\/weltlaeden.de\/iserlohn\/wp-content\/uploads\/sites\/130\/2020\/03\/Plakat-1-Kopie-2-300x221.jpg\" alt=\"\" width=\"300\" height=\"221\" srcset=\"https:\/\/weltlaeden.de\/iserlohn\/wp-content\/uploads\/sites\/130\/2020\/03\/Plakat-1-Kopie-2-300x221.jpg 300w, https:\/\/weltlaeden.de\/iserlohn\/wp-content\/uploads\/sites\/130\/2020\/03\/Plakat-1-Kopie-2.jpg 424w\" sizes=\"auto, (max-width: 300px) 100vw, 300px\" \/><\/p><\/div>[vc_column_text]<\/p>\n<h1><span style=\"color: #ff6600\">Mitmachen im Weltladen Iserlohn<\/span><\/h1>\n<p>[\/vc_column_text][vc_column_text]<strong>Wir suchen<\/strong><\/p>\n<p>Menschen, die Lust haben, sich ehrenamtlich f\u00fcr den fairen Handel, d. h. eine offene, transparente, \u00f6kologische und nachhaltige Form des Wirtschaftens zu engagieren.<\/p>\n<p>Ob im Verkauf, der Informations- oder Bildungsarbeit &#8211; die M\u00f6glichkeiten, in unserem Team mitzumachen sind vielf\u00e4ltig und lassen sich vielleicht auch in Deinen Alltag integrieren!<\/p>\n<p>\u201eZum einen ist da der Laden, mit Verkauf, Einkauf, Gestaltung. In der Regel arbeiten wir jeweils 4 Stunden, es sind aber auch individuelle L\u00f6sungen m\u00f6glich.<\/p>\n<p>Zum anderen gibt es bei uns auch immer wieder einzelne zeitlich befristete Projekte und Aktionen mit denen wir Informations- und Aufkl\u00e4rungsarbeit machen, f\u00fcr die wir Unterst\u00fctzer\/innen suchen. Viele Aufgaben erfordern keine speziellen Vorkenntnisse, sondern nur Deine Bereitschaft, Deine F\u00e4higkeiten einzubringen und eventuell in neuen Bereichen dazuzulernen.<\/p>\n<p><strong>Wir bieten<\/strong><\/p>\n<p>ein nettes Team aus Engagierten mit vielf\u00e4ltigen M\u00f6glichkeiten, sich selbst einzubringen. Eine Gemeinschaft, die Dich herzlich aufnimmt, einarbeitet und bei Fragen zur Verf\u00fcgung steht.<\/p>\n<p><strong>Komm doch einfach<\/strong> mal in unseren Weltladen und sprich uns an! Oder informiere Dich bei:<\/p>\n<p><strong>Ansprechpartner\/in:<\/strong><br \/>\nHelga Henz-Gieselmann<\/p>\n<p>0175 4615713<\/p>\n<p>&nbsp;<\/p>\n<p><strong>Wir freuen uns auf Dich!<\/strong>[\/vc_column_text][vc_column_text][\/vc_column_text][\/vc_column][vc_column][\/vc_column][\/vc_row]<\/p>\n<\/div>","protected":false},"excerpt":{"rendered":"<p>[vc_row][vc_column][vc_empty_space][vc_column_text] \u00dcber den Weltladen Iserlohn [\/vc_column_text][vc_column_text]Schauen Sie doch mal vorbei! Wer wir sind und vor allem, was wir zu bieten haben k\u00f6nnen Sie im neuen Ladenlokal in der Unnaer Str. 13 in Iserlohn sehen. Denn der Weltladen Iserlohn ist Ende Februar 2020 umgezogen. Mitten in die Fu\u00dfg\u00e4ngerzone, n\u00e4her f\u00fcr die Kundschaft, mit erweiterten \u00d6ffnungszeiten. Seit&hellip;<\/p>\n","protected":false},"author":1,"featured_media":0,"parent":0,"menu_order":4,"comment_status":"closed","ping_status":"closed","template":"","meta":{"footnotes":""},"class_list":["post-219","page","type-page","status-publish","hentry","description-off"],"yoast_head":"<!-- This site is optimized with the Yoast SEO plugin v26.8 - https:\/\/yoast.com\/product\/yoast-seo-wordpress\/ -->\n<title>\u00dcber uns - Weltladen Iserlohn<\/title>\n<meta name=\"robots\" content=\"index, follow, max-snippet:-1, max-image-preview:large, max-video-preview:-1\" \/>\n<link rel=\"canonical\" href=\"https:\/\/weltlaeden.de\/iserlohn\/ueber-uns\/\" \/>\n<meta property=\"og:locale\" content=\"de_DE\" \/>\n<meta property=\"og:type\" content=\"article\" \/>\n<meta property=\"og:title\" content=\"\u00dcber uns - Weltladen Iserlohn\" \/>\n<meta property=\"og:description\" content=\"[vc_row][vc_column][vc_empty_space][vc_column_text] \u00dcber den Weltladen Iserlohn [\/vc_column_text][vc_column_text]Schauen Sie doch mal vorbei! Wer wir sind und vor allem, was wir zu bieten haben k\u00f6nnen Sie im neuen Ladenlokal in der Unnaer Str. 13 in Iserlohn sehen. Denn der Weltladen Iserlohn ist Ende Februar 2020 umgezogen. Mitten in die Fu\u00dfg\u00e4ngerzone, n\u00e4her f\u00fcr die Kundschaft, mit erweiterten \u00d6ffnungszeiten. Seit&hellip;\" \/>\n<meta property=\"og:url\" content=\"https:\/\/weltlaeden.de\/iserlohn\/ueber-uns\/\" \/>\n<meta property=\"og:site_name\" content=\"Weltladen Iserlohn\" \/>\n<meta property=\"article:modified_time\" content=\"2024-01-23T17:14:13+00:00\" \/>\n<meta property=\"og:image\" content=\"https:\/\/weltlaeden.de\/iserlohn\/wp-content\/uploads\/sites\/130\/2020\/03\/01-Das-Weltladenteam-in-der-Renovierungsphase-640x427-e1585246693843-300x188.jpg\" \/>\n<meta name=\"twitter:card\" content=\"summary_large_image\" \/>\n<meta name=\"twitter:label1\" content=\"Gesch\u00e4tzte Lesezeit\" \/>\n\t<meta name=\"twitter:data1\" content=\"4\u00a0Minuten\" \/>\n<script type=\"application\/ld+json\" class=\"yoast-schema-graph\">{\"@context\":\"https:\/\/schema.org\",\"@graph\":[{\"@type\":\"WebPage\",\"@id\":\"https:\/\/weltlaeden.de\/iserlohn\/ueber-uns\/\",\"url\":\"https:\/\/weltlaeden.de\/iserlohn\/ueber-uns\/\",\"name\":\"\u00dcber uns - Weltladen Iserlohn\",\"isPartOf\":{\"@id\":\"https:\/\/weltlaeden.de\/iserlohn\/#website\"},\"primaryImageOfPage\":{\"@id\":\"https:\/\/weltlaeden.de\/iserlohn\/ueber-uns\/#primaryimage\"},\"image\":{\"@id\":\"https:\/\/weltlaeden.de\/iserlohn\/ueber-uns\/#primaryimage\"},\"thumbnailUrl\":\"https:\/\/weltlaeden.de\/iserlohn\/wp-content\/uploads\/sites\/130\/2020\/03\/01-Das-Weltladenteam-in-der-Renovierungsphase-640x427-e1585246693843-300x188.jpg\",\"datePublished\":\"2016-10-28T11:34:47+00:00\",\"dateModified\":\"2024-01-23T17:14:13+00:00\",\"breadcrumb\":{\"@id\":\"https:\/\/weltlaeden.de\/iserlohn\/ueber-uns\/#breadcrumb\"},\"inLanguage\":\"de\",\"potentialAction\":[{\"@type\":\"ReadAction\",\"target\":[\"https:\/\/weltlaeden.de\/iserlohn\/ueber-uns\/\"]}]},{\"@type\":\"ImageObject\",\"inLanguage\":\"de\",\"@id\":\"https:\/\/weltlaeden.de\/iserlohn\/ueber-uns\/#primaryimage\",\"url\":\"https:\/\/weltlaeden.de\/iserlohn\/wp-content\/uploads\/sites\/130\/2020\/03\/01-Das-Weltladenteam-in-der-Renovierungsphase-640x427-e1585246693843-300x188.jpg\",\"contentUrl\":\"https:\/\/weltlaeden.de\/iserlohn\/wp-content\/uploads\/sites\/130\/2020\/03\/01-Das-Weltladenteam-in-der-Renovierungsphase-640x427-e1585246693843-300x188.jpg\"},{\"@type\":\"BreadcrumbList\",\"@id\":\"https:\/\/weltlaeden.de\/iserlohn\/ueber-uns\/#breadcrumb\",\"itemListElement\":[{\"@type\":\"ListItem\",\"position\":1,\"name\":\"Startseite\",\"item\":\"https:\/\/weltlaeden.de\/iserlohn\/\"},{\"@type\":\"ListItem\",\"position\":2,\"name\":\"\u00dcber uns\"}]},{\"@type\":\"WebSite\",\"@id\":\"https:\/\/weltlaeden.de\/iserlohn\/#website\",\"url\":\"https:\/\/weltlaeden.de\/iserlohn\/\",\"name\":\"Weltladen Iserlohn\",\"description\":\"Faire Produkte seit 1980\",\"potentialAction\":[{\"@type\":\"SearchAction\",\"target\":{\"@type\":\"EntryPoint\",\"urlTemplate\":\"https:\/\/weltlaeden.de\/iserlohn\/?s={search_term_string}\"},\"query-input\":{\"@type\":\"PropertyValueSpecification\",\"valueRequired\":true,\"valueName\":\"search_term_string\"}}],\"inLanguage\":\"de\"}]}<\/script>\n<!-- \/ Yoast SEO plugin. -->","yoast_head_json":{"title":"\u00dcber uns - Weltladen Iserlohn","robots":{"index":"index","follow":"follow","max-snippet":"max-snippet:-1","max-image-preview":"max-image-preview:large","max-video-preview":"max-video-preview:-1"},"canonical":"https:\/\/weltlaeden.de\/iserlohn\/ueber-uns\/","og_locale":"de_DE","og_type":"article","og_title":"\u00dcber uns - Weltladen Iserlohn","og_description":"[vc_row][vc_column][vc_empty_space][vc_column_text] \u00dcber den Weltladen Iserlohn [\/vc_column_text][vc_column_text]Schauen Sie doch mal vorbei! Wer wir sind und vor allem, was wir zu bieten haben k\u00f6nnen Sie im neuen Ladenlokal in der Unnaer Str. 13 in Iserlohn sehen. Denn der Weltladen Iserlohn ist Ende Februar 2020 umgezogen. Mitten in die Fu\u00dfg\u00e4ngerzone, n\u00e4her f\u00fcr die Kundschaft, mit erweiterten \u00d6ffnungszeiten. Seit&hellip;","og_url":"https:\/\/weltlaeden.de\/iserlohn\/ueber-uns\/","og_site_name":"Weltladen Iserlohn","article_modified_time":"2024-01-23T17:14:13+00:00","og_image":[{"url":"https:\/\/weltlaeden.de\/iserlohn\/wp-content\/uploads\/sites\/130\/2020\/03\/01-Das-Weltladenteam-in-der-Renovierungsphase-640x427-e1585246693843-300x188.jpg","type":"","width":"","height":""}],"twitter_card":"summary_large_image","twitter_misc":{"Gesch\u00e4tzte Lesezeit":"4\u00a0Minuten"},"schema":{"@context":"https:\/\/schema.org","@graph":[{"@type":"WebPage","@id":"https:\/\/weltlaeden.de\/iserlohn\/ueber-uns\/","url":"https:\/\/weltlaeden.de\/iserlohn\/ueber-uns\/","name":"\u00dcber uns - Weltladen Iserlohn","isPartOf":{"@id":"https:\/\/weltlaeden.de\/iserlohn\/#website"},"primaryImageOfPage":{"@id":"https:\/\/weltlaeden.de\/iserlohn\/ueber-uns\/#primaryimage"},"image":{"@id":"https:\/\/weltlaeden.de\/iserlohn\/ueber-uns\/#primaryimage"},"thumbnailUrl":"https:\/\/weltlaeden.de\/iserlohn\/wp-content\/uploads\/sites\/130\/2020\/03\/01-Das-Weltladenteam-in-der-Renovierungsphase-640x427-e1585246693843-300x188.jpg","datePublished":"2016-10-28T11:34:47+00:00","dateModified":"2024-01-23T17:14:13+00:00","breadcrumb":{"@id":"https:\/\/weltlaeden.de\/iserlohn\/ueber-uns\/#breadcrumb"},"inLanguage":"de","potentialAction":[{"@type":"ReadAction","target":["https:\/\/weltlaeden.de\/iserlohn\/ueber-uns\/"]}]},{"@type":"ImageObject","inLanguage":"de","@id":"https:\/\/weltlaeden.de\/iserlohn\/ueber-uns\/#primaryimage","url":"https:\/\/weltlaeden.de\/iserlohn\/wp-content\/uploads\/sites\/130\/2020\/03\/01-Das-Weltladenteam-in-der-Renovierungsphase-640x427-e1585246693843-300x188.jpg","contentUrl":"https:\/\/weltlaeden.de\/iserlohn\/wp-content\/uploads\/sites\/130\/2020\/03\/01-Das-Weltladenteam-in-der-Renovierungsphase-640x427-e1585246693843-300x188.jpg"},{"@type":"BreadcrumbList","@id":"https:\/\/weltlaeden.de\/iserlohn\/ueber-uns\/#breadcrumb","itemListElement":[{"@type":"ListItem","position":1,"name":"Startseite","item":"https:\/\/weltlaeden.de\/iserlohn\/"},{"@type":"ListItem","position":2,"name":"\u00dcber uns"}]},{"@type":"WebSite","@id":"https:\/\/weltlaeden.de\/iserlohn\/#website","url":"https:\/\/weltlaeden.de\/iserlohn\/","name":"Weltladen Iserlohn","description":"Faire Produkte seit 1980","potentialAction":[{"@type":"SearchAction","target":{"@type":"EntryPoint","urlTemplate":"https:\/\/weltlaeden.de\/iserlohn\/?s={search_term_string}"},"query-input":{"@type":"PropertyValueSpecification","valueRequired":true,"valueName":"search_term_string"}}],"inLanguage":"de"}]}},"_links":{"self":[{"href":"https:\/\/weltlaeden.de\/iserlohn\/wp-json\/wp\/v2\/pages\/219","targetHints":{"allow":["GET"]}}],"collection":[{"href":"https:\/\/weltlaeden.de\/iserlohn\/wp-json\/wp\/v2\/pages"}],"about":[{"href":"https:\/\/weltlaeden.de\/iserlohn\/wp-json\/wp\/v2\/types\/page"}],"author":[{"embeddable":true,"href":"https:\/\/weltlaeden.de\/iserlohn\/wp-json\/wp\/v2\/users\/1"}],"replies":[{"embeddable":true,"href":"https:\/\/weltlaeden.de\/iserlohn\/wp-json\/wp\/v2\/comments?post=219"}],"version-history":[{"count":19,"href":"https:\/\/weltlaeden.de\/iserlohn\/wp-json\/wp\/v2\/pages\/219\/revisions"}],"predecessor-version":[{"id":1213,"href":"https:\/\/weltlaeden.de\/iserlohn\/wp-json\/wp\/v2\/pages\/219\/revisions\/1213"}],"wp:attachment":[{"href":"https:\/\/weltlaeden.de\/iserlohn\/wp-json\/wp\/v2\/media?parent=219"}],"curies":[{"name":"wp","href":"https:\/\/api.w.org\/{rel}","templated":true}]}}