{"id":615,"date":"2021-01-20T08:05:54","date_gmt":"2021-01-20T07:05:54","guid":{"rendered":"https:\/\/weltlaeden.de\/immenstaad\/?page_id=615"},"modified":"2025-09-13T17:07:51","modified_gmt":"2025-09-13T15:07:51","slug":"bildungsarbeit","status":"publish","type":"page","link":"https:\/\/weltlaeden.de\/immenstaad\/bildungsarbeit\/","title":{"rendered":"Bildungsarbeit"},"content":{"rendered":"<div class=\"wpb-content-wrapper\"><p>[vc_row][vc_column]<div class=\"wl_einzelbild\"><p><img loading=\"lazy\" decoding=\"async\" class=\"alignnone wp-image-756 size-full\" src=\"https:\/\/weltlaeden.de\/immenstaad\/wp-content\/uploads\/sites\/118\/2021\/04\/bildung_weltladen_immenstaad-1.jpg\" alt=\"\" width=\"1200\" height=\"521\" srcset=\"https:\/\/weltlaeden.de\/immenstaad\/wp-content\/uploads\/sites\/118\/2021\/04\/bildung_weltladen_immenstaad-1.jpg 1200w, https:\/\/weltlaeden.de\/immenstaad\/wp-content\/uploads\/sites\/118\/2021\/04\/bildung_weltladen_immenstaad-1-300x130.jpg 300w, https:\/\/weltlaeden.de\/immenstaad\/wp-content\/uploads\/sites\/118\/2021\/04\/bildung_weltladen_immenstaad-1-768x333.jpg 768w, https:\/\/weltlaeden.de\/immenstaad\/wp-content\/uploads\/sites\/118\/2021\/04\/bildung_weltladen_immenstaad-1-1024x445.jpg 1024w\" sizes=\"auto, (max-width: 1200px) 100vw, 1200px\" \/><\/p><\/div>[vc_empty_space][vc_column_text][\/vc_column_text][vc_column_text]<\/p>\n<h1>Bildungsarbeit<\/h1>\n<p>[\/vc_column_text][vc_row_inner][vc_column_inner width=&#8220;2\/3&#8243;][vc_column_text]Der Eine Welt Kreis m\u00f6chte auch Kindern und Jugendlichen die Idee der &#8222;Einen Welt&#8220; n\u00e4her bringen. Dazu bieten wir F\u00fchrungen im Weltladen an, wof\u00fcr Sie etwa 2 Stunden einplanen sollten. Je nach Altersklasse k\u00f6nnen unterschiedlich aufbereitet Zusammenh\u00e4nge zwischen wirtschaftlichen und sozialen Missst\u00e4nden vermittelt und ein Verantwortungsbewusstsein gest\u00e4rkt werden. Dar\u00fcber hinaus organisieren wir Vortr\u00e4ge und Feste zu bestimmten Themen. Unterst\u00fctzt durch externe Dozenten k\u00f6nnen Aspekte der Einen Welt informativ und anschaulich vermittelt werden.<\/p>\n<p><strong>Ansprechpartner<\/strong>: Kurt Walther<\/p>\n<p><strong>E-Mail<\/strong>: <a href=\"mailto:bildung@weltladen-in-immenstaad.de\">bildung@weltladen-in-immenstaad.de<\/a>[\/vc_column_text][vc_empty_space][vc_column_text]An jedem ersten Mittwoch im Monat finden Sie uns auf dem Immenstaader Wochenmarkt. Zum einen bietet der Weltladen eine Auswahl an Produkten an, zum anderen suchen wir das Gespr\u00e4ch mit den Immenstaadern und informieren \u00fcber aktuelle Themen des fairen Handels und der Einen Welt.[\/vc_column_text][vc_empty_space][vc_column_text css=&#8220;&#8220;]Unsere Aktivit\u00e4ten rund um die Bildungsarbeit finden Sie unter <a href=\"https:\/\/weltlaeden.de\/immenstaad\/termine\/\" target=\"_blank\" rel=\"noopener\">Terminen <\/a>aufgelistet.<br \/>\nGr\u00f6\u00dfere Veranstaltungen sind im <a href=\"https:\/\/weltlaeden.de\/immenstaad\/archiv\/\" target=\"_blank\" rel=\"noopener\">Archiv<\/a> mit Fotos und Text festgehalten.<\/p>\n<p>[\/vc_column_text][\/vc_column_inner][vc_column_inner width=&#8220;1\/3&#8243;][vc_single_image image=&#8220;630&#8243; img_size=&#8220;medium&#8220; add_caption=&#8220;yes&#8220;][vc_empty_space height=&#8220;12px&#8220;][vc_single_image image=&#8220;534&#8243; img_size=&#8220;medium&#8220; add_caption=&#8220;yes&#8220;][\/vc_column_inner][\/vc_row_inner][vc_empty_space][vc_column_text]<\/p>\n<h2><strong>Aktuelles vom Dachverband:<\/strong><\/h2>\n<p>[\/vc_column_text][vc_column_text]<strong>Hier finden Sie f\u00fcnf Videos rund um die Bildungsarbeit von Weltl\u00e4den<\/strong>:[\/vc_column_text][vc_empty_space height=&#8220;16px&#8220;][vc_video link=&#8220;https:\/\/www.youtube.com\/watch?v=_swwTEt3EkY&#8220;][vc_empty_space height=&#8220;16px&#8220;][vc_video link=&#8220;https:\/\/www.youtube.com\/watch?v=_-ElOqqLU3Y&#8220;][vc_empty_space height=&#8220;16px&#8220;][vc_video link=&#8220;https:\/\/www.youtube.com\/watch?v=iv_44c4Wo80&#8243;][vc_empty_space height=&#8220;16px&#8220;][vc_video link=&#8220;https:\/\/www.youtube.com\/watch?v=Zp7g00rJ-s8&#8243;][vc_empty_space height=&#8220;16px&#8220;][vc_video link=&#8220;https:\/\/www.youtube.com\/watch?v=EDFQY3yJs38&#8243;][vc_empty_space][\/vc_column][\/vc_row]<\/p>\n<\/div>","protected":false},"excerpt":{"rendered":"<p>[vc_row][vc_column][vc_empty_space][vc_column_text][\/vc_column_text][vc_column_text] Bildungsarbeit [\/vc_column_text][vc_row_inner][vc_column_inner width=&#8220;2\/3&#8243;][vc_column_text]Der Eine Welt Kreis m\u00f6chte auch Kindern und Jugendlichen die Idee der &#8222;Einen Welt&#8220; n\u00e4her bringen. Dazu bieten wir F\u00fchrungen im Weltladen an, wof\u00fcr Sie etwa 2 Stunden einplanen sollten. Je nach Altersklasse k\u00f6nnen unterschiedlich aufbereitet Zusammenh\u00e4nge zwischen wirtschaftlichen und sozialen Missst\u00e4nden vermittelt und ein Verantwortungsbewusstsein gest\u00e4rkt werden. Dar\u00fcber hinaus organisieren wir&hellip;<\/p>\n","protected":false},"author":180,"featured_media":0,"parent":0,"menu_order":4,"comment_status":"closed","ping_status":"closed","template":"","meta":{"footnotes":""},"class_list":["post-615","page","type-page","status-publish","hentry","description-off"],"yoast_head":"<!-- This site is optimized with the Yoast SEO plugin v26.8 - https:\/\/yoast.com\/product\/yoast-seo-wordpress\/ -->\n<title>Bildungsarbeit - Weltladen Immenstaad<\/title>\n<meta name=\"robots\" content=\"index, follow, max-snippet:-1, max-image-preview:large, max-video-preview:-1\" \/>\n<link rel=\"canonical\" href=\"https:\/\/weltlaeden.de\/immenstaad\/bildungsarbeit\/\" \/>\n<meta property=\"og:locale\" content=\"de_DE\" \/>\n<meta property=\"og:type\" content=\"article\" \/>\n<meta property=\"og:title\" content=\"Bildungsarbeit - Weltladen Immenstaad\" \/>\n<meta property=\"og:description\" content=\"[vc_row][vc_column][vc_empty_space][vc_column_text][\/vc_column_text][vc_column_text] Bildungsarbeit [\/vc_column_text][vc_row_inner][vc_column_inner width=&#8220;2\/3&#8243;][vc_column_text]Der Eine Welt Kreis m\u00f6chte auch Kindern und Jugendlichen die Idee der &#8222;Einen Welt&#8220; n\u00e4her bringen. Dazu bieten wir F\u00fchrungen im Weltladen an, wof\u00fcr Sie etwa 2 Stunden einplanen sollten. Je nach Altersklasse k\u00f6nnen unterschiedlich aufbereitet Zusammenh\u00e4nge zwischen wirtschaftlichen und sozialen Missst\u00e4nden vermittelt und ein Verantwortungsbewusstsein gest\u00e4rkt werden. Dar\u00fcber hinaus organisieren wir&hellip;\" \/>\n<meta property=\"og:url\" content=\"https:\/\/weltlaeden.de\/immenstaad\/bildungsarbeit\/\" \/>\n<meta property=\"og:site_name\" content=\"Weltladen Immenstaad\" \/>\n<meta property=\"article:modified_time\" content=\"2025-09-13T15:07:51+00:00\" \/>\n<meta property=\"og:image\" content=\"https:\/\/weltlaeden.de\/immenstaad\/wp-content\/uploads\/sites\/118\/2021\/04\/bildung_weltladen_immenstaad-1.jpg\" \/>\n\t<meta property=\"og:image:width\" content=\"1200\" \/>\n\t<meta property=\"og:image:height\" content=\"521\" \/>\n\t<meta property=\"og:image:type\" content=\"image\/jpeg\" \/>\n<meta name=\"twitter:card\" content=\"summary_large_image\" \/>\n<meta name=\"twitter:label1\" content=\"Gesch\u00e4tzte Lesezeit\" \/>\n\t<meta name=\"twitter:data1\" content=\"2\u00a0Minuten\" \/>\n<script type=\"application\/ld+json\" class=\"yoast-schema-graph\">{\"@context\":\"https:\/\/schema.org\",\"@graph\":[{\"@type\":\"WebPage\",\"@id\":\"https:\/\/weltlaeden.de\/immenstaad\/bildungsarbeit\/\",\"url\":\"https:\/\/weltlaeden.de\/immenstaad\/bildungsarbeit\/\",\"name\":\"Bildungsarbeit - Weltladen Immenstaad\",\"isPartOf\":{\"@id\":\"https:\/\/weltlaeden.de\/immenstaad\/#website\"},\"primaryImageOfPage\":{\"@id\":\"https:\/\/weltlaeden.de\/immenstaad\/bildungsarbeit\/#primaryimage\"},\"image\":{\"@id\":\"https:\/\/weltlaeden.de\/immenstaad\/bildungsarbeit\/#primaryimage\"},\"thumbnailUrl\":\"https:\/\/weltlaeden.de\/immenstaad\/wp-content\/uploads\/sites\/118\/2021\/04\/bildung_weltladen_immenstaad-1.jpg\",\"datePublished\":\"2021-01-20T07:05:54+00:00\",\"dateModified\":\"2025-09-13T15:07:51+00:00\",\"breadcrumb\":{\"@id\":\"https:\/\/weltlaeden.de\/immenstaad\/bildungsarbeit\/#breadcrumb\"},\"inLanguage\":\"de\",\"potentialAction\":[{\"@type\":\"ReadAction\",\"target\":[\"https:\/\/weltlaeden.de\/immenstaad\/bildungsarbeit\/\"]}]},{\"@type\":\"ImageObject\",\"inLanguage\":\"de\",\"@id\":\"https:\/\/weltlaeden.de\/immenstaad\/bildungsarbeit\/#primaryimage\",\"url\":\"https:\/\/weltlaeden.de\/immenstaad\/wp-content\/uploads\/sites\/118\/2021\/04\/bildung_weltladen_immenstaad-1.jpg\",\"contentUrl\":\"https:\/\/weltlaeden.de\/immenstaad\/wp-content\/uploads\/sites\/118\/2021\/04\/bildung_weltladen_immenstaad-1.jpg\",\"width\":1200,\"height\":521},{\"@type\":\"BreadcrumbList\",\"@id\":\"https:\/\/weltlaeden.de\/immenstaad\/bildungsarbeit\/#breadcrumb\",\"itemListElement\":[{\"@type\":\"ListItem\",\"position\":1,\"name\":\"Startseite\",\"item\":\"https:\/\/weltlaeden.de\/immenstaad\/\"},{\"@type\":\"ListItem\",\"position\":2,\"name\":\"Bildungsarbeit\"}]},{\"@type\":\"WebSite\",\"@id\":\"https:\/\/weltlaeden.de\/immenstaad\/#website\",\"url\":\"https:\/\/weltlaeden.de\/immenstaad\/\",\"name\":\"Weltladen Immenstaad\",\"description\":\"Faire Produkte seit 1990\",\"potentialAction\":[{\"@type\":\"SearchAction\",\"target\":{\"@type\":\"EntryPoint\",\"urlTemplate\":\"https:\/\/weltlaeden.de\/immenstaad\/?s={search_term_string}\"},\"query-input\":{\"@type\":\"PropertyValueSpecification\",\"valueRequired\":true,\"valueName\":\"search_term_string\"}}],\"inLanguage\":\"de\"}]}<\/script>\n<!-- \/ Yoast SEO plugin. -->","yoast_head_json":{"title":"Bildungsarbeit - Weltladen Immenstaad","robots":{"index":"index","follow":"follow","max-snippet":"max-snippet:-1","max-image-preview":"max-image-preview:large","max-video-preview":"max-video-preview:-1"},"canonical":"https:\/\/weltlaeden.de\/immenstaad\/bildungsarbeit\/","og_locale":"de_DE","og_type":"article","og_title":"Bildungsarbeit - Weltladen Immenstaad","og_description":"[vc_row][vc_column][vc_empty_space][vc_column_text][\/vc_column_text][vc_column_text] Bildungsarbeit [\/vc_column_text][vc_row_inner][vc_column_inner width=&#8220;2\/3&#8243;][vc_column_text]Der Eine Welt Kreis m\u00f6chte auch Kindern und Jugendlichen die Idee der &#8222;Einen Welt&#8220; n\u00e4her bringen. Dazu bieten wir F\u00fchrungen im Weltladen an, wof\u00fcr Sie etwa 2 Stunden einplanen sollten. Je nach Altersklasse k\u00f6nnen unterschiedlich aufbereitet Zusammenh\u00e4nge zwischen wirtschaftlichen und sozialen Missst\u00e4nden vermittelt und ein Verantwortungsbewusstsein gest\u00e4rkt werden. Dar\u00fcber hinaus organisieren wir&hellip;","og_url":"https:\/\/weltlaeden.de\/immenstaad\/bildungsarbeit\/","og_site_name":"Weltladen Immenstaad","article_modified_time":"2025-09-13T15:07:51+00:00","og_image":[{"width":1200,"height":521,"url":"https:\/\/weltlaeden.de\/immenstaad\/wp-content\/uploads\/sites\/118\/2021\/04\/bildung_weltladen_immenstaad-1.jpg","type":"image\/jpeg"}],"twitter_card":"summary_large_image","twitter_misc":{"Gesch\u00e4tzte Lesezeit":"2\u00a0Minuten"},"schema":{"@context":"https:\/\/schema.org","@graph":[{"@type":"WebPage","@id":"https:\/\/weltlaeden.de\/immenstaad\/bildungsarbeit\/","url":"https:\/\/weltlaeden.de\/immenstaad\/bildungsarbeit\/","name":"Bildungsarbeit - Weltladen Immenstaad","isPartOf":{"@id":"https:\/\/weltlaeden.de\/immenstaad\/#website"},"primaryImageOfPage":{"@id":"https:\/\/weltlaeden.de\/immenstaad\/bildungsarbeit\/#primaryimage"},"image":{"@id":"https:\/\/weltlaeden.de\/immenstaad\/bildungsarbeit\/#primaryimage"},"thumbnailUrl":"https:\/\/weltlaeden.de\/immenstaad\/wp-content\/uploads\/sites\/118\/2021\/04\/bildung_weltladen_immenstaad-1.jpg","datePublished":"2021-01-20T07:05:54+00:00","dateModified":"2025-09-13T15:07:51+00:00","breadcrumb":{"@id":"https:\/\/weltlaeden.de\/immenstaad\/bildungsarbeit\/#breadcrumb"},"inLanguage":"de","potentialAction":[{"@type":"ReadAction","target":["https:\/\/weltlaeden.de\/immenstaad\/bildungsarbeit\/"]}]},{"@type":"ImageObject","inLanguage":"de","@id":"https:\/\/weltlaeden.de\/immenstaad\/bildungsarbeit\/#primaryimage","url":"https:\/\/weltlaeden.de\/immenstaad\/wp-content\/uploads\/sites\/118\/2021\/04\/bildung_weltladen_immenstaad-1.jpg","contentUrl":"https:\/\/weltlaeden.de\/immenstaad\/wp-content\/uploads\/sites\/118\/2021\/04\/bildung_weltladen_immenstaad-1.jpg","width":1200,"height":521},{"@type":"BreadcrumbList","@id":"https:\/\/weltlaeden.de\/immenstaad\/bildungsarbeit\/#breadcrumb","itemListElement":[{"@type":"ListItem","position":1,"name":"Startseite","item":"https:\/\/weltlaeden.de\/immenstaad\/"},{"@type":"ListItem","position":2,"name":"Bildungsarbeit"}]},{"@type":"WebSite","@id":"https:\/\/weltlaeden.de\/immenstaad\/#website","url":"https:\/\/weltlaeden.de\/immenstaad\/","name":"Weltladen Immenstaad","description":"Faire Produkte seit 1990","potentialAction":[{"@type":"SearchAction","target":{"@type":"EntryPoint","urlTemplate":"https:\/\/weltlaeden.de\/immenstaad\/?s={search_term_string}"},"query-input":{"@type":"PropertyValueSpecification","valueRequired":true,"valueName":"search_term_string"}}],"inLanguage":"de"}]}},"_links":{"self":[{"href":"https:\/\/weltlaeden.de\/immenstaad\/wp-json\/wp\/v2\/pages\/615","targetHints":{"allow":["GET"]}}],"collection":[{"href":"https:\/\/weltlaeden.de\/immenstaad\/wp-json\/wp\/v2\/pages"}],"about":[{"href":"https:\/\/weltlaeden.de\/immenstaad\/wp-json\/wp\/v2\/types\/page"}],"author":[{"embeddable":true,"href":"https:\/\/weltlaeden.de\/immenstaad\/wp-json\/wp\/v2\/users\/180"}],"replies":[{"embeddable":true,"href":"https:\/\/weltlaeden.de\/immenstaad\/wp-json\/wp\/v2\/comments?post=615"}],"version-history":[{"count":34,"href":"https:\/\/weltlaeden.de\/immenstaad\/wp-json\/wp\/v2\/pages\/615\/revisions"}],"predecessor-version":[{"id":1770,"href":"https:\/\/weltlaeden.de\/immenstaad\/wp-json\/wp\/v2\/pages\/615\/revisions\/1770"}],"wp:attachment":[{"href":"https:\/\/weltlaeden.de\/immenstaad\/wp-json\/wp\/v2\/media?parent=615"}],"curies":[{"name":"wp","href":"https:\/\/api.w.org\/{rel}","templated":true}]}}