{"id":219,"date":"2025-06-28T13:34:47","date_gmt":"2025-06-28T11:34:47","guid":{"rendered":"https:\/\/wl.heimpixel.de\/vorlage\/ueber-uns\/"},"modified":"2025-06-28T18:08:42","modified_gmt":"2025-06-28T16:08:42","slug":"ueber-uns","status":"publish","type":"page","link":"https:\/\/weltlaeden.de\/immenstaad\/ueber-uns\/","title":{"rendered":"\u00dcber uns"},"content":{"rendered":"<div class=\"wpb-content-wrapper\"><p>[vc_row][vc_column]<div class=\"wl_einzelbild\"><p><img loading=\"lazy\" decoding=\"async\" class=\"aligncenter size-full wp-image-448\" src=\"https:\/\/weltlaeden.de\/immenstaad\/wp-content\/uploads\/sites\/118\/2019\/04\/board-game-challenge-chess-209728_1200x519-e1555324787982.png\" alt=\"\" width=\"787\" height=\"340\" \/><\/p><\/div>[vc_empty_space][vc_column_text]<\/p>\n<h1>Eine Welt Kreis Immenstaad e.V.<\/h1>\n<p>[\/vc_column_text][vc_column_text css=&#8220;&#8220;]Wir haben uns zum Ziel gesetzt, bildungspolitisch den Respekt f\u00fcr Mensch und Umwelt voran zu treiben.<\/p>\n<p>Unsere Aktivit\u00e4ten sind:<\/p>\n<ul>\n<li>Tr\u00e4ger eines Weltladens, um die Produkte von Kleinbauernorganisationen im S\u00fcden zu verkaufen und dadurch deren \u00f6konomische und soziale Situation zu verbessern.<br \/>\nDer Gewinn des Ladens kommt ebenfalls fairen Projekten zu Gute.<\/li>\n<li>Bildungsarbeit an Schulen, Kinderg\u00e4rten und bei kirchlichen Festen, um \u00fcber Probleme des Welthandels zu informieren und faire Projekte vorzustellen.<\/li>\n<li>\u00d6ffentlichkeitsarbeit z.B. mit einem Marktstand auf dem Wochenmarkt, um mit den Immenstaadern ins Gespr\u00e4ch zu kommen (jeden ersten Mittwoch im Monat).<\/li>\n<\/ul>\n<p>M\u00f6chten Sie mit uns die Idee des \u201efairen Handels\u201c nach au\u00dfen tragen? Wir treffen uns einmal im Monat, derzeit am letzten Montagabend im Monat, und freuen uns \u00fcber neue Vereinsmitglieder.<\/p>\n<p>Kontakt: <a>info@weltladen-in-immenstaad.de<\/a>[\/vc_column_text][vc_empty_space][vc_single_image image=&#8220;1711&#8243; img_size=&#8220;465&#215;700&#8243; add_caption=&#8220;yes&#8220; css=&#8220;&#8220;][\/vc_column][\/vc_row]<\/p>\n<\/div>","protected":false},"excerpt":{"rendered":"<p>[vc_row][vc_column][vc_empty_space][vc_column_text] Eine Welt Kreis Immenstaad e.V. [\/vc_column_text][vc_column_text css=&#8220;&#8220;]Wir haben uns zum Ziel gesetzt, bildungspolitisch den Respekt f\u00fcr Mensch und Umwelt voran zu treiben. Unsere Aktivit\u00e4ten sind: Tr\u00e4ger eines Weltladens, um die Produkte von Kleinbauernorganisationen im S\u00fcden zu verkaufen und dadurch deren \u00f6konomische und soziale Situation zu verbessern. Der Gewinn des Ladens kommt ebenfalls fairen Projekten&hellip;<\/p>\n","protected":false},"author":1,"featured_media":0,"parent":0,"menu_order":17,"comment_status":"closed","ping_status":"closed","template":"","meta":{"footnotes":""},"class_list":["post-219","page","type-page","status-publish","hentry","description-off"],"yoast_head":"<!-- This site is optimized with the Yoast SEO plugin v26.8 - https:\/\/yoast.com\/product\/yoast-seo-wordpress\/ -->\n<title>\u00dcber uns - Weltladen Immenstaad<\/title>\n<meta name=\"robots\" content=\"index, follow, max-snippet:-1, max-image-preview:large, max-video-preview:-1\" \/>\n<link rel=\"canonical\" href=\"https:\/\/weltlaeden.de\/immenstaad\/ueber-uns\/\" \/>\n<meta property=\"og:locale\" content=\"de_DE\" \/>\n<meta property=\"og:type\" content=\"article\" \/>\n<meta property=\"og:title\" content=\"\u00dcber uns - Weltladen Immenstaad\" \/>\n<meta property=\"og:description\" content=\"[vc_row][vc_column][vc_empty_space][vc_column_text] Eine Welt Kreis Immenstaad e.V. [\/vc_column_text][vc_column_text css=&#8220;&#8220;]Wir haben uns zum Ziel gesetzt, bildungspolitisch den Respekt f\u00fcr Mensch und Umwelt voran zu treiben. Unsere Aktivit\u00e4ten sind: Tr\u00e4ger eines Weltladens, um die Produkte von Kleinbauernorganisationen im S\u00fcden zu verkaufen und dadurch deren \u00f6konomische und soziale Situation zu verbessern. Der Gewinn des Ladens kommt ebenfalls fairen Projekten&hellip;\" \/>\n<meta property=\"og:url\" content=\"https:\/\/weltlaeden.de\/immenstaad\/ueber-uns\/\" \/>\n<meta property=\"og:site_name\" content=\"Weltladen Immenstaad\" \/>\n<meta property=\"article:modified_time\" content=\"2025-06-28T16:08:42+00:00\" \/>\n<meta property=\"og:image\" content=\"https:\/\/weltlaeden.de\/immenstaad\/wp-content\/uploads\/sites\/118\/2019\/04\/board-game-challenge-chess-209728_1200x519-e1555324787982.png\" \/>\n\t<meta property=\"og:image:width\" content=\"787\" \/>\n\t<meta property=\"og:image:height\" content=\"340\" \/>\n\t<meta property=\"og:image:type\" content=\"image\/png\" \/>\n<meta name=\"twitter:card\" content=\"summary_large_image\" \/>\n<meta name=\"twitter:label1\" content=\"Gesch\u00e4tzte Lesezeit\" \/>\n\t<meta name=\"twitter:data1\" content=\"2\u00a0Minuten\" \/>\n<script type=\"application\/ld+json\" class=\"yoast-schema-graph\">{\"@context\":\"https:\/\/schema.org\",\"@graph\":[{\"@type\":\"WebPage\",\"@id\":\"https:\/\/weltlaeden.de\/immenstaad\/ueber-uns\/\",\"url\":\"https:\/\/weltlaeden.de\/immenstaad\/ueber-uns\/\",\"name\":\"\u00dcber uns - Weltladen Immenstaad\",\"isPartOf\":{\"@id\":\"https:\/\/weltlaeden.de\/immenstaad\/#website\"},\"primaryImageOfPage\":{\"@id\":\"https:\/\/weltlaeden.de\/immenstaad\/ueber-uns\/#primaryimage\"},\"image\":{\"@id\":\"https:\/\/weltlaeden.de\/immenstaad\/ueber-uns\/#primaryimage\"},\"thumbnailUrl\":\"https:\/\/weltlaeden.de\/immenstaad\/wp-content\/uploads\/sites\/118\/2019\/04\/board-game-challenge-chess-209728_1200x519-e1555324787982.png\",\"datePublished\":\"2025-06-28T11:34:47+00:00\",\"dateModified\":\"2025-06-28T16:08:42+00:00\",\"breadcrumb\":{\"@id\":\"https:\/\/weltlaeden.de\/immenstaad\/ueber-uns\/#breadcrumb\"},\"inLanguage\":\"de\",\"potentialAction\":[{\"@type\":\"ReadAction\",\"target\":[\"https:\/\/weltlaeden.de\/immenstaad\/ueber-uns\/\"]}]},{\"@type\":\"ImageObject\",\"inLanguage\":\"de\",\"@id\":\"https:\/\/weltlaeden.de\/immenstaad\/ueber-uns\/#primaryimage\",\"url\":\"https:\/\/weltlaeden.de\/immenstaad\/wp-content\/uploads\/sites\/118\/2019\/04\/board-game-challenge-chess-209728_1200x519-e1555324787982.png\",\"contentUrl\":\"https:\/\/weltlaeden.de\/immenstaad\/wp-content\/uploads\/sites\/118\/2019\/04\/board-game-challenge-chess-209728_1200x519-e1555324787982.png\",\"width\":787,\"height\":340},{\"@type\":\"BreadcrumbList\",\"@id\":\"https:\/\/weltlaeden.de\/immenstaad\/ueber-uns\/#breadcrumb\",\"itemListElement\":[{\"@type\":\"ListItem\",\"position\":1,\"name\":\"Startseite\",\"item\":\"https:\/\/weltlaeden.de\/immenstaad\/\"},{\"@type\":\"ListItem\",\"position\":2,\"name\":\"\u00dcber uns\"}]},{\"@type\":\"WebSite\",\"@id\":\"https:\/\/weltlaeden.de\/immenstaad\/#website\",\"url\":\"https:\/\/weltlaeden.de\/immenstaad\/\",\"name\":\"Weltladen Immenstaad\",\"description\":\"Faire Produkte seit 1990\",\"potentialAction\":[{\"@type\":\"SearchAction\",\"target\":{\"@type\":\"EntryPoint\",\"urlTemplate\":\"https:\/\/weltlaeden.de\/immenstaad\/?s={search_term_string}\"},\"query-input\":{\"@type\":\"PropertyValueSpecification\",\"valueRequired\":true,\"valueName\":\"search_term_string\"}}],\"inLanguage\":\"de\"}]}<\/script>\n<!-- \/ Yoast SEO plugin. -->","yoast_head_json":{"title":"\u00dcber uns - Weltladen Immenstaad","robots":{"index":"index","follow":"follow","max-snippet":"max-snippet:-1","max-image-preview":"max-image-preview:large","max-video-preview":"max-video-preview:-1"},"canonical":"https:\/\/weltlaeden.de\/immenstaad\/ueber-uns\/","og_locale":"de_DE","og_type":"article","og_title":"\u00dcber uns - Weltladen Immenstaad","og_description":"[vc_row][vc_column][vc_empty_space][vc_column_text] Eine Welt Kreis Immenstaad e.V. [\/vc_column_text][vc_column_text css=&#8220;&#8220;]Wir haben uns zum Ziel gesetzt, bildungspolitisch den Respekt f\u00fcr Mensch und Umwelt voran zu treiben. Unsere Aktivit\u00e4ten sind: Tr\u00e4ger eines Weltladens, um die Produkte von Kleinbauernorganisationen im S\u00fcden zu verkaufen und dadurch deren \u00f6konomische und soziale Situation zu verbessern. Der Gewinn des Ladens kommt ebenfalls fairen Projekten&hellip;","og_url":"https:\/\/weltlaeden.de\/immenstaad\/ueber-uns\/","og_site_name":"Weltladen Immenstaad","article_modified_time":"2025-06-28T16:08:42+00:00","og_image":[{"width":787,"height":340,"url":"https:\/\/weltlaeden.de\/immenstaad\/wp-content\/uploads\/sites\/118\/2019\/04\/board-game-challenge-chess-209728_1200x519-e1555324787982.png","type":"image\/png"}],"twitter_card":"summary_large_image","twitter_misc":{"Gesch\u00e4tzte Lesezeit":"2\u00a0Minuten"},"schema":{"@context":"https:\/\/schema.org","@graph":[{"@type":"WebPage","@id":"https:\/\/weltlaeden.de\/immenstaad\/ueber-uns\/","url":"https:\/\/weltlaeden.de\/immenstaad\/ueber-uns\/","name":"\u00dcber uns - Weltladen Immenstaad","isPartOf":{"@id":"https:\/\/weltlaeden.de\/immenstaad\/#website"},"primaryImageOfPage":{"@id":"https:\/\/weltlaeden.de\/immenstaad\/ueber-uns\/#primaryimage"},"image":{"@id":"https:\/\/weltlaeden.de\/immenstaad\/ueber-uns\/#primaryimage"},"thumbnailUrl":"https:\/\/weltlaeden.de\/immenstaad\/wp-content\/uploads\/sites\/118\/2019\/04\/board-game-challenge-chess-209728_1200x519-e1555324787982.png","datePublished":"2025-06-28T11:34:47+00:00","dateModified":"2025-06-28T16:08:42+00:00","breadcrumb":{"@id":"https:\/\/weltlaeden.de\/immenstaad\/ueber-uns\/#breadcrumb"},"inLanguage":"de","potentialAction":[{"@type":"ReadAction","target":["https:\/\/weltlaeden.de\/immenstaad\/ueber-uns\/"]}]},{"@type":"ImageObject","inLanguage":"de","@id":"https:\/\/weltlaeden.de\/immenstaad\/ueber-uns\/#primaryimage","url":"https:\/\/weltlaeden.de\/immenstaad\/wp-content\/uploads\/sites\/118\/2019\/04\/board-game-challenge-chess-209728_1200x519-e1555324787982.png","contentUrl":"https:\/\/weltlaeden.de\/immenstaad\/wp-content\/uploads\/sites\/118\/2019\/04\/board-game-challenge-chess-209728_1200x519-e1555324787982.png","width":787,"height":340},{"@type":"BreadcrumbList","@id":"https:\/\/weltlaeden.de\/immenstaad\/ueber-uns\/#breadcrumb","itemListElement":[{"@type":"ListItem","position":1,"name":"Startseite","item":"https:\/\/weltlaeden.de\/immenstaad\/"},{"@type":"ListItem","position":2,"name":"\u00dcber uns"}]},{"@type":"WebSite","@id":"https:\/\/weltlaeden.de\/immenstaad\/#website","url":"https:\/\/weltlaeden.de\/immenstaad\/","name":"Weltladen Immenstaad","description":"Faire Produkte seit 1990","potentialAction":[{"@type":"SearchAction","target":{"@type":"EntryPoint","urlTemplate":"https:\/\/weltlaeden.de\/immenstaad\/?s={search_term_string}"},"query-input":{"@type":"PropertyValueSpecification","valueRequired":true,"valueName":"search_term_string"}}],"inLanguage":"de"}]}},"_links":{"self":[{"href":"https:\/\/weltlaeden.de\/immenstaad\/wp-json\/wp\/v2\/pages\/219","targetHints":{"allow":["GET"]}}],"collection":[{"href":"https:\/\/weltlaeden.de\/immenstaad\/wp-json\/wp\/v2\/pages"}],"about":[{"href":"https:\/\/weltlaeden.de\/immenstaad\/wp-json\/wp\/v2\/types\/page"}],"author":[{"embeddable":true,"href":"https:\/\/weltlaeden.de\/immenstaad\/wp-json\/wp\/v2\/users\/1"}],"replies":[{"embeddable":true,"href":"https:\/\/weltlaeden.de\/immenstaad\/wp-json\/wp\/v2\/comments?post=219"}],"version-history":[{"count":15,"href":"https:\/\/weltlaeden.de\/immenstaad\/wp-json\/wp\/v2\/pages\/219\/revisions"}],"predecessor-version":[{"id":1718,"href":"https:\/\/weltlaeden.de\/immenstaad\/wp-json\/wp\/v2\/pages\/219\/revisions\/1718"}],"wp:attachment":[{"href":"https:\/\/weltlaeden.de\/immenstaad\/wp-json\/wp\/v2\/media?parent=219"}],"curies":[{"name":"wp","href":"https:\/\/api.w.org\/{rel}","templated":true}]}}

Über uns

<div class="wpb-content-wrapper"><p>[vc_row][vc_column]<div class="wl_einzelbild"><p><img loading="lazy" decoding="async" class="aligncenter size-full wp-image-448" src="https://weltlaeden.de/immenstaad/wp-content/uploads/sites/118/2019/04/board-game-challenge-chess-209728_1200x519-e1555324787982.png" alt="" width="787" height="340" /></p></div>[vc_empty_space][vc_column_text]</p>
<h1>Eine Welt Kreis Immenstaad e.V.</h1>
<p>[/vc_column_text][vc_column_text css=&#8220;&#8220;]Wir haben uns zum Ziel gesetzt, bildungspolitisch den Respekt für Mensch und Umwelt voran zu treiben.</p>
<p>Unsere Aktivitäten sind:</p>
<ul>
<li>Träger eines Weltladens, um die Produkte von Kleinbauernorganisationen im Süden zu verkaufen und dadurch deren ökonomische und soziale Situation zu verbessern.<br />
Der Gewinn des Ladens kommt ebenfalls fairen Projekten zu Gute.</li>
<li>Bildungsarbeit an Schulen, Kindergärten und bei kirchlichen Festen, um über Probleme des Welthandels zu informieren und faire Projekte vorzustellen.</li>
<li>Öffentlichkeitsarbeit z.B. mit einem Marktstand auf dem Wochenmarkt, um mit den Immenstaadern ins Gespräch zu kommen (jeden ersten Mittwoch im Monat).</li>
</ul>
<p>Möchten Sie mit uns die Idee des „fairen Handels“ nach außen tragen? Wir treffen uns einmal im Monat, derzeit am letzten Montagabend im Monat, und freuen uns über neue Vereinsmitglieder.</p>
<p>Kontakt: <a>info@weltladen-in-immenstaad.de</a>[/vc_column_text][vc_empty_space][vc_single_image image=&#8220;1711&#8243; img_size=&#8220;465&#215;700&#8243; add_caption=&#8220;yes&#8220; css=&#8220;&#8220;][/vc_column][/vc_row]</p>
</div>

<p>[vc_row][vc_column][vc_empty_space][vc_column_text] Eine Welt Kreis Immenstaad e.V. [/vc_column_text][vc_column_text css=&#8220;&#8220;]Wir haben uns zum Ziel gesetzt, bildungspolitisch den Respekt für Mensch und Umwelt voran zu treiben. Unsere Aktivitäten sind: Träger eines Weltladens, um die Produkte von Kleinbauernorganisationen im Süden zu verkaufen und dadurch deren ökonomische und soziale Situation zu verbessern. Der Gewinn des Ladens kommt ebenfalls fairen Projekten&hellip;</p>

<!-- This site is optimized with the Yoast SEO plugin v26.8 - https://yoast.com/product/yoast-seo-wordpress/ -->
<title>Über uns - Weltladen Immenstaad</title>
<meta name="robots" content="index, follow, max-snippet:-1, max-image-preview:large, max-video-preview:-1" />
<link rel="canonical" href="https://weltlaeden.de/immenstaad/ueber-uns/" />
<meta property="og:locale" content="de_DE" />
<meta property="og:type" content="article" />
<meta property="og:title" content="Über uns - Weltladen Immenstaad" />
<meta property="og:description" content="[vc_row][vc_column][vc_empty_space][vc_column_text] Eine Welt Kreis Immenstaad e.V. [/vc_column_text][vc_column_text css=&#8220;&#8220;]Wir haben uns zum Ziel gesetzt, bildungspolitisch den Respekt für Mensch und Umwelt voran zu treiben. Unsere Aktivitäten sind: Träger eines Weltladens, um die Produkte von Kleinbauernorganisationen im Süden zu verkaufen und dadurch deren ökonomische und soziale Situation zu verbessern. Der Gewinn des Ladens kommt ebenfalls fairen Projekten&hellip;" />
<meta property="og:url" content="https://weltlaeden.de/immenstaad/ueber-uns/" />
<meta property="og:site_name" content="Weltladen Immenstaad" />
<meta property="article:modified_time" content="2025-06-28T16:08:42+00:00" />
<meta property="og:image" content="https://weltlaeden.de/immenstaad/wp-content/uploads/sites/118/2019/04/board-game-challenge-chess-209728_1200x519-e1555324787982.png" />
	<meta property="og:image:width" content="787" />
	<meta property="og:image:height" content="340" />
	<meta property="og:image:type" content="image/png" />
<meta name="twitter:card" content="summary_large_image" />
<meta name="twitter:label1" content="Geschätzte Lesezeit" />
	<meta name="twitter:data1" content="2 Minuten" />
<script type="application/ld+json" class="yoast-schema-graph">{"@context":"https://schema.org","@graph":[{"@type":"WebPage","@id":"https://weltlaeden.de/immenstaad/ueber-uns/","url":"https://weltlaeden.de/immenstaad/ueber-uns/","name":"Über uns - Weltladen Immenstaad","isPartOf":{"@id":"https://weltlaeden.de/immenstaad/#website"},"primaryImageOfPage":{"@id":"https://weltlaeden.de/immenstaad/ueber-uns/#primaryimage"},"image":{"@id":"https://weltlaeden.de/immenstaad/ueber-uns/#primaryimage"},"thumbnailUrl":"https://weltlaeden.de/immenstaad/wp-content/uploads/sites/118/2019/04/board-game-challenge-chess-209728_1200x519-e1555324787982.png","datePublished":"2025-06-28T11:34:47+00:00","dateModified":"2025-06-28T16:08:42+00:00","breadcrumb":{"@id":"https://weltlaeden.de/immenstaad/ueber-uns/#breadcrumb"},"inLanguage":"de","potentialAction":[{"@type":"ReadAction","target":["https://weltlaeden.de/immenstaad/ueber-uns/"]}]},{"@type":"ImageObject","inLanguage":"de","@id":"https://weltlaeden.de/immenstaad/ueber-uns/#primaryimage","url":"https://weltlaeden.de/immenstaad/wp-content/uploads/sites/118/2019/04/board-game-challenge-chess-209728_1200x519-e1555324787982.png","contentUrl":"https://weltlaeden.de/immenstaad/wp-content/uploads/sites/118/2019/04/board-game-challenge-chess-209728_1200x519-e1555324787982.png","width":787,"height":340},{"@type":"BreadcrumbList","@id":"https://weltlaeden.de/immenstaad/ueber-uns/#breadcrumb","itemListElement":[{"@type":"ListItem","position":1,"name":"Startseite","item":"https://weltlaeden.de/immenstaad/"},{"@type":"ListItem","position":2,"name":"Über uns"}]},{"@type":"WebSite","@id":"https://weltlaeden.de/immenstaad/#website","url":"https://weltlaeden.de/immenstaad/","name":"Weltladen Immenstaad","description":"Faire Produkte seit 1990","potentialAction":[{"@type":"SearchAction","target":{"@type":"EntryPoint","urlTemplate":"https://weltlaeden.de/immenstaad/?s={search_term_string}"},"query-input":{"@type":"PropertyValueSpecification","valueRequired":true,"valueName":"search_term_string"}}],"inLanguage":"de"}]}</script>
<!-- / Yoast SEO plugin. -->

Über uns - Weltladen Immenstaad

[vc_row][vc_column][vc_empty_space][vc_column_text] Eine Welt Kreis Immenstaad e.V. [/vc_column_text][vc_column_text css=&#8220;&#8220;]Wir haben uns zum Ziel gesetzt, bildungspolitisch den Respekt für Mensch und Umwelt voran zu treiben. Unsere Aktivitäten sind: Träger eines Weltladens, um die Produkte von Kleinbauernorganisationen im Süden zu verkaufen und dadurch deren ökonomische und soziale Situation zu verbessern. Der Gewinn des Ladens kommt ebenfalls fairen Projekten&hellip;
