{"id":1286,"date":"2022-01-06T11:04:06","date_gmt":"2022-01-06T10:04:06","guid":{"rendered":"https:\/\/weltlaeden.de\/immenstaad\/?page_id=1286"},"modified":"2022-01-07T10:24:43","modified_gmt":"2022-01-07T09:24:43","slug":"fairteiler_kontakt","status":"publish","type":"page","link":"https:\/\/weltlaeden.de\/immenstaad\/fairteiler_kontakt\/","title":{"rendered":"Fairteiler_Kontakt"},"content":{"rendered":"<div class=\"wpb-content-wrapper\"><p>[vc_row][vc_column][vc_empty_space][vc_column_text]<\/p>\n<h1>Fairteiler &#8211; Kontakt<\/h1>\n<p>[\/vc_column_text][vc_empty_space height=&#8220;10px&#8220;][vc_column_text]Das Fairteiler-Team ist erreichbar \u00fcber den Weltladen Immenstaad unter<br \/>\n<a href=\"mailto:info@weltladen-in-immenstaad.de\" target=\"_blank\" rel=\"noopener\">info@weltladen-in-immenstaad.de<\/a><br \/>\nTel. 07545 942395<br \/>\nGerne beantworten wir Ihre Fragen.[\/vc_column_text][vc_empty_space height=&#8220;16px&#8220;][vc_column_text]Sind Sie Einzelh\u00e4ndler, Landwirt, Hobbyg\u00e4rtner oder Ferienwohnungsbesitzer*in?<br \/>\nGerne ist Anita Konath f\u00fcr Sie da und organisiert eine Abholung bei Ihnen \u2013 einmalig oder auch regelm\u00e4\u00dfig.<\/p>\n<p>Anita Konath, Tel. 01522 6860345<br \/>\n<a href=\"mailto:kongina03@gmail.com\">kongina03@gmail.com<\/a>[\/vc_column_text][\/vc_column][\/vc_row]<\/p>\n<\/div>","protected":false},"excerpt":{"rendered":"<p>[vc_row][vc_column][vc_empty_space][vc_column_text] Fairteiler &#8211; Kontakt [\/vc_column_text][vc_empty_space height=&#8220;10px&#8220;][vc_column_text]Das Fairteiler-Team ist erreichbar \u00fcber den Weltladen Immenstaad unter info@weltladen-in-immenstaad.de Tel. 07545 942395 Gerne beantworten wir Ihre Fragen.[\/vc_column_text][vc_empty_space height=&#8220;16px&#8220;][vc_column_text]Sind Sie Einzelh\u00e4ndler, Landwirt, Hobbyg\u00e4rtner oder Ferienwohnungsbesitzer*in? Gerne ist Anita Konath f\u00fcr Sie da und organisiert eine Abholung bei Ihnen \u2013 einmalig oder auch regelm\u00e4\u00dfig. Anita Konath, Tel. 01522 6860345 kongina03@gmail.com[\/vc_column_text][\/vc_column][\/vc_row]<\/p>\n","protected":false},"author":180,"featured_media":0,"parent":0,"menu_order":11,"comment_status":"closed","ping_status":"closed","template":"","meta":{"footnotes":""},"class_list":["post-1286","page","type-page","status-publish","hentry","description-off"],"yoast_head":"<!-- This site is optimized with the Yoast SEO plugin v26.8 - https:\/\/yoast.com\/product\/yoast-seo-wordpress\/ -->\n<title>Fairteiler_Kontakt - Weltladen Immenstaad<\/title>\n<meta name=\"robots\" content=\"index, follow, max-snippet:-1, max-image-preview:large, max-video-preview:-1\" \/>\n<link rel=\"canonical\" href=\"https:\/\/weltlaeden.de\/immenstaad\/fairteiler_kontakt\/\" \/>\n<meta property=\"og:locale\" content=\"de_DE\" \/>\n<meta property=\"og:type\" content=\"article\" \/>\n<meta property=\"og:title\" content=\"Fairteiler_Kontakt - Weltladen Immenstaad\" \/>\n<meta property=\"og:description\" content=\"[vc_row][vc_column][vc_empty_space][vc_column_text] Fairteiler &#8211; Kontakt [\/vc_column_text][vc_empty_space height=&#8220;10px&#8220;][vc_column_text]Das Fairteiler-Team ist erreichbar \u00fcber den Weltladen Immenstaad unter info@weltladen-in-immenstaad.de Tel. 07545 942395 Gerne beantworten wir Ihre Fragen.[\/vc_column_text][vc_empty_space height=&#8220;16px&#8220;][vc_column_text]Sind Sie Einzelh\u00e4ndler, Landwirt, Hobbyg\u00e4rtner oder Ferienwohnungsbesitzer*in? Gerne ist Anita Konath f\u00fcr Sie da und organisiert eine Abholung bei Ihnen \u2013 einmalig oder auch regelm\u00e4\u00dfig. Anita Konath, Tel. 01522 6860345 kongina03@gmail.com[\/vc_column_text][\/vc_column][\/vc_row]\" \/>\n<meta property=\"og:url\" content=\"https:\/\/weltlaeden.de\/immenstaad\/fairteiler_kontakt\/\" \/>\n<meta property=\"og:site_name\" content=\"Weltladen Immenstaad\" \/>\n<meta property=\"article:modified_time\" content=\"2022-01-07T09:24:43+00:00\" \/>\n<meta name=\"twitter:card\" content=\"summary_large_image\" \/>\n<script type=\"application\/ld+json\" class=\"yoast-schema-graph\">{\"@context\":\"https:\/\/schema.org\",\"@graph\":[{\"@type\":\"WebPage\",\"@id\":\"https:\/\/weltlaeden.de\/immenstaad\/fairteiler_kontakt\/\",\"url\":\"https:\/\/weltlaeden.de\/immenstaad\/fairteiler_kontakt\/\",\"name\":\"Fairteiler_Kontakt - Weltladen Immenstaad\",\"isPartOf\":{\"@id\":\"https:\/\/weltlaeden.de\/immenstaad\/#website\"},\"datePublished\":\"2022-01-06T10:04:06+00:00\",\"dateModified\":\"2022-01-07T09:24:43+00:00\",\"breadcrumb\":{\"@id\":\"https:\/\/weltlaeden.de\/immenstaad\/fairteiler_kontakt\/#breadcrumb\"},\"inLanguage\":\"de\",\"potentialAction\":[{\"@type\":\"ReadAction\",\"target\":[\"https:\/\/weltlaeden.de\/immenstaad\/fairteiler_kontakt\/\"]}]},{\"@type\":\"BreadcrumbList\",\"@id\":\"https:\/\/weltlaeden.de\/immenstaad\/fairteiler_kontakt\/#breadcrumb\",\"itemListElement\":[{\"@type\":\"ListItem\",\"position\":1,\"name\":\"Startseite\",\"item\":\"https:\/\/weltlaeden.de\/immenstaad\/\"},{\"@type\":\"ListItem\",\"position\":2,\"name\":\"Fairteiler_Kontakt\"}]},{\"@type\":\"WebSite\",\"@id\":\"https:\/\/weltlaeden.de\/immenstaad\/#website\",\"url\":\"https:\/\/weltlaeden.de\/immenstaad\/\",\"name\":\"Weltladen Immenstaad\",\"description\":\"Faire Produkte seit 1990\",\"potentialAction\":[{\"@type\":\"SearchAction\",\"target\":{\"@type\":\"EntryPoint\",\"urlTemplate\":\"https:\/\/weltlaeden.de\/immenstaad\/?s={search_term_string}\"},\"query-input\":{\"@type\":\"PropertyValueSpecification\",\"valueRequired\":true,\"valueName\":\"search_term_string\"}}],\"inLanguage\":\"de\"}]}<\/script>\n<!-- \/ Yoast SEO plugin. -->","yoast_head_json":{"title":"Fairteiler_Kontakt - Weltladen Immenstaad","robots":{"index":"index","follow":"follow","max-snippet":"max-snippet:-1","max-image-preview":"max-image-preview:large","max-video-preview":"max-video-preview:-1"},"canonical":"https:\/\/weltlaeden.de\/immenstaad\/fairteiler_kontakt\/","og_locale":"de_DE","og_type":"article","og_title":"Fairteiler_Kontakt - Weltladen Immenstaad","og_description":"[vc_row][vc_column][vc_empty_space][vc_column_text] Fairteiler &#8211; Kontakt [\/vc_column_text][vc_empty_space height=&#8220;10px&#8220;][vc_column_text]Das Fairteiler-Team ist erreichbar \u00fcber den Weltladen Immenstaad unter info@weltladen-in-immenstaad.de Tel. 07545 942395 Gerne beantworten wir Ihre Fragen.[\/vc_column_text][vc_empty_space height=&#8220;16px&#8220;][vc_column_text]Sind Sie Einzelh\u00e4ndler, Landwirt, Hobbyg\u00e4rtner oder Ferienwohnungsbesitzer*in? Gerne ist Anita Konath f\u00fcr Sie da und organisiert eine Abholung bei Ihnen \u2013 einmalig oder auch regelm\u00e4\u00dfig. Anita Konath, Tel. 01522 6860345 kongina03@gmail.com[\/vc_column_text][\/vc_column][\/vc_row]","og_url":"https:\/\/weltlaeden.de\/immenstaad\/fairteiler_kontakt\/","og_site_name":"Weltladen Immenstaad","article_modified_time":"2022-01-07T09:24:43+00:00","twitter_card":"summary_large_image","schema":{"@context":"https:\/\/schema.org","@graph":[{"@type":"WebPage","@id":"https:\/\/weltlaeden.de\/immenstaad\/fairteiler_kontakt\/","url":"https:\/\/weltlaeden.de\/immenstaad\/fairteiler_kontakt\/","name":"Fairteiler_Kontakt - Weltladen Immenstaad","isPartOf":{"@id":"https:\/\/weltlaeden.de\/immenstaad\/#website"},"datePublished":"2022-01-06T10:04:06+00:00","dateModified":"2022-01-07T09:24:43+00:00","breadcrumb":{"@id":"https:\/\/weltlaeden.de\/immenstaad\/fairteiler_kontakt\/#breadcrumb"},"inLanguage":"de","potentialAction":[{"@type":"ReadAction","target":["https:\/\/weltlaeden.de\/immenstaad\/fairteiler_kontakt\/"]}]},{"@type":"BreadcrumbList","@id":"https:\/\/weltlaeden.de\/immenstaad\/fairteiler_kontakt\/#breadcrumb","itemListElement":[{"@type":"ListItem","position":1,"name":"Startseite","item":"https:\/\/weltlaeden.de\/immenstaad\/"},{"@type":"ListItem","position":2,"name":"Fairteiler_Kontakt"}]},{"@type":"WebSite","@id":"https:\/\/weltlaeden.de\/immenstaad\/#website","url":"https:\/\/weltlaeden.de\/immenstaad\/","name":"Weltladen Immenstaad","description":"Faire Produkte seit 1990","potentialAction":[{"@type":"SearchAction","target":{"@type":"EntryPoint","urlTemplate":"https:\/\/weltlaeden.de\/immenstaad\/?s={search_term_string}"},"query-input":{"@type":"PropertyValueSpecification","valueRequired":true,"valueName":"search_term_string"}}],"inLanguage":"de"}]}},"_links":{"self":[{"href":"https:\/\/weltlaeden.de\/immenstaad\/wp-json\/wp\/v2\/pages\/1286","targetHints":{"allow":["GET"]}}],"collection":[{"href":"https:\/\/weltlaeden.de\/immenstaad\/wp-json\/wp\/v2\/pages"}],"about":[{"href":"https:\/\/weltlaeden.de\/immenstaad\/wp-json\/wp\/v2\/types\/page"}],"author":[{"embeddable":true,"href":"https:\/\/weltlaeden.de\/immenstaad\/wp-json\/wp\/v2\/users\/180"}],"replies":[{"embeddable":true,"href":"https:\/\/weltlaeden.de\/immenstaad\/wp-json\/wp\/v2\/comments?post=1286"}],"version-history":[{"count":15,"href":"https:\/\/weltlaeden.de\/immenstaad\/wp-json\/wp\/v2\/pages\/1286\/revisions"}],"predecessor-version":[{"id":1333,"href":"https:\/\/weltlaeden.de\/immenstaad\/wp-json\/wp\/v2\/pages\/1286\/revisions\/1333"}],"wp:attachment":[{"href":"https:\/\/weltlaeden.de\/immenstaad\/wp-json\/wp\/v2\/media?parent=1286"}],"curies":[{"name":"wp","href":"https:\/\/api.w.org\/{rel}","templated":true}]}}

<div class="wpb-content-wrapper"><p>[vc_row][vc_column][vc_empty_space][vc_column_text]</p>
<h1>Fairteiler &#8211; Kontakt</h1>
<p>[/vc_column_text][vc_empty_space height=&#8220;10px&#8220;][vc_column_text]Das Fairteiler-Team ist erreichbar über den Weltladen Immenstaad unter<br />
<a href="mailto:info@weltladen-in-immenstaad.de" target="_blank" rel="noopener">info@weltladen-in-immenstaad.de</a><br />
Tel. 07545 942395<br />
Gerne beantworten wir Ihre Fragen.[/vc_column_text][vc_empty_space height=&#8220;16px&#8220;][vc_column_text]Sind Sie Einzelhändler, Landwirt, Hobbygärtner oder Ferienwohnungsbesitzer*in?<br />
Gerne ist Anita Konath für Sie da und organisiert eine Abholung bei Ihnen – einmalig oder auch regelmäßig.</p>
<p>Anita Konath, Tel. 01522 6860345<br />
<a href="mailto:kongina03@gmail.com">kongina03@gmail.com</a>[/vc_column_text][/vc_column][/vc_row]</p>
</div>

<p>[vc_row][vc_column][vc_empty_space][vc_column_text] Fairteiler &#8211; Kontakt [/vc_column_text][vc_empty_space height=&#8220;10px&#8220;][vc_column_text]Das Fairteiler-Team ist erreichbar über den Weltladen Immenstaad unter info@weltladen-in-immenstaad.de Tel. 07545 942395 Gerne beantworten wir Ihre Fragen.[/vc_column_text][vc_empty_space height=&#8220;16px&#8220;][vc_column_text]Sind Sie Einzelhändler, Landwirt, Hobbygärtner oder Ferienwohnungsbesitzer*in? Gerne ist Anita Konath für Sie da und organisiert eine Abholung bei Ihnen – einmalig oder auch regelmäßig. Anita Konath, Tel. 01522 6860345 kongina03@gmail.com[/vc_column_text][/vc_column][/vc_row]</p>

<!-- This site is optimized with the Yoast SEO plugin v26.8 - https://yoast.com/product/yoast-seo-wordpress/ -->
<title>Fairteiler_Kontakt - Weltladen Immenstaad</title>
<meta name="robots" content="index, follow, max-snippet:-1, max-image-preview:large, max-video-preview:-1" />
<link rel="canonical" href="https://weltlaeden.de/immenstaad/fairteiler_kontakt/" />
<meta property="og:locale" content="de_DE" />
<meta property="og:type" content="article" />
<meta property="og:title" content="Fairteiler_Kontakt - Weltladen Immenstaad" />
<meta property="og:description" content="[vc_row][vc_column][vc_empty_space][vc_column_text] Fairteiler &#8211; Kontakt [/vc_column_text][vc_empty_space height=&#8220;10px&#8220;][vc_column_text]Das Fairteiler-Team ist erreichbar über den Weltladen Immenstaad unter info@weltladen-in-immenstaad.de Tel. 07545 942395 Gerne beantworten wir Ihre Fragen.[/vc_column_text][vc_empty_space height=&#8220;16px&#8220;][vc_column_text]Sind Sie Einzelhändler, Landwirt, Hobbygärtner oder Ferienwohnungsbesitzer*in? Gerne ist Anita Konath für Sie da und organisiert eine Abholung bei Ihnen – einmalig oder auch regelmäßig. Anita Konath, Tel. 01522 6860345 kongina03@gmail.com[/vc_column_text][/vc_column][/vc_row]" />
<meta property="og:url" content="https://weltlaeden.de/immenstaad/fairteiler_kontakt/" />
<meta property="og:site_name" content="Weltladen Immenstaad" />
<meta property="article:modified_time" content="2022-01-07T09:24:43+00:00" />
<meta name="twitter:card" content="summary_large_image" />
<script type="application/ld+json" class="yoast-schema-graph">{"@context":"https://schema.org","@graph":[{"@type":"WebPage","@id":"https://weltlaeden.de/immenstaad/fairteiler_kontakt/","url":"https://weltlaeden.de/immenstaad/fairteiler_kontakt/","name":"Fairteiler_Kontakt - Weltladen Immenstaad","isPartOf":{"@id":"https://weltlaeden.de/immenstaad/#website"},"datePublished":"2022-01-06T10:04:06+00:00","dateModified":"2022-01-07T09:24:43+00:00","breadcrumb":{"@id":"https://weltlaeden.de/immenstaad/fairteiler_kontakt/#breadcrumb"},"inLanguage":"de","potentialAction":[{"@type":"ReadAction","target":["https://weltlaeden.de/immenstaad/fairteiler_kontakt/"]}]},{"@type":"BreadcrumbList","@id":"https://weltlaeden.de/immenstaad/fairteiler_kontakt/#breadcrumb","itemListElement":[{"@type":"ListItem","position":1,"name":"Startseite","item":"https://weltlaeden.de/immenstaad/"},{"@type":"ListItem","position":2,"name":"Fairteiler_Kontakt"}]},{"@type":"WebSite","@id":"https://weltlaeden.de/immenstaad/#website","url":"https://weltlaeden.de/immenstaad/","name":"Weltladen Immenstaad","description":"Faire Produkte seit 1990","potentialAction":[{"@type":"SearchAction","target":{"@type":"EntryPoint","urlTemplate":"https://weltlaeden.de/immenstaad/?s={search_term_string}"},"query-input":{"@type":"PropertyValueSpecification","valueRequired":true,"valueName":"search_term_string"}}],"inLanguage":"de"}]}</script>
<!-- / Yoast SEO plugin. -->

[vc_row][vc_column][vc_empty_space][vc_column_text] Fairteiler &#8211; Kontakt [/vc_column_text][vc_empty_space height=&#8220;10px&#8220;][vc_column_text]Das Fairteiler-Team ist erreichbar über den Weltladen Immenstaad unter info@weltladen-in-immenstaad.de Tel. 07545 942395 Gerne beantworten wir Ihre Fragen.[/vc_column_text][vc_empty_space height=&#8220;16px&#8220;][vc_column_text]Sind Sie Einzelhändler, Landwirt, Hobbygärtner oder Ferienwohnungsbesitzer*in? Gerne ist Anita Konath für Sie da und organisiert eine Abholung bei Ihnen – einmalig oder auch regelmäßig. Anita Konath, Tel. 01522 6860345 kongina03@gmail.com[/vc_column_text][/vc_column][/vc_row]
