{"id":1191,"date":"2021-10-14T22:14:44","date_gmt":"2021-10-14T20:14:44","guid":{"rendered":"https:\/\/weltlaeden.de\/immenstaad\/?page_id=1191"},"modified":"2021-10-14T22:14:44","modified_gmt":"2021-10-14T20:14:44","slug":"fairteiler_definition","status":"publish","type":"page","link":"https:\/\/weltlaeden.de\/immenstaad\/fairteiler_definition\/","title":{"rendered":"Fairteiler-Definition"},"content":{"rendered":"<div class=\"wpb-content-wrapper\"><p>[vc_row][vc_column][vc_empty_space][vc_column_text]<\/p>\n<h1>Was ist ein Fairteiler?<\/h1>\n<p>[\/vc_column_text][vc_column_text]<\/p>\n<ul>\n<li>Ein Ort, zu dem alle Menschen rund um die Uhr Lebensmittel bringen und kostenlos mitnehmen d\u00fcrfen.<\/li>\n<li>Es wird auch bei Betrieben vor Ort abgeholt.<\/li>\n<li>Explizit nicht nur f\u00fcr Bed\u00fcrftige, jeder soll sich bedienen.<\/li>\n<li>Jeder nimmt sich so viel er verbrauchen kann. Was mitgenommen wird, landet im Magen und nicht in der Tonne.<br \/>\nDas reduziert die Nachfrage in den Superm\u00e4rkten, schont Ressourcen und tr\u00e4gt zum Tierwohl und Klimaschutz bei.<\/li>\n<li>Der Schrank unterliegt strengen Richtlinien. Das Weltladen-Team hat sich in das Regelwerk eingearbeitet und h\u00e4lt alle Vorgaben des Lebensmittelkontrolldienstes ein.<\/li>\n<li>Der Schrank wird beispielsweise alle zwei Tage gewartet und einmal pro Woche gro\u00df gereinigt.<\/li>\n<li>Die Entnahme von Lebensmitteln erfolgt auf eigene Gefahr.<\/li>\n<\/ul>\n<p>[\/vc_column_text][\/vc_column][\/vc_row]<\/p>\n<\/div>","protected":false},"excerpt":{"rendered":"<p>[vc_row][vc_column][vc_empty_space][vc_column_text] Was ist ein Fairteiler? [\/vc_column_text][vc_column_text] Ein Ort, zu dem alle Menschen rund um die Uhr Lebensmittel bringen und kostenlos mitnehmen d\u00fcrfen. Es wird auch bei Betrieben vor Ort abgeholt. Explizit nicht nur f\u00fcr Bed\u00fcrftige, jeder soll sich bedienen. Jeder nimmt sich so viel er verbrauchen kann. Was mitgenommen wird, landet im Magen und nicht&hellip;<\/p>\n","protected":false},"author":180,"featured_media":0,"parent":0,"menu_order":8,"comment_status":"closed","ping_status":"closed","template":"","meta":{"footnotes":""},"class_list":["post-1191","page","type-page","status-publish","hentry","description-off"],"yoast_head":"<!-- This site is optimized with the Yoast SEO plugin v26.8 - https:\/\/yoast.com\/product\/yoast-seo-wordpress\/ -->\n<title>Fairteiler-Definition - Weltladen Immenstaad<\/title>\n<meta name=\"robots\" content=\"index, follow, max-snippet:-1, max-image-preview:large, max-video-preview:-1\" \/>\n<link rel=\"canonical\" href=\"https:\/\/weltlaeden.de\/immenstaad\/fairteiler_definition\/\" \/>\n<meta property=\"og:locale\" content=\"de_DE\" \/>\n<meta property=\"og:type\" content=\"article\" \/>\n<meta property=\"og:title\" content=\"Fairteiler-Definition - Weltladen Immenstaad\" \/>\n<meta property=\"og:description\" content=\"[vc_row][vc_column][vc_empty_space][vc_column_text] Was ist ein Fairteiler? [\/vc_column_text][vc_column_text] Ein Ort, zu dem alle Menschen rund um die Uhr Lebensmittel bringen und kostenlos mitnehmen d\u00fcrfen. Es wird auch bei Betrieben vor Ort abgeholt. Explizit nicht nur f\u00fcr Bed\u00fcrftige, jeder soll sich bedienen. Jeder nimmt sich so viel er verbrauchen kann. Was mitgenommen wird, landet im Magen und nicht&hellip;\" \/>\n<meta property=\"og:url\" content=\"https:\/\/weltlaeden.de\/immenstaad\/fairteiler_definition\/\" \/>\n<meta property=\"og:site_name\" content=\"Weltladen Immenstaad\" \/>\n<meta name=\"twitter:card\" content=\"summary_large_image\" \/>\n<meta name=\"twitter:label1\" content=\"Gesch\u00e4tzte Lesezeit\" \/>\n\t<meta name=\"twitter:data1\" content=\"1\u00a0Minute\" \/>\n<script type=\"application\/ld+json\" class=\"yoast-schema-graph\">{\"@context\":\"https:\/\/schema.org\",\"@graph\":[{\"@type\":\"WebPage\",\"@id\":\"https:\/\/weltlaeden.de\/immenstaad\/fairteiler_definition\/\",\"url\":\"https:\/\/weltlaeden.de\/immenstaad\/fairteiler_definition\/\",\"name\":\"Fairteiler-Definition - Weltladen Immenstaad\",\"isPartOf\":{\"@id\":\"https:\/\/weltlaeden.de\/immenstaad\/#website\"},\"datePublished\":\"2021-10-14T20:14:44+00:00\",\"breadcrumb\":{\"@id\":\"https:\/\/weltlaeden.de\/immenstaad\/fairteiler_definition\/#breadcrumb\"},\"inLanguage\":\"de\",\"potentialAction\":[{\"@type\":\"ReadAction\",\"target\":[\"https:\/\/weltlaeden.de\/immenstaad\/fairteiler_definition\/\"]}]},{\"@type\":\"BreadcrumbList\",\"@id\":\"https:\/\/weltlaeden.de\/immenstaad\/fairteiler_definition\/#breadcrumb\",\"itemListElement\":[{\"@type\":\"ListItem\",\"position\":1,\"name\":\"Startseite\",\"item\":\"https:\/\/weltlaeden.de\/immenstaad\/\"},{\"@type\":\"ListItem\",\"position\":2,\"name\":\"Fairteiler-Definition\"}]},{\"@type\":\"WebSite\",\"@id\":\"https:\/\/weltlaeden.de\/immenstaad\/#website\",\"url\":\"https:\/\/weltlaeden.de\/immenstaad\/\",\"name\":\"Weltladen Immenstaad\",\"description\":\"Faire Produkte seit 1990\",\"potentialAction\":[{\"@type\":\"SearchAction\",\"target\":{\"@type\":\"EntryPoint\",\"urlTemplate\":\"https:\/\/weltlaeden.de\/immenstaad\/?s={search_term_string}\"},\"query-input\":{\"@type\":\"PropertyValueSpecification\",\"valueRequired\":true,\"valueName\":\"search_term_string\"}}],\"inLanguage\":\"de\"}]}<\/script>\n<!-- \/ Yoast SEO plugin. -->","yoast_head_json":{"title":"Fairteiler-Definition - Weltladen Immenstaad","robots":{"index":"index","follow":"follow","max-snippet":"max-snippet:-1","max-image-preview":"max-image-preview:large","max-video-preview":"max-video-preview:-1"},"canonical":"https:\/\/weltlaeden.de\/immenstaad\/fairteiler_definition\/","og_locale":"de_DE","og_type":"article","og_title":"Fairteiler-Definition - Weltladen Immenstaad","og_description":"[vc_row][vc_column][vc_empty_space][vc_column_text] Was ist ein Fairteiler? [\/vc_column_text][vc_column_text] Ein Ort, zu dem alle Menschen rund um die Uhr Lebensmittel bringen und kostenlos mitnehmen d\u00fcrfen. Es wird auch bei Betrieben vor Ort abgeholt. Explizit nicht nur f\u00fcr Bed\u00fcrftige, jeder soll sich bedienen. Jeder nimmt sich so viel er verbrauchen kann. Was mitgenommen wird, landet im Magen und nicht&hellip;","og_url":"https:\/\/weltlaeden.de\/immenstaad\/fairteiler_definition\/","og_site_name":"Weltladen Immenstaad","twitter_card":"summary_large_image","twitter_misc":{"Gesch\u00e4tzte Lesezeit":"1\u00a0Minute"},"schema":{"@context":"https:\/\/schema.org","@graph":[{"@type":"WebPage","@id":"https:\/\/weltlaeden.de\/immenstaad\/fairteiler_definition\/","url":"https:\/\/weltlaeden.de\/immenstaad\/fairteiler_definition\/","name":"Fairteiler-Definition - Weltladen Immenstaad","isPartOf":{"@id":"https:\/\/weltlaeden.de\/immenstaad\/#website"},"datePublished":"2021-10-14T20:14:44+00:00","breadcrumb":{"@id":"https:\/\/weltlaeden.de\/immenstaad\/fairteiler_definition\/#breadcrumb"},"inLanguage":"de","potentialAction":[{"@type":"ReadAction","target":["https:\/\/weltlaeden.de\/immenstaad\/fairteiler_definition\/"]}]},{"@type":"BreadcrumbList","@id":"https:\/\/weltlaeden.de\/immenstaad\/fairteiler_definition\/#breadcrumb","itemListElement":[{"@type":"ListItem","position":1,"name":"Startseite","item":"https:\/\/weltlaeden.de\/immenstaad\/"},{"@type":"ListItem","position":2,"name":"Fairteiler-Definition"}]},{"@type":"WebSite","@id":"https:\/\/weltlaeden.de\/immenstaad\/#website","url":"https:\/\/weltlaeden.de\/immenstaad\/","name":"Weltladen Immenstaad","description":"Faire Produkte seit 1990","potentialAction":[{"@type":"SearchAction","target":{"@type":"EntryPoint","urlTemplate":"https:\/\/weltlaeden.de\/immenstaad\/?s={search_term_string}"},"query-input":{"@type":"PropertyValueSpecification","valueRequired":true,"valueName":"search_term_string"}}],"inLanguage":"de"}]}},"_links":{"self":[{"href":"https:\/\/weltlaeden.de\/immenstaad\/wp-json\/wp\/v2\/pages\/1191","targetHints":{"allow":["GET"]}}],"collection":[{"href":"https:\/\/weltlaeden.de\/immenstaad\/wp-json\/wp\/v2\/pages"}],"about":[{"href":"https:\/\/weltlaeden.de\/immenstaad\/wp-json\/wp\/v2\/types\/page"}],"author":[{"embeddable":true,"href":"https:\/\/weltlaeden.de\/immenstaad\/wp-json\/wp\/v2\/users\/180"}],"replies":[{"embeddable":true,"href":"https:\/\/weltlaeden.de\/immenstaad\/wp-json\/wp\/v2\/comments?post=1191"}],"version-history":[{"count":3,"href":"https:\/\/weltlaeden.de\/immenstaad\/wp-json\/wp\/v2\/pages\/1191\/revisions"}],"predecessor-version":[{"id":1195,"href":"https:\/\/weltlaeden.de\/immenstaad\/wp-json\/wp\/v2\/pages\/1191\/revisions\/1195"}],"wp:attachment":[{"href":"https:\/\/weltlaeden.de\/immenstaad\/wp-json\/wp\/v2\/media?parent=1191"}],"curies":[{"name":"wp","href":"https:\/\/api.w.org\/{rel}","templated":true}]}}

<div class="wpb-content-wrapper"><p>[vc_row][vc_column][vc_empty_space][vc_column_text]</p>
<h1>Was ist ein Fairteiler?</h1>
<p>[/vc_column_text][vc_column_text]</p>
<ul>
<li>Ein Ort, zu dem alle Menschen rund um die Uhr Lebensmittel bringen und kostenlos mitnehmen dürfen.</li>
<li>Es wird auch bei Betrieben vor Ort abgeholt.</li>
<li>Explizit nicht nur für Bedürftige, jeder soll sich bedienen.</li>
<li>Jeder nimmt sich so viel er verbrauchen kann. Was mitgenommen wird, landet im Magen und nicht in der Tonne.<br />
Das reduziert die Nachfrage in den Supermärkten, schont Ressourcen und trägt zum Tierwohl und Klimaschutz bei.</li>
<li>Der Schrank unterliegt strengen Richtlinien. Das Weltladen-Team hat sich in das Regelwerk eingearbeitet und hält alle Vorgaben des Lebensmittelkontrolldienstes ein.</li>
<li>Der Schrank wird beispielsweise alle zwei Tage gewartet und einmal pro Woche groß gereinigt.</li>
<li>Die Entnahme von Lebensmitteln erfolgt auf eigene Gefahr.</li>
</ul>
<p>[/vc_column_text][/vc_column][/vc_row]</p>
</div>

<p>[vc_row][vc_column][vc_empty_space][vc_column_text] Was ist ein Fairteiler? [/vc_column_text][vc_column_text] Ein Ort, zu dem alle Menschen rund um die Uhr Lebensmittel bringen und kostenlos mitnehmen dürfen. Es wird auch bei Betrieben vor Ort abgeholt. Explizit nicht nur für Bedürftige, jeder soll sich bedienen. Jeder nimmt sich so viel er verbrauchen kann. Was mitgenommen wird, landet im Magen und nicht&hellip;</p>

<!-- This site is optimized with the Yoast SEO plugin v26.8 - https://yoast.com/product/yoast-seo-wordpress/ -->
<title>Fairteiler-Definition - Weltladen Immenstaad</title>
<meta name="robots" content="index, follow, max-snippet:-1, max-image-preview:large, max-video-preview:-1" />
<link rel="canonical" href="https://weltlaeden.de/immenstaad/fairteiler_definition/" />
<meta property="og:locale" content="de_DE" />
<meta property="og:type" content="article" />
<meta property="og:title" content="Fairteiler-Definition - Weltladen Immenstaad" />
<meta property="og:description" content="[vc_row][vc_column][vc_empty_space][vc_column_text] Was ist ein Fairteiler? [/vc_column_text][vc_column_text] Ein Ort, zu dem alle Menschen rund um die Uhr Lebensmittel bringen und kostenlos mitnehmen dürfen. Es wird auch bei Betrieben vor Ort abgeholt. Explizit nicht nur für Bedürftige, jeder soll sich bedienen. Jeder nimmt sich so viel er verbrauchen kann. Was mitgenommen wird, landet im Magen und nicht&hellip;" />
<meta property="og:url" content="https://weltlaeden.de/immenstaad/fairteiler_definition/" />
<meta property="og:site_name" content="Weltladen Immenstaad" />
<meta name="twitter:card" content="summary_large_image" />
<meta name="twitter:label1" content="Geschätzte Lesezeit" />
	<meta name="twitter:data1" content="1 Minute" />
<script type="application/ld+json" class="yoast-schema-graph">{"@context":"https://schema.org","@graph":[{"@type":"WebPage","@id":"https://weltlaeden.de/immenstaad/fairteiler_definition/","url":"https://weltlaeden.de/immenstaad/fairteiler_definition/","name":"Fairteiler-Definition - Weltladen Immenstaad","isPartOf":{"@id":"https://weltlaeden.de/immenstaad/#website"},"datePublished":"2021-10-14T20:14:44+00:00","breadcrumb":{"@id":"https://weltlaeden.de/immenstaad/fairteiler_definition/#breadcrumb"},"inLanguage":"de","potentialAction":[{"@type":"ReadAction","target":["https://weltlaeden.de/immenstaad/fairteiler_definition/"]}]},{"@type":"BreadcrumbList","@id":"https://weltlaeden.de/immenstaad/fairteiler_definition/#breadcrumb","itemListElement":[{"@type":"ListItem","position":1,"name":"Startseite","item":"https://weltlaeden.de/immenstaad/"},{"@type":"ListItem","position":2,"name":"Fairteiler-Definition"}]},{"@type":"WebSite","@id":"https://weltlaeden.de/immenstaad/#website","url":"https://weltlaeden.de/immenstaad/","name":"Weltladen Immenstaad","description":"Faire Produkte seit 1990","potentialAction":[{"@type":"SearchAction","target":{"@type":"EntryPoint","urlTemplate":"https://weltlaeden.de/immenstaad/?s={search_term_string}"},"query-input":{"@type":"PropertyValueSpecification","valueRequired":true,"valueName":"search_term_string"}}],"inLanguage":"de"}]}</script>
<!-- / Yoast SEO plugin. -->

[vc_row][vc_column][vc_empty_space][vc_column_text] Was ist ein Fairteiler? [/vc_column_text][vc_column_text] Ein Ort, zu dem alle Menschen rund um die Uhr Lebensmittel bringen und kostenlos mitnehmen dürfen. Es wird auch bei Betrieben vor Ort abgeholt. Explizit nicht nur für Bedürftige, jeder soll sich bedienen. Jeder nimmt sich so viel er verbrauchen kann. Was mitgenommen wird, landet im Magen und nicht&hellip;
