{"id":1163,"date":"2022-11-22T18:00:01","date_gmt":"2022-11-22T17:00:01","guid":{"rendered":"https:\/\/weltlaeden.de\/immenstaad\/?page_id=1163"},"modified":"2022-11-22T18:02:44","modified_gmt":"2022-11-22T17:02:44","slug":"fairteiler","status":"publish","type":"page","link":"https:\/\/weltlaeden.de\/immenstaad\/fairteiler\/","title":{"rendered":"Fairteiler"},"content":{"rendered":"<div class=\"wpb-content-wrapper\"><p>[vc_row][vc_column]<div class=\"wl_einzelbild\"><p><img loading=\"lazy\" decoding=\"async\" class=\"alignnone size-medium wp-image-1462\" src=\"https:\/\/weltlaeden.de\/immenstaad\/wp-content\/uploads\/sites\/118\/2022\/11\/Schrank-ideal-300x225.jpg\" alt=\"\" width=\"300\" height=\"225\" srcset=\"https:\/\/weltlaeden.de\/immenstaad\/wp-content\/uploads\/sites\/118\/2022\/11\/Schrank-ideal-300x225.jpg 300w, https:\/\/weltlaeden.de\/immenstaad\/wp-content\/uploads\/sites\/118\/2022\/11\/Schrank-ideal-1024x768.jpg 1024w, https:\/\/weltlaeden.de\/immenstaad\/wp-content\/uploads\/sites\/118\/2022\/11\/Schrank-ideal-768x576.jpg 768w, https:\/\/weltlaeden.de\/immenstaad\/wp-content\/uploads\/sites\/118\/2022\/11\/Schrank-ideal-1536x1152.jpg 1536w, https:\/\/weltlaeden.de\/immenstaad\/wp-content\/uploads\/sites\/118\/2022\/11\/Schrank-ideal-scaled.jpg 2048w\" sizes=\"auto, (max-width: 300px) 100vw, 300px\" \/><\/p><\/div>[vc_empty_space][vc_row_inner][vc_column_inner width=&#8220;1\/2&#8243;][\/vc_column_inner][vc_column_inner width=&#8220;1\/2&#8243;][\/vc_column_inner][\/vc_row_inner][vc_empty_space height=&#8220;20px&#8220;][vc_column_text]<strong>Fairteilerschrank<\/strong><\/p>\n<p><span dir=\"ltr\" role=\"presentation\">Kennen Sie schon unseren Fairteiler, der vor dem Weltladen steht?<\/span><br role=\"presentation\" \/><span dir=\"ltr\" role=\"presentation\">Jeder hat die M\u00f6glichkeit Nahrungsmittel in den Schrank zu stellen, die<\/span><br role=\"presentation\" \/><span dir=\"ltr\" role=\"presentation\">er \u00fcbrig hat. Zugleich kann sich jeder daraus bedienen und mitnehmen,<\/span><br role=\"presentation\" \/><span dir=\"ltr\" role=\"presentation\">was er brauchen kann \u2013 nach der Devise: blo\u00df nicht in die Tonne. Auch<\/span><br role=\"presentation\" \/><span dir=\"ltr\" role=\"presentation\">das ist ein Beitrag zum Klimaschutz<\/span><\/p>\n<p>Auf Facebook und Instagram sind alle zwei Tage aktuelle Bilder des Schrankes zu sehen. So k\u00f6nnen Sie vor einem Einkauf nachschauen, ob vielleicht im Fairteiler-Schrank etwas f\u00fcr Sie da ist und Sie das Geld f\u00fcr den Kauf sparen k\u00f6nnen.<\/p>\n<p><a href=\"https:\/\/www.instagram.com\/weltladenimmenstaad\/\" target=\"_blank\" rel=\"noopener\">Unser Fairteiler auf Instagram<\/a><\/p>\n<p><a href=\"https:\/\/www.facebook.com\/Weltladen-Immenstaad-281702376999769\" target=\"_blank\" rel=\"noopener\">Unser Fairteiler auf Facebook<\/a>[\/vc_column_text][vc_column_text]Weitere Informationen zum Fairteiler finden Sie unter:<\/p>\n<ul>\n<li><a href=\"https:\/\/weltlaeden.de\/immenstaad\/fairteiler_definition\/\" rel=\"noopener\">Was ist ein Fairteiler<\/a><\/li>\n<li><a href=\"https:\/\/weltlaeden.de\/immenstaad\/fairteiler_warum\/\" rel=\"noopener\">Warum einen Fairteiler<\/a><\/li>\n<li><a href=\"https:\/\/weltlaeden.de\/immenstaad\/fairteiler_inhalt\/\">Was darf alles in den Fairteiler-Schrank und was nicht<\/a><\/li>\n<li><a href=\"https:\/\/weltlaeden.de\/immenstaad\/fairteiler_prinzip\/\" rel=\"noopener\">Wie funktioniert ein Fairteiler<\/a><\/li>\n<li><a href=\"https:\/\/weltlaeden.de\/immenstaad\/fairteiler_kontakt\/\" target=\"_blank\" rel=\"noopener\">Fairteiler Kontakt<\/a><\/li>\n<\/ul>\n<p>[\/vc_column_text][\/vc_column][\/vc_row]<\/p>\n<\/div>","protected":false},"excerpt":{"rendered":"<p>[vc_row][vc_column][vc_empty_space][vc_row_inner][vc_column_inner width=&#8220;1\/2&#8243;][\/vc_column_inner][vc_column_inner width=&#8220;1\/2&#8243;][\/vc_column_inner][\/vc_row_inner][vc_empty_space height=&#8220;20px&#8220;][vc_column_text]Fairteilerschrank Kennen Sie schon unseren Fairteiler, der vor dem Weltladen steht?Jeder hat die M\u00f6glichkeit Nahrungsmittel in den Schrank zu stellen, dieer \u00fcbrig hat. Zugleich kann sich jeder daraus bedienen und mitnehmen,was er brauchen kann \u2013 nach der Devise: blo\u00df nicht in die Tonne. Auchdas ist ein Beitrag zum Klimaschutz Auf Facebook und&hellip;<\/p>\n","protected":false},"author":180,"featured_media":0,"parent":0,"menu_order":7,"comment_status":"closed","ping_status":"closed","template":"","meta":{"footnotes":""},"class_list":["post-1163","page","type-page","status-publish","hentry","description-off"],"yoast_head":"<!-- This site is optimized with the Yoast SEO plugin v26.8 - https:\/\/yoast.com\/product\/yoast-seo-wordpress\/ -->\n<title>Fairteiler - Weltladen Immenstaad<\/title>\n<meta name=\"robots\" content=\"index, follow, max-snippet:-1, max-image-preview:large, max-video-preview:-1\" \/>\n<link rel=\"canonical\" href=\"https:\/\/weltlaeden.de\/immenstaad\/fairteiler\/\" \/>\n<meta property=\"og:locale\" content=\"de_DE\" \/>\n<meta property=\"og:type\" content=\"article\" \/>\n<meta property=\"og:title\" content=\"Fairteiler - Weltladen Immenstaad\" \/>\n<meta property=\"og:description\" content=\"[vc_row][vc_column][vc_empty_space][vc_row_inner][vc_column_inner width=&#8220;1\/2&#8243;][\/vc_column_inner][vc_column_inner width=&#8220;1\/2&#8243;][\/vc_column_inner][\/vc_row_inner][vc_empty_space height=&#8220;20px&#8220;][vc_column_text]Fairteilerschrank Kennen Sie schon unseren Fairteiler, der vor dem Weltladen steht?Jeder hat die M\u00f6glichkeit Nahrungsmittel in den Schrank zu stellen, dieer \u00fcbrig hat. Zugleich kann sich jeder daraus bedienen und mitnehmen,was er brauchen kann \u2013 nach der Devise: blo\u00df nicht in die Tonne. Auchdas ist ein Beitrag zum Klimaschutz Auf Facebook und&hellip;\" \/>\n<meta property=\"og:url\" content=\"https:\/\/weltlaeden.de\/immenstaad\/fairteiler\/\" \/>\n<meta property=\"og:site_name\" content=\"Weltladen Immenstaad\" \/>\n<meta property=\"article:modified_time\" content=\"2022-11-22T17:02:44+00:00\" \/>\n<meta property=\"og:image\" content=\"https:\/\/weltlaeden.de\/immenstaad\/wp-content\/uploads\/sites\/118\/2022\/11\/Schrank-ideal-300x225.jpg\" \/>\n<meta name=\"twitter:card\" content=\"summary_large_image\" \/>\n<meta name=\"twitter:label1\" content=\"Gesch\u00e4tzte Lesezeit\" \/>\n\t<meta name=\"twitter:data1\" content=\"1\u00a0Minute\" \/>\n<script type=\"application\/ld+json\" class=\"yoast-schema-graph\">{\"@context\":\"https:\/\/schema.org\",\"@graph\":[{\"@type\":\"WebPage\",\"@id\":\"https:\/\/weltlaeden.de\/immenstaad\/fairteiler\/\",\"url\":\"https:\/\/weltlaeden.de\/immenstaad\/fairteiler\/\",\"name\":\"Fairteiler - Weltladen Immenstaad\",\"isPartOf\":{\"@id\":\"https:\/\/weltlaeden.de\/immenstaad\/#website\"},\"primaryImageOfPage\":{\"@id\":\"https:\/\/weltlaeden.de\/immenstaad\/fairteiler\/#primaryimage\"},\"image\":{\"@id\":\"https:\/\/weltlaeden.de\/immenstaad\/fairteiler\/#primaryimage\"},\"thumbnailUrl\":\"https:\/\/weltlaeden.de\/immenstaad\/wp-content\/uploads\/sites\/118\/2022\/11\/Schrank-ideal-300x225.jpg\",\"datePublished\":\"2022-11-22T17:00:01+00:00\",\"dateModified\":\"2022-11-22T17:02:44+00:00\",\"breadcrumb\":{\"@id\":\"https:\/\/weltlaeden.de\/immenstaad\/fairteiler\/#breadcrumb\"},\"inLanguage\":\"de\",\"potentialAction\":[{\"@type\":\"ReadAction\",\"target\":[\"https:\/\/weltlaeden.de\/immenstaad\/fairteiler\/\"]}]},{\"@type\":\"ImageObject\",\"inLanguage\":\"de\",\"@id\":\"https:\/\/weltlaeden.de\/immenstaad\/fairteiler\/#primaryimage\",\"url\":\"https:\/\/weltlaeden.de\/immenstaad\/wp-content\/uploads\/sites\/118\/2022\/11\/Schrank-ideal.jpg\",\"contentUrl\":\"https:\/\/weltlaeden.de\/immenstaad\/wp-content\/uploads\/sites\/118\/2022\/11\/Schrank-ideal.jpg\",\"width\":2048,\"height\":1536},{\"@type\":\"BreadcrumbList\",\"@id\":\"https:\/\/weltlaeden.de\/immenstaad\/fairteiler\/#breadcrumb\",\"itemListElement\":[{\"@type\":\"ListItem\",\"position\":1,\"name\":\"Startseite\",\"item\":\"https:\/\/weltlaeden.de\/immenstaad\/\"},{\"@type\":\"ListItem\",\"position\":2,\"name\":\"Fairteiler\"}]},{\"@type\":\"WebSite\",\"@id\":\"https:\/\/weltlaeden.de\/immenstaad\/#website\",\"url\":\"https:\/\/weltlaeden.de\/immenstaad\/\",\"name\":\"Weltladen Immenstaad\",\"description\":\"Faire Produkte seit 1990\",\"potentialAction\":[{\"@type\":\"SearchAction\",\"target\":{\"@type\":\"EntryPoint\",\"urlTemplate\":\"https:\/\/weltlaeden.de\/immenstaad\/?s={search_term_string}\"},\"query-input\":{\"@type\":\"PropertyValueSpecification\",\"valueRequired\":true,\"valueName\":\"search_term_string\"}}],\"inLanguage\":\"de\"}]}<\/script>\n<!-- \/ Yoast SEO plugin. -->","yoast_head_json":{"title":"Fairteiler - Weltladen Immenstaad","robots":{"index":"index","follow":"follow","max-snippet":"max-snippet:-1","max-image-preview":"max-image-preview:large","max-video-preview":"max-video-preview:-1"},"canonical":"https:\/\/weltlaeden.de\/immenstaad\/fairteiler\/","og_locale":"de_DE","og_type":"article","og_title":"Fairteiler - Weltladen Immenstaad","og_description":"[vc_row][vc_column][vc_empty_space][vc_row_inner][vc_column_inner width=&#8220;1\/2&#8243;][\/vc_column_inner][vc_column_inner width=&#8220;1\/2&#8243;][\/vc_column_inner][\/vc_row_inner][vc_empty_space height=&#8220;20px&#8220;][vc_column_text]Fairteilerschrank Kennen Sie schon unseren Fairteiler, der vor dem Weltladen steht?Jeder hat die M\u00f6glichkeit Nahrungsmittel in den Schrank zu stellen, dieer \u00fcbrig hat. Zugleich kann sich jeder daraus bedienen und mitnehmen,was er brauchen kann \u2013 nach der Devise: blo\u00df nicht in die Tonne. Auchdas ist ein Beitrag zum Klimaschutz Auf Facebook und&hellip;","og_url":"https:\/\/weltlaeden.de\/immenstaad\/fairteiler\/","og_site_name":"Weltladen Immenstaad","article_modified_time":"2022-11-22T17:02:44+00:00","og_image":[{"url":"https:\/\/weltlaeden.de\/immenstaad\/wp-content\/uploads\/sites\/118\/2022\/11\/Schrank-ideal-300x225.jpg","type":"","width":"","height":""}],"twitter_card":"summary_large_image","twitter_misc":{"Gesch\u00e4tzte Lesezeit":"1\u00a0Minute"},"schema":{"@context":"https:\/\/schema.org","@graph":[{"@type":"WebPage","@id":"https:\/\/weltlaeden.de\/immenstaad\/fairteiler\/","url":"https:\/\/weltlaeden.de\/immenstaad\/fairteiler\/","name":"Fairteiler - Weltladen Immenstaad","isPartOf":{"@id":"https:\/\/weltlaeden.de\/immenstaad\/#website"},"primaryImageOfPage":{"@id":"https:\/\/weltlaeden.de\/immenstaad\/fairteiler\/#primaryimage"},"image":{"@id":"https:\/\/weltlaeden.de\/immenstaad\/fairteiler\/#primaryimage"},"thumbnailUrl":"https:\/\/weltlaeden.de\/immenstaad\/wp-content\/uploads\/sites\/118\/2022\/11\/Schrank-ideal-300x225.jpg","datePublished":"2022-11-22T17:00:01+00:00","dateModified":"2022-11-22T17:02:44+00:00","breadcrumb":{"@id":"https:\/\/weltlaeden.de\/immenstaad\/fairteiler\/#breadcrumb"},"inLanguage":"de","potentialAction":[{"@type":"ReadAction","target":["https:\/\/weltlaeden.de\/immenstaad\/fairteiler\/"]}]},{"@type":"ImageObject","inLanguage":"de","@id":"https:\/\/weltlaeden.de\/immenstaad\/fairteiler\/#primaryimage","url":"https:\/\/weltlaeden.de\/immenstaad\/wp-content\/uploads\/sites\/118\/2022\/11\/Schrank-ideal.jpg","contentUrl":"https:\/\/weltlaeden.de\/immenstaad\/wp-content\/uploads\/sites\/118\/2022\/11\/Schrank-ideal.jpg","width":2048,"height":1536},{"@type":"BreadcrumbList","@id":"https:\/\/weltlaeden.de\/immenstaad\/fairteiler\/#breadcrumb","itemListElement":[{"@type":"ListItem","position":1,"name":"Startseite","item":"https:\/\/weltlaeden.de\/immenstaad\/"},{"@type":"ListItem","position":2,"name":"Fairteiler"}]},{"@type":"WebSite","@id":"https:\/\/weltlaeden.de\/immenstaad\/#website","url":"https:\/\/weltlaeden.de\/immenstaad\/","name":"Weltladen Immenstaad","description":"Faire Produkte seit 1990","potentialAction":[{"@type":"SearchAction","target":{"@type":"EntryPoint","urlTemplate":"https:\/\/weltlaeden.de\/immenstaad\/?s={search_term_string}"},"query-input":{"@type":"PropertyValueSpecification","valueRequired":true,"valueName":"search_term_string"}}],"inLanguage":"de"}]}},"_links":{"self":[{"href":"https:\/\/weltlaeden.de\/immenstaad\/wp-json\/wp\/v2\/pages\/1163","targetHints":{"allow":["GET"]}}],"collection":[{"href":"https:\/\/weltlaeden.de\/immenstaad\/wp-json\/wp\/v2\/pages"}],"about":[{"href":"https:\/\/weltlaeden.de\/immenstaad\/wp-json\/wp\/v2\/types\/page"}],"author":[{"embeddable":true,"href":"https:\/\/weltlaeden.de\/immenstaad\/wp-json\/wp\/v2\/users\/180"}],"replies":[{"embeddable":true,"href":"https:\/\/weltlaeden.de\/immenstaad\/wp-json\/wp\/v2\/comments?post=1163"}],"version-history":[{"count":25,"href":"https:\/\/weltlaeden.de\/immenstaad\/wp-json\/wp\/v2\/pages\/1163\/revisions"}],"predecessor-version":[{"id":1472,"href":"https:\/\/weltlaeden.de\/immenstaad\/wp-json\/wp\/v2\/pages\/1163\/revisions\/1472"}],"wp:attachment":[{"href":"https:\/\/weltlaeden.de\/immenstaad\/wp-json\/wp\/v2\/media?parent=1163"}],"curies":[{"name":"wp","href":"https:\/\/api.w.org\/{rel}","templated":true}]}}

<div class="wpb-content-wrapper"><p>[vc_row][vc_column]<div class="wl_einzelbild"><p><img loading="lazy" decoding="async" class="alignnone size-medium wp-image-1462" src="https://weltlaeden.de/immenstaad/wp-content/uploads/sites/118/2022/11/Schrank-ideal-300x225.jpg" alt="" width="300" height="225" srcset="https://weltlaeden.de/immenstaad/wp-content/uploads/sites/118/2022/11/Schrank-ideal-300x225.jpg 300w, https://weltlaeden.de/immenstaad/wp-content/uploads/sites/118/2022/11/Schrank-ideal-1024x768.jpg 1024w, https://weltlaeden.de/immenstaad/wp-content/uploads/sites/118/2022/11/Schrank-ideal-768x576.jpg 768w, https://weltlaeden.de/immenstaad/wp-content/uploads/sites/118/2022/11/Schrank-ideal-1536x1152.jpg 1536w, https://weltlaeden.de/immenstaad/wp-content/uploads/sites/118/2022/11/Schrank-ideal-scaled.jpg 2048w" sizes="auto, (max-width: 300px) 100vw, 300px" /></p></div>[vc_empty_space][vc_row_inner][vc_column_inner width=&#8220;1/2&#8243;][/vc_column_inner][vc_column_inner width=&#8220;1/2&#8243;][/vc_column_inner][/vc_row_inner][vc_empty_space height=&#8220;20px&#8220;][vc_column_text]<strong>Fairteilerschrank</strong></p>
<p><span dir="ltr" role="presentation">Kennen Sie schon unseren Fairteiler, der vor dem Weltladen steht?</span><br role="presentation" /><span dir="ltr" role="presentation">Jeder hat die Möglichkeit Nahrungsmittel in den Schrank zu stellen, die</span><br role="presentation" /><span dir="ltr" role="presentation">er übrig hat. Zugleich kann sich jeder daraus bedienen und mitnehmen,</span><br role="presentation" /><span dir="ltr" role="presentation">was er brauchen kann – nach der Devise: bloß nicht in die Tonne. Auch</span><br role="presentation" /><span dir="ltr" role="presentation">das ist ein Beitrag zum Klimaschutz</span></p>
<p>Auf Facebook und Instagram sind alle zwei Tage aktuelle Bilder des Schrankes zu sehen. So können Sie vor einem Einkauf nachschauen, ob vielleicht im Fairteiler-Schrank etwas für Sie da ist und Sie das Geld für den Kauf sparen können.</p>
<p><a href="https://www.instagram.com/weltladenimmenstaad/" target="_blank" rel="noopener">Unser Fairteiler auf Instagram</a></p>
<p><a href="https://www.facebook.com/Weltladen-Immenstaad-281702376999769" target="_blank" rel="noopener">Unser Fairteiler auf Facebook</a>[/vc_column_text][vc_column_text]Weitere Informationen zum Fairteiler finden Sie unter:</p>
<ul>
<li><a href="https://weltlaeden.de/immenstaad/fairteiler_definition/" rel="noopener">Was ist ein Fairteiler</a></li>
<li><a href="https://weltlaeden.de/immenstaad/fairteiler_warum/" rel="noopener">Warum einen Fairteiler</a></li>
<li><a href="https://weltlaeden.de/immenstaad/fairteiler_inhalt/">Was darf alles in den Fairteiler-Schrank und was nicht</a></li>
<li><a href="https://weltlaeden.de/immenstaad/fairteiler_prinzip/" rel="noopener">Wie funktioniert ein Fairteiler</a></li>
<li><a href="https://weltlaeden.de/immenstaad/fairteiler_kontakt/" target="_blank" rel="noopener">Fairteiler Kontakt</a></li>
</ul>
<p>[/vc_column_text][/vc_column][/vc_row]</p>
</div>

<p>[vc_row][vc_column][vc_empty_space][vc_row_inner][vc_column_inner width=&#8220;1/2&#8243;][/vc_column_inner][vc_column_inner width=&#8220;1/2&#8243;][/vc_column_inner][/vc_row_inner][vc_empty_space height=&#8220;20px&#8220;][vc_column_text]Fairteilerschrank Kennen Sie schon unseren Fairteiler, der vor dem Weltladen steht?Jeder hat die Möglichkeit Nahrungsmittel in den Schrank zu stellen, dieer übrig hat. Zugleich kann sich jeder daraus bedienen und mitnehmen,was er brauchen kann – nach der Devise: bloß nicht in die Tonne. Auchdas ist ein Beitrag zum Klimaschutz Auf Facebook und&hellip;</p>

<!-- This site is optimized with the Yoast SEO plugin v26.8 - https://yoast.com/product/yoast-seo-wordpress/ -->
<title>Fairteiler - Weltladen Immenstaad</title>
<meta name="robots" content="index, follow, max-snippet:-1, max-image-preview:large, max-video-preview:-1" />
<link rel="canonical" href="https://weltlaeden.de/immenstaad/fairteiler/" />
<meta property="og:locale" content="de_DE" />
<meta property="og:type" content="article" />
<meta property="og:title" content="Fairteiler - Weltladen Immenstaad" />
<meta property="og:description" content="[vc_row][vc_column][vc_empty_space][vc_row_inner][vc_column_inner width=&#8220;1/2&#8243;][/vc_column_inner][vc_column_inner width=&#8220;1/2&#8243;][/vc_column_inner][/vc_row_inner][vc_empty_space height=&#8220;20px&#8220;][vc_column_text]Fairteilerschrank Kennen Sie schon unseren Fairteiler, der vor dem Weltladen steht?Jeder hat die Möglichkeit Nahrungsmittel in den Schrank zu stellen, dieer übrig hat. Zugleich kann sich jeder daraus bedienen und mitnehmen,was er brauchen kann – nach der Devise: bloß nicht in die Tonne. Auchdas ist ein Beitrag zum Klimaschutz Auf Facebook und&hellip;" />
<meta property="og:url" content="https://weltlaeden.de/immenstaad/fairteiler/" />
<meta property="og:site_name" content="Weltladen Immenstaad" />
<meta property="article:modified_time" content="2022-11-22T17:02:44+00:00" />
<meta property="og:image" content="https://weltlaeden.de/immenstaad/wp-content/uploads/sites/118/2022/11/Schrank-ideal-300x225.jpg" />
<meta name="twitter:card" content="summary_large_image" />
<meta name="twitter:label1" content="Geschätzte Lesezeit" />
	<meta name="twitter:data1" content="1 Minute" />
<script type="application/ld+json" class="yoast-schema-graph">{"@context":"https://schema.org","@graph":[{"@type":"WebPage","@id":"https://weltlaeden.de/immenstaad/fairteiler/","url":"https://weltlaeden.de/immenstaad/fairteiler/","name":"Fairteiler - Weltladen Immenstaad","isPartOf":{"@id":"https://weltlaeden.de/immenstaad/#website"},"primaryImageOfPage":{"@id":"https://weltlaeden.de/immenstaad/fairteiler/#primaryimage"},"image":{"@id":"https://weltlaeden.de/immenstaad/fairteiler/#primaryimage"},"thumbnailUrl":"https://weltlaeden.de/immenstaad/wp-content/uploads/sites/118/2022/11/Schrank-ideal-300x225.jpg","datePublished":"2022-11-22T17:00:01+00:00","dateModified":"2022-11-22T17:02:44+00:00","breadcrumb":{"@id":"https://weltlaeden.de/immenstaad/fairteiler/#breadcrumb"},"inLanguage":"de","potentialAction":[{"@type":"ReadAction","target":["https://weltlaeden.de/immenstaad/fairteiler/"]}]},{"@type":"ImageObject","inLanguage":"de","@id":"https://weltlaeden.de/immenstaad/fairteiler/#primaryimage","url":"https://weltlaeden.de/immenstaad/wp-content/uploads/sites/118/2022/11/Schrank-ideal.jpg","contentUrl":"https://weltlaeden.de/immenstaad/wp-content/uploads/sites/118/2022/11/Schrank-ideal.jpg","width":2048,"height":1536},{"@type":"BreadcrumbList","@id":"https://weltlaeden.de/immenstaad/fairteiler/#breadcrumb","itemListElement":[{"@type":"ListItem","position":1,"name":"Startseite","item":"https://weltlaeden.de/immenstaad/"},{"@type":"ListItem","position":2,"name":"Fairteiler"}]},{"@type":"WebSite","@id":"https://weltlaeden.de/immenstaad/#website","url":"https://weltlaeden.de/immenstaad/","name":"Weltladen Immenstaad","description":"Faire Produkte seit 1990","potentialAction":[{"@type":"SearchAction","target":{"@type":"EntryPoint","urlTemplate":"https://weltlaeden.de/immenstaad/?s={search_term_string}"},"query-input":{"@type":"PropertyValueSpecification","valueRequired":true,"valueName":"search_term_string"}}],"inLanguage":"de"}]}</script>
<!-- / Yoast SEO plugin. -->

[vc_row][vc_column][vc_empty_space][vc_row_inner][vc_column_inner width=&#8220;1/2&#8243;][/vc_column_inner][vc_column_inner width=&#8220;1/2&#8243;][/vc_column_inner][/vc_row_inner][vc_empty_space height=&#8220;20px&#8220;][vc_column_text]Fairteilerschrank Kennen Sie schon unseren Fairteiler, der vor dem Weltladen steht?Jeder hat die Möglichkeit Nahrungsmittel in den Schrank zu stellen, dieer übrig hat. Zugleich kann sich jeder daraus bedienen und mitnehmen,was er brauchen kann – nach der Devise: bloß nicht in die Tonne. Auchdas ist ein Beitrag zum Klimaschutz Auf Facebook und&hellip;
