{"id":8436,"date":"2025-02-12T18:37:08","date_gmt":"2025-02-12T17:37:08","guid":{"rendered":"https:\/\/weltlaeden.de\/hofheim\/?page_id=8436"},"modified":"2025-02-12T18:37:08","modified_gmt":"2025-02-12T17:37:08","slug":"gutschein-fuer-den-weltladen-hofheim","status":"publish","type":"page","link":"https:\/\/weltlaeden.de\/hofheim\/gutschein-fuer-den-weltladen-hofheim\/","title":{"rendered":"Gutschein f\u00fcr den Weltladen Hofheim"},"content":{"rendered":"<div class=\"wpb-content-wrapper\"><p>[vc_row][vc_column]<div class=\"wl_einzelbild\"><p><\/p>\n<div id=\"attachment_2148\" style=\"width: 1023px\" class=\"wp-caption alignnone\"><img loading=\"lazy\" decoding=\"async\" aria-describedby=\"caption-attachment-2148\" class=\"wp-image-2148 size-full\" src=\"https:\/\/weltlaeden.de\/hofheim\/wp-content\/uploads\/sites\/63\/2020\/04\/weltladen201903_160_klein.1200x675.jpg\" alt=\"\" width=\"1013\" height=\"675\" srcset=\"https:\/\/weltlaeden.de\/hofheim\/wp-content\/uploads\/sites\/63\/2020\/04\/weltladen201903_160_klein.1200x675.jpg 1013w, https:\/\/weltlaeden.de\/hofheim\/wp-content\/uploads\/sites\/63\/2020\/04\/weltladen201903_160_klein.1200x675-300x200.jpg 300w, https:\/\/weltlaeden.de\/hofheim\/wp-content\/uploads\/sites\/63\/2020\/04\/weltladen201903_160_klein.1200x675-768x512.jpg 768w\" sizes=\"auto, (max-width: 1013px) 100vw, 1013px\" \/><p id=\"caption-attachment-2148\" class=\"wp-caption-text\">Foto: \u00a9 Weltladen-Dachverband\/A. Stehle<\/p><\/div>\n<p><\/p><\/div>[vc_empty_space height=&#8220;10px&#8220;][\/vc_column][\/vc_row][vc_row][vc_column][vc_column_text css=&#8220;&#8220;]<\/p>\n<h1>Gutschein f\u00fcr den Weltladen Hofheim<\/h1>\n<p>[\/vc_column_text][vc_column_text css=&#8220;&#8220;]Schenken macht gl\u00fccklich, vor allem, wenn es Menschen eine Freude bereitet, die uns wichtig sind. Noch gl\u00fccklicher macht es, wenn wir damit etwas bewegen k\u00f6nnen. Mit dem Gutschein f\u00fcr unseren Weltladen fairw\u00f6hnen Sie Ihre Lieben und leisten gleichzeitig einen Beitrag f\u00fcr eine nachhaltige und gerechtere Welt.<\/p>\n<p>Schenken Sie ein pers\u00f6nliches und sinnvolles Geschenk, das eine sch\u00f6ne Auswahl an 100 % fair gehandelten Produkten beinhaltet, eine starke Botschaft vermittelt und gleichzeitig das Leben der Produzent:innen und ihrer Familien verbessert.<\/p>\n<p><strong>Geschenkgutscheine mit frei gew\u00e4hltem Betrag erhalten Sie bei uns im Weltladen Hofheim.<\/strong>[\/vc_column_text][\/vc_column][\/vc_row][vc_row][vc_column][vc_empty_space height=&#8220;10px&#8220;][vc_column_text css=&#8220;&#8220;]<\/p>\n<h1>F\u00fcr jede*n ist etwas dabei!<\/h1>\n<p>[\/vc_column_text][vc_column_text css=&#8220;&#8220;]Von k\u00f6stlichen Lebensmitteln wie Kaffee, Tee und Schokolade \u00fcber reizvolle Handwerksprodukte, tolle Accessoires und Damen- und Herrenkleidung zum Wohlf\u00fchlen \u2013 in unserem Weltladen finden Sie einzigartige und liebevolle Produkte, die mit Sicherheit eine Freude bereiten werden: <strong>Fair schenken macht Freude.<\/strong>[\/vc_column_text][\/vc_column][\/vc_row]<\/p>\n<\/div>","protected":false},"excerpt":{"rendered":"<p>[vc_row][vc_column][vc_empty_space height=&#8220;10px&#8220;][\/vc_column][\/vc_row][vc_row][vc_column][vc_column_text css=&#8220;&#8220;] Gutschein f\u00fcr den Weltladen Hofheim [\/vc_column_text][vc_column_text css=&#8220;&#8220;]Schenken macht gl\u00fccklich, vor allem, wenn es Menschen eine Freude bereitet, die uns wichtig sind. Noch gl\u00fccklicher macht es, wenn wir damit etwas bewegen k\u00f6nnen. Mit dem Gutschein f\u00fcr unseren Weltladen fairw\u00f6hnen Sie Ihre Lieben und leisten gleichzeitig einen Beitrag f\u00fcr eine nachhaltige und gerechtere Welt.&hellip;<\/p>\n","protected":false},"author":93,"featured_media":0,"parent":0,"menu_order":1,"comment_status":"closed","ping_status":"closed","template":"","meta":{"footnotes":""},"class_list":["post-8436","page","type-page","status-publish","hentry","description-off"],"yoast_head":"<!-- This site is optimized with the Yoast SEO plugin v26.8 - https:\/\/yoast.com\/product\/yoast-seo-wordpress\/ -->\n<title>Gutschein f\u00fcr den Weltladen Hofheim - Weltladen Hofheim<\/title>\n<meta name=\"robots\" content=\"index, follow, max-snippet:-1, max-image-preview:large, max-video-preview:-1\" \/>\n<link rel=\"canonical\" href=\"https:\/\/weltlaeden.de\/hofheim\/gutschein-fuer-den-weltladen-hofheim\/\" \/>\n<meta property=\"og:locale\" content=\"de_DE\" \/>\n<meta property=\"og:type\" content=\"article\" \/>\n<meta property=\"og:title\" content=\"Gutschein f\u00fcr den Weltladen Hofheim - Weltladen Hofheim\" \/>\n<meta property=\"og:description\" content=\"[vc_row][vc_column][vc_empty_space height=&#8220;10px&#8220;][\/vc_column][\/vc_row][vc_row][vc_column][vc_column_text css=&#8220;&#8220;] Gutschein f\u00fcr den Weltladen Hofheim [\/vc_column_text][vc_column_text css=&#8220;&#8220;]Schenken macht gl\u00fccklich, vor allem, wenn es Menschen eine Freude bereitet, die uns wichtig sind. Noch gl\u00fccklicher macht es, wenn wir damit etwas bewegen k\u00f6nnen. Mit dem Gutschein f\u00fcr unseren Weltladen fairw\u00f6hnen Sie Ihre Lieben und leisten gleichzeitig einen Beitrag f\u00fcr eine nachhaltige und gerechtere Welt.&hellip;\" \/>\n<meta property=\"og:url\" content=\"https:\/\/weltlaeden.de\/hofheim\/gutschein-fuer-den-weltladen-hofheim\/\" \/>\n<meta property=\"og:site_name\" content=\"Weltladen Hofheim\" \/>\n<meta property=\"og:image\" content=\"https:\/\/weltlaeden.de\/hofheim\/wp-content\/uploads\/sites\/63\/2020\/04\/weltladen201903_160_klein.1200x675.jpg\" \/>\n\t<meta property=\"og:image:width\" content=\"1013\" \/>\n\t<meta property=\"og:image:height\" content=\"675\" \/>\n\t<meta property=\"og:image:type\" content=\"image\/jpeg\" \/>\n<meta name=\"twitter:card\" content=\"summary_large_image\" \/>\n<meta name=\"twitter:label1\" content=\"Gesch\u00e4tzte Lesezeit\" \/>\n\t<meta name=\"twitter:data1\" content=\"2\u00a0Minuten\" \/>\n<script type=\"application\/ld+json\" class=\"yoast-schema-graph\">{\"@context\":\"https:\/\/schema.org\",\"@graph\":[{\"@type\":\"WebPage\",\"@id\":\"https:\/\/weltlaeden.de\/hofheim\/gutschein-fuer-den-weltladen-hofheim\/\",\"url\":\"https:\/\/weltlaeden.de\/hofheim\/gutschein-fuer-den-weltladen-hofheim\/\",\"name\":\"Gutschein f\u00fcr den Weltladen Hofheim - Weltladen Hofheim\",\"isPartOf\":{\"@id\":\"https:\/\/weltlaeden.de\/hofheim\/#website\"},\"primaryImageOfPage\":{\"@id\":\"https:\/\/weltlaeden.de\/hofheim\/gutschein-fuer-den-weltladen-hofheim\/#primaryimage\"},\"image\":{\"@id\":\"https:\/\/weltlaeden.de\/hofheim\/gutschein-fuer-den-weltladen-hofheim\/#primaryimage\"},\"thumbnailUrl\":\"https:\/\/weltlaeden.de\/hofheim\/wp-content\/uploads\/sites\/63\/2020\/04\/weltladen201903_160_klein.1200x675.jpg\",\"datePublished\":\"2025-02-12T17:37:08+00:00\",\"breadcrumb\":{\"@id\":\"https:\/\/weltlaeden.de\/hofheim\/gutschein-fuer-den-weltladen-hofheim\/#breadcrumb\"},\"inLanguage\":\"de\",\"potentialAction\":[{\"@type\":\"ReadAction\",\"target\":[\"https:\/\/weltlaeden.de\/hofheim\/gutschein-fuer-den-weltladen-hofheim\/\"]}]},{\"@type\":\"ImageObject\",\"inLanguage\":\"de\",\"@id\":\"https:\/\/weltlaeden.de\/hofheim\/gutschein-fuer-den-weltladen-hofheim\/#primaryimage\",\"url\":\"https:\/\/weltlaeden.de\/hofheim\/wp-content\/uploads\/sites\/63\/2020\/04\/weltladen201903_160_klein.1200x675.jpg\",\"contentUrl\":\"https:\/\/weltlaeden.de\/hofheim\/wp-content\/uploads\/sites\/63\/2020\/04\/weltladen201903_160_klein.1200x675.jpg\",\"width\":1013,\"height\":675,\"caption\":\"Foto: \u00a9 Weltladen-Dachverband\/A. Stehle\"},{\"@type\":\"BreadcrumbList\",\"@id\":\"https:\/\/weltlaeden.de\/hofheim\/gutschein-fuer-den-weltladen-hofheim\/#breadcrumb\",\"itemListElement\":[{\"@type\":\"ListItem\",\"position\":1,\"name\":\"Startseite\",\"item\":\"https:\/\/weltlaeden.de\/hofheim\/\"},{\"@type\":\"ListItem\",\"position\":2,\"name\":\"Gutschein f\u00fcr den Weltladen Hofheim\"}]},{\"@type\":\"WebSite\",\"@id\":\"https:\/\/weltlaeden.de\/hofheim\/#website\",\"url\":\"https:\/\/weltlaeden.de\/hofheim\/\",\"name\":\"Vorlage\",\"description\":\"Faire Produkte seit 1981\",\"potentialAction\":[{\"@type\":\"SearchAction\",\"target\":{\"@type\":\"EntryPoint\",\"urlTemplate\":\"https:\/\/weltlaeden.de\/hofheim\/?s={search_term_string}\"},\"query-input\":{\"@type\":\"PropertyValueSpecification\",\"valueRequired\":true,\"valueName\":\"search_term_string\"}}],\"inLanguage\":\"de\"}]}<\/script>\n<!-- \/ Yoast SEO plugin. -->","yoast_head_json":{"title":"Gutschein f\u00fcr den Weltladen Hofheim - Weltladen Hofheim","robots":{"index":"index","follow":"follow","max-snippet":"max-snippet:-1","max-image-preview":"max-image-preview:large","max-video-preview":"max-video-preview:-1"},"canonical":"https:\/\/weltlaeden.de\/hofheim\/gutschein-fuer-den-weltladen-hofheim\/","og_locale":"de_DE","og_type":"article","og_title":"Gutschein f\u00fcr den Weltladen Hofheim - Weltladen Hofheim","og_description":"[vc_row][vc_column][vc_empty_space height=&#8220;10px&#8220;][\/vc_column][\/vc_row][vc_row][vc_column][vc_column_text css=&#8220;&#8220;] Gutschein f\u00fcr den Weltladen Hofheim [\/vc_column_text][vc_column_text css=&#8220;&#8220;]Schenken macht gl\u00fccklich, vor allem, wenn es Menschen eine Freude bereitet, die uns wichtig sind. Noch gl\u00fccklicher macht es, wenn wir damit etwas bewegen k\u00f6nnen. Mit dem Gutschein f\u00fcr unseren Weltladen fairw\u00f6hnen Sie Ihre Lieben und leisten gleichzeitig einen Beitrag f\u00fcr eine nachhaltige und gerechtere Welt.&hellip;","og_url":"https:\/\/weltlaeden.de\/hofheim\/gutschein-fuer-den-weltladen-hofheim\/","og_site_name":"Weltladen Hofheim","og_image":[{"width":1013,"height":675,"url":"https:\/\/weltlaeden.de\/hofheim\/wp-content\/uploads\/sites\/63\/2020\/04\/weltladen201903_160_klein.1200x675.jpg","type":"image\/jpeg"}],"twitter_card":"summary_large_image","twitter_misc":{"Gesch\u00e4tzte Lesezeit":"2\u00a0Minuten"},"schema":{"@context":"https:\/\/schema.org","@graph":[{"@type":"WebPage","@id":"https:\/\/weltlaeden.de\/hofheim\/gutschein-fuer-den-weltladen-hofheim\/","url":"https:\/\/weltlaeden.de\/hofheim\/gutschein-fuer-den-weltladen-hofheim\/","name":"Gutschein f\u00fcr den Weltladen Hofheim - Weltladen Hofheim","isPartOf":{"@id":"https:\/\/weltlaeden.de\/hofheim\/#website"},"primaryImageOfPage":{"@id":"https:\/\/weltlaeden.de\/hofheim\/gutschein-fuer-den-weltladen-hofheim\/#primaryimage"},"image":{"@id":"https:\/\/weltlaeden.de\/hofheim\/gutschein-fuer-den-weltladen-hofheim\/#primaryimage"},"thumbnailUrl":"https:\/\/weltlaeden.de\/hofheim\/wp-content\/uploads\/sites\/63\/2020\/04\/weltladen201903_160_klein.1200x675.jpg","datePublished":"2025-02-12T17:37:08+00:00","breadcrumb":{"@id":"https:\/\/weltlaeden.de\/hofheim\/gutschein-fuer-den-weltladen-hofheim\/#breadcrumb"},"inLanguage":"de","potentialAction":[{"@type":"ReadAction","target":["https:\/\/weltlaeden.de\/hofheim\/gutschein-fuer-den-weltladen-hofheim\/"]}]},{"@type":"ImageObject","inLanguage":"de","@id":"https:\/\/weltlaeden.de\/hofheim\/gutschein-fuer-den-weltladen-hofheim\/#primaryimage","url":"https:\/\/weltlaeden.de\/hofheim\/wp-content\/uploads\/sites\/63\/2020\/04\/weltladen201903_160_klein.1200x675.jpg","contentUrl":"https:\/\/weltlaeden.de\/hofheim\/wp-content\/uploads\/sites\/63\/2020\/04\/weltladen201903_160_klein.1200x675.jpg","width":1013,"height":675,"caption":"Foto: \u00a9 Weltladen-Dachverband\/A. Stehle"},{"@type":"BreadcrumbList","@id":"https:\/\/weltlaeden.de\/hofheim\/gutschein-fuer-den-weltladen-hofheim\/#breadcrumb","itemListElement":[{"@type":"ListItem","position":1,"name":"Startseite","item":"https:\/\/weltlaeden.de\/hofheim\/"},{"@type":"ListItem","position":2,"name":"Gutschein f\u00fcr den Weltladen Hofheim"}]},{"@type":"WebSite","@id":"https:\/\/weltlaeden.de\/hofheim\/#website","url":"https:\/\/weltlaeden.de\/hofheim\/","name":"Vorlage","description":"Faire Produkte seit 1981","potentialAction":[{"@type":"SearchAction","target":{"@type":"EntryPoint","urlTemplate":"https:\/\/weltlaeden.de\/hofheim\/?s={search_term_string}"},"query-input":{"@type":"PropertyValueSpecification","valueRequired":true,"valueName":"search_term_string"}}],"inLanguage":"de"}]}},"_links":{"self":[{"href":"https:\/\/weltlaeden.de\/hofheim\/wp-json\/wp\/v2\/pages\/8436","targetHints":{"allow":["GET"]}}],"collection":[{"href":"https:\/\/weltlaeden.de\/hofheim\/wp-json\/wp\/v2\/pages"}],"about":[{"href":"https:\/\/weltlaeden.de\/hofheim\/wp-json\/wp\/v2\/types\/page"}],"author":[{"embeddable":true,"href":"https:\/\/weltlaeden.de\/hofheim\/wp-json\/wp\/v2\/users\/93"}],"replies":[{"embeddable":true,"href":"https:\/\/weltlaeden.de\/hofheim\/wp-json\/wp\/v2\/comments?post=8436"}],"version-history":[{"count":6,"href":"https:\/\/weltlaeden.de\/hofheim\/wp-json\/wp\/v2\/pages\/8436\/revisions"}],"predecessor-version":[{"id":8442,"href":"https:\/\/weltlaeden.de\/hofheim\/wp-json\/wp\/v2\/pages\/8436\/revisions\/8442"}],"wp:attachment":[{"href":"https:\/\/weltlaeden.de\/hofheim\/wp-json\/wp\/v2\/media?parent=8436"}],"curies":[{"name":"wp","href":"https:\/\/api.w.org\/{rel}","templated":true}]}}