{"id":709,"date":"2019-01-29T00:06:37","date_gmt":"2019-01-28T23:06:37","guid":{"rendered":"https:\/\/weltlaeden.de\/hofheim\/spendenprojekte\/baeume-fuer-longoi\/"},"modified":"2025-05-09T19:09:03","modified_gmt":"2025-05-09T17:09:03","slug":"baeume-fuer-longoi","status":"publish","type":"page","link":"https:\/\/weltlaeden.de\/hofheim\/spendenprojekte\/baeume-fuer-longoi\/","title":{"rendered":"B\u00e4ume f\u00fcr Longoi"},"content":{"rendered":"<p><img loading=\"lazy\" decoding=\"async\" class=\"wp-image-3503 size-full aligncenter\" src=\"https:\/\/weltlaeden.de\/hofheim\/wp-content\/uploads\/sites\/63\/2021\/07\/baeume_fuer_longoi_700x325.jpg\" alt=\"\" width=\"700\" height=\"325\" srcset=\"https:\/\/weltlaeden.de\/hofheim\/wp-content\/uploads\/sites\/63\/2021\/07\/baeume_fuer_longoi_700x325.jpg 700w, https:\/\/weltlaeden.de\/hofheim\/wp-content\/uploads\/sites\/63\/2021\/07\/baeume_fuer_longoi_700x325-300x139.jpg 300w\" sizes=\"auto, (max-width: 700px) 100vw, 700px\" \/>[vc_empty_space][vc_column_text]<\/p>\n<h1>B\u00e4ume f\u00fcr Longoi \u2014 Ein Wasser-Wald-Projekt in Tanzania<\/h1>\n<p><strong>Dieses Projekt konnten wir durch Ihre Spenden und Erl\u00f6se des Weltladens mit insgesamt 7.000 \u20ac (2015 = 3.000 \u20ac \/ 2016 = 4.000 \u20ac) f\u00f6rdern. DANKE f\u00fcr Ihre Hilfe!<\/strong><strong>\u00a0<\/strong><\/p>\n<p>In den Jahren 2015 und 2016 haben die Vereinsmitglieder entschieden, das Projekt \u201cB\u00e4ume f\u00fcr Longoi\u201d zu unterst\u00fctzen.\u00a0Das Dorf Longoi (ca. 3.000 Einwohner) liegt in den Usambara Bergen, eine der fruchtbarsten Regionen mit einer enorm hohen Biodiversit\u00e4t in Nord-Ost Tansania. Ein gro\u00dfer Zustrom von Menschen aus anderen Regionen und starkes Bev\u00f6lkerungswachstum bedingen einen stetig wachsenden Nutzungsdruck auf die umliegenden nat\u00fcrlichen W\u00e4lder. 95% der Einwohner Longois sind Kleinbauern, die zwar Agroforestry betreiben, jedoch den Wald abholzen, um fruchtbaren Boden zu erschlie\u00dfen. Holz ist die einzige Energiequelle (zum Kochen und Heizen) und ein wichtiger Wertstoff. Der R\u00fcckgang der Bewaldung verursachte eine St\u00f6rung der nat\u00fcrlichen Wasserkreisl\u00e4ufe und f\u00fchrte schlie\u00dflich zur Versiegung von mehreren Wasserquellen sowie Erosion. Frauen, die traditionell das Wasser holen, m\u00fcssen mehrere Stunden laufen, um die einzig noch intakte Quelle zu erreichen. Hinzu kommt, dass das Artensterben dramatisch zunimmt.<\/p>\n<h1>Projektziel und Resultate<\/h1>\n<p><strong>Ziel:<br \/>\n<\/strong>Wiederherstellung der nat\u00fcrlichen Wasserkreisl\u00e4ufe, um Wasser wieder verf\u00fcgbar zu machen. Wiederbewaldung, um Druck von nat\u00fcrlichen W\u00e4ldern zu nehmen.<\/p>\n<p><strong>Ansatz:<br \/>\n<\/strong>Gepflanzt werden geeignete Baumarten in der N\u00e4he der Wasserquellen und auf Farmen, um<br \/>\na) mehr Wasser in den Boden zu bekommen und es dort besser zu halten<br \/>\nb) den Nutzungsdruck von Feuer- und Wertholz in den nat\u00fcrlichen W\u00e4ldern zu verringern.<\/p>\n<p><strong>Methode:<br \/>\n<\/strong>Partizipativ. Durch Workshops und Informationsveranstaltungen werden den Dorfbewohnern \u00f6kologische Zusammenh\u00e4nge n\u00e4her gebracht. Ihnen wird beigebracht, wie sie Baumschulen anlegen und pflegen. In gemeinschaftlichen Tree-Planting-Exercises werden die Setzlinge an den vorher bestimmten Orten verpflanzt.<\/p>\n<p><strong>Resultate:<br \/>\n<\/strong>Bisher wurden mit Hilfe einer F\u00f6rderung von 5.000 Euro durch eine tansanische Stiftung (Tanzania Forest Fund) 3.000 Setzlinge verpflanzt. Das Geld wurde f\u00fcr das Ausrichten der Workshops, die Beschaffung der Samen, des D\u00fcngers, der Pflanzwerkzeuge und die Beratung von Experten der lokalen Universit\u00e4t verwendet. Die angelegten Baumschulen und die Pflanzgebiete sollen nun mit Hilfe zus\u00e4tzlicher F\u00f6rderung vergr\u00f6\u00dfert werden. Einen weiteren Schwerpunkt m\u00f6chte die lokale Initiative auf die \u00f6kologische Bildung vor allem in Schulen setzen. Kinder, die lernen Baumschulen anzulegen und den Zusammenhang von intakten W\u00e4ldern und der Verf\u00fcgbarkeit von Wasser begreifen, werden schonender mit den nat\u00fcrlichen W\u00e4ldern umgehen, wenn sie die Felder ihrer Eltern eines Tages \u00fcbernehmen. Au\u00dferdem k\u00f6nnen sie einen gro\u00dfen Einfluss auf das \u00f6kologische Verhalten ihrer Eltern aus\u00fcben.<\/p>\n<p><strong>Einschr\u00e4nkung:<br \/>\n<\/strong>Jedes \u201cForst\u201d-Projekt leidet an einer gro\u00dfen Zeitspanne. Es kann zehn bis drei\u00dfig Jahre dauern, bis sich die nat\u00fcrlichen Wasserkreisl\u00e4ufe erholt haben oder bis die gepflanzten B\u00e4ume um ihres Nutzwertes verwendet werden k\u00f6nnen. Wenn sich das Wasserproblem weiter versch\u00e4rft, wird man vielleicht in der Zwischenzeit einen Brunnen graben oder lange Leitungen legen m\u00fcssen. Das wird aber niemals eine Aufforstung und nachhaltige Waldnutzung \u00fcberfl\u00fcssig machen. Die Herausforderung ist es, die Menschen so sehr zu sensibilisieren und auszubilden, dass sie kontinuierlich B\u00e4ume pflanzen und diese auch pflegen.<\/p>\n<h1>Akteure<\/h1>\n<p><strong style=\"font-size: 14px\">Longoi Agricultural and Environmental Group<br \/>\n<\/strong>Im Dorf Longoi wurde ein Verein gegr\u00fcndet, dessen Mitglieder die schwerwiegenden \u00f6kologischen Probleme erkannt und sich deren L\u00f6sungen verschrieben haben. Der Vorsitzende ist Ibrahim Mkwiru, er hat in Spanien und in Bonn Ressourcen Management studiert.<\/p>\n<p><strong>Weltweit \u2013 Gesellschaft zur F\u00f6rderung lokaler Initiativen e.V.<br \/>\n<\/strong>Der Verein wurde im Fr\u00fchjahr 2014 gegr\u00fcndet. Er m\u00f6chte Initiativen, die von lokalen Akteuren geplant und ausgef\u00fchrt werden, ideell und finanziell unterst\u00fctzen.<\/p>\n<p>Erfahren Sie mehr: <a href=\"https:\/\/welt-weit.org\/project\/wiederherstellung-natuerlicher-wasserkreislaeufe-in-den-usambara-bergen-tansania\/\" target=\"_blank\" rel=\"noopener\">\u27a1\ufe0f Weltweit &#8211; Gesellschaft zur F\u00f6rderung lokaler Initiativen e.V.<\/a><\/p>\n","protected":false},"excerpt":{"rendered":"<p>[vc_empty_space][vc_column_text] B\u00e4ume f\u00fcr Longoi \u2014 Ein Wasser-Wald-Projekt in Tanzania Dieses Projekt konnten wir durch Ihre Spenden und Erl\u00f6se des Weltladens mit insgesamt 7.000 \u20ac (2015 = 3.000 \u20ac \/ 2016 = 4.000 \u20ac) f\u00f6rdern. DANKE f\u00fcr Ihre Hilfe!\u00a0 In den Jahren 2015 und 2016 haben die Vereinsmitglieder entschieden, das Projekt \u201cB\u00e4ume f\u00fcr Longoi\u201d zu unterst\u00fctzen.\u00a0Das&hellip;<\/p>\n","protected":false},"author":93,"featured_media":0,"parent":4681,"menu_order":7,"comment_status":"closed","ping_status":"closed","template":"","meta":{"footnotes":""},"class_list":["post-709","page","type-page","status-publish","hentry","description-off"],"yoast_head":"<!-- This site is optimized with the Yoast SEO plugin v26.8 - https:\/\/yoast.com\/product\/yoast-seo-wordpress\/ -->\n<title>B\u00e4ume f\u00fcr Longoi - Weltladen Hofheim<\/title>\n<meta name=\"robots\" content=\"index, follow, max-snippet:-1, max-image-preview:large, max-video-preview:-1\" \/>\n<link rel=\"canonical\" href=\"https:\/\/weltlaeden.de\/hofheim\/spendenprojekte\/baeume-fuer-longoi\/\" \/>\n<meta property=\"og:locale\" content=\"de_DE\" \/>\n<meta property=\"og:type\" content=\"article\" \/>\n<meta property=\"og:title\" content=\"B\u00e4ume f\u00fcr Longoi - Weltladen Hofheim\" \/>\n<meta property=\"og:description\" content=\"[vc_empty_space][vc_column_text] B\u00e4ume f\u00fcr Longoi \u2014 Ein Wasser-Wald-Projekt in Tanzania Dieses Projekt konnten wir durch Ihre Spenden und Erl\u00f6se des Weltladens mit insgesamt 7.000 \u20ac (2015 = 3.000 \u20ac \/ 2016 = 4.000 \u20ac) f\u00f6rdern. DANKE f\u00fcr Ihre Hilfe!\u00a0 In den Jahren 2015 und 2016 haben die Vereinsmitglieder entschieden, das Projekt \u201cB\u00e4ume f\u00fcr Longoi\u201d zu unterst\u00fctzen.\u00a0Das&hellip;\" \/>\n<meta property=\"og:url\" content=\"https:\/\/weltlaeden.de\/hofheim\/spendenprojekte\/baeume-fuer-longoi\/\" \/>\n<meta property=\"og:site_name\" content=\"Weltladen Hofheim\" \/>\n<meta property=\"article:modified_time\" content=\"2025-05-09T17:09:03+00:00\" \/>\n<meta property=\"og:image\" content=\"https:\/\/weltlaeden.de\/hofheim\/wp-content\/uploads\/sites\/63\/2021\/07\/baeume_fuer_longoi_700x325.jpg\" \/>\n\t<meta property=\"og:image:width\" content=\"700\" \/>\n\t<meta property=\"og:image:height\" content=\"325\" \/>\n\t<meta property=\"og:image:type\" content=\"image\/jpeg\" \/>\n<meta name=\"twitter:card\" content=\"summary_large_image\" \/>\n<meta name=\"twitter:label1\" content=\"Gesch\u00e4tzte Lesezeit\" \/>\n\t<meta name=\"twitter:data1\" content=\"4\u00a0Minuten\" \/>\n<script type=\"application\/ld+json\" class=\"yoast-schema-graph\">{\"@context\":\"https:\/\/schema.org\",\"@graph\":[{\"@type\":\"WebPage\",\"@id\":\"https:\/\/weltlaeden.de\/hofheim\/spendenprojekte\/baeume-fuer-longoi\/\",\"url\":\"https:\/\/weltlaeden.de\/hofheim\/spendenprojekte\/baeume-fuer-longoi\/\",\"name\":\"B\u00e4ume f\u00fcr Longoi - Weltladen Hofheim\",\"isPartOf\":{\"@id\":\"https:\/\/weltlaeden.de\/hofheim\/#website\"},\"primaryImageOfPage\":{\"@id\":\"https:\/\/weltlaeden.de\/hofheim\/spendenprojekte\/baeume-fuer-longoi\/#primaryimage\"},\"image\":{\"@id\":\"https:\/\/weltlaeden.de\/hofheim\/spendenprojekte\/baeume-fuer-longoi\/#primaryimage\"},\"thumbnailUrl\":\"https:\/\/weltlaeden.de\/hofheim\/wp-content\/uploads\/sites\/63\/2021\/07\/baeume_fuer_longoi_700x325.jpg\",\"datePublished\":\"2019-01-28T23:06:37+00:00\",\"dateModified\":\"2025-05-09T17:09:03+00:00\",\"breadcrumb\":{\"@id\":\"https:\/\/weltlaeden.de\/hofheim\/spendenprojekte\/baeume-fuer-longoi\/#breadcrumb\"},\"inLanguage\":\"de\",\"potentialAction\":[{\"@type\":\"ReadAction\",\"target\":[\"https:\/\/weltlaeden.de\/hofheim\/spendenprojekte\/baeume-fuer-longoi\/\"]}]},{\"@type\":\"ImageObject\",\"inLanguage\":\"de\",\"@id\":\"https:\/\/weltlaeden.de\/hofheim\/spendenprojekte\/baeume-fuer-longoi\/#primaryimage\",\"url\":\"https:\/\/weltlaeden.de\/hofheim\/wp-content\/uploads\/sites\/63\/2021\/07\/baeume_fuer_longoi_700x325.jpg\",\"contentUrl\":\"https:\/\/weltlaeden.de\/hofheim\/wp-content\/uploads\/sites\/63\/2021\/07\/baeume_fuer_longoi_700x325.jpg\",\"width\":700,\"height\":325},{\"@type\":\"BreadcrumbList\",\"@id\":\"https:\/\/weltlaeden.de\/hofheim\/spendenprojekte\/baeume-fuer-longoi\/#breadcrumb\",\"itemListElement\":[{\"@type\":\"ListItem\",\"position\":1,\"name\":\"Startseite\",\"item\":\"https:\/\/weltlaeden.de\/hofheim\/\"},{\"@type\":\"ListItem\",\"position\":2,\"name\":\"Spendenprojekte\",\"item\":\"https:\/\/weltlaeden.de\/hofheim\/spendenprojekte\/\"},{\"@type\":\"ListItem\",\"position\":3,\"name\":\"B\u00e4ume f\u00fcr Longoi\"}]},{\"@type\":\"WebSite\",\"@id\":\"https:\/\/weltlaeden.de\/hofheim\/#website\",\"url\":\"https:\/\/weltlaeden.de\/hofheim\/\",\"name\":\"Vorlage\",\"description\":\"Faire Produkte seit 1981\",\"potentialAction\":[{\"@type\":\"SearchAction\",\"target\":{\"@type\":\"EntryPoint\",\"urlTemplate\":\"https:\/\/weltlaeden.de\/hofheim\/?s={search_term_string}\"},\"query-input\":{\"@type\":\"PropertyValueSpecification\",\"valueRequired\":true,\"valueName\":\"search_term_string\"}}],\"inLanguage\":\"de\"}]}<\/script>\n<!-- \/ Yoast SEO plugin. -->","yoast_head_json":{"title":"B\u00e4ume f\u00fcr Longoi - Weltladen Hofheim","robots":{"index":"index","follow":"follow","max-snippet":"max-snippet:-1","max-image-preview":"max-image-preview:large","max-video-preview":"max-video-preview:-1"},"canonical":"https:\/\/weltlaeden.de\/hofheim\/spendenprojekte\/baeume-fuer-longoi\/","og_locale":"de_DE","og_type":"article","og_title":"B\u00e4ume f\u00fcr Longoi - Weltladen Hofheim","og_description":"[vc_empty_space][vc_column_text] B\u00e4ume f\u00fcr Longoi \u2014 Ein Wasser-Wald-Projekt in Tanzania Dieses Projekt konnten wir durch Ihre Spenden und Erl\u00f6se des Weltladens mit insgesamt 7.000 \u20ac (2015 = 3.000 \u20ac \/ 2016 = 4.000 \u20ac) f\u00f6rdern. DANKE f\u00fcr Ihre Hilfe!\u00a0 In den Jahren 2015 und 2016 haben die Vereinsmitglieder entschieden, das Projekt \u201cB\u00e4ume f\u00fcr Longoi\u201d zu unterst\u00fctzen.\u00a0Das&hellip;","og_url":"https:\/\/weltlaeden.de\/hofheim\/spendenprojekte\/baeume-fuer-longoi\/","og_site_name":"Weltladen Hofheim","article_modified_time":"2025-05-09T17:09:03+00:00","og_image":[{"width":700,"height":325,"url":"https:\/\/weltlaeden.de\/hofheim\/wp-content\/uploads\/sites\/63\/2021\/07\/baeume_fuer_longoi_700x325.jpg","type":"image\/jpeg"}],"twitter_card":"summary_large_image","twitter_misc":{"Gesch\u00e4tzte Lesezeit":"4\u00a0Minuten"},"schema":{"@context":"https:\/\/schema.org","@graph":[{"@type":"WebPage","@id":"https:\/\/weltlaeden.de\/hofheim\/spendenprojekte\/baeume-fuer-longoi\/","url":"https:\/\/weltlaeden.de\/hofheim\/spendenprojekte\/baeume-fuer-longoi\/","name":"B\u00e4ume f\u00fcr Longoi - Weltladen Hofheim","isPartOf":{"@id":"https:\/\/weltlaeden.de\/hofheim\/#website"},"primaryImageOfPage":{"@id":"https:\/\/weltlaeden.de\/hofheim\/spendenprojekte\/baeume-fuer-longoi\/#primaryimage"},"image":{"@id":"https:\/\/weltlaeden.de\/hofheim\/spendenprojekte\/baeume-fuer-longoi\/#primaryimage"},"thumbnailUrl":"https:\/\/weltlaeden.de\/hofheim\/wp-content\/uploads\/sites\/63\/2021\/07\/baeume_fuer_longoi_700x325.jpg","datePublished":"2019-01-28T23:06:37+00:00","dateModified":"2025-05-09T17:09:03+00:00","breadcrumb":{"@id":"https:\/\/weltlaeden.de\/hofheim\/spendenprojekte\/baeume-fuer-longoi\/#breadcrumb"},"inLanguage":"de","potentialAction":[{"@type":"ReadAction","target":["https:\/\/weltlaeden.de\/hofheim\/spendenprojekte\/baeume-fuer-longoi\/"]}]},{"@type":"ImageObject","inLanguage":"de","@id":"https:\/\/weltlaeden.de\/hofheim\/spendenprojekte\/baeume-fuer-longoi\/#primaryimage","url":"https:\/\/weltlaeden.de\/hofheim\/wp-content\/uploads\/sites\/63\/2021\/07\/baeume_fuer_longoi_700x325.jpg","contentUrl":"https:\/\/weltlaeden.de\/hofheim\/wp-content\/uploads\/sites\/63\/2021\/07\/baeume_fuer_longoi_700x325.jpg","width":700,"height":325},{"@type":"BreadcrumbList","@id":"https:\/\/weltlaeden.de\/hofheim\/spendenprojekte\/baeume-fuer-longoi\/#breadcrumb","itemListElement":[{"@type":"ListItem","position":1,"name":"Startseite","item":"https:\/\/weltlaeden.de\/hofheim\/"},{"@type":"ListItem","position":2,"name":"Spendenprojekte","item":"https:\/\/weltlaeden.de\/hofheim\/spendenprojekte\/"},{"@type":"ListItem","position":3,"name":"B\u00e4ume f\u00fcr Longoi"}]},{"@type":"WebSite","@id":"https:\/\/weltlaeden.de\/hofheim\/#website","url":"https:\/\/weltlaeden.de\/hofheim\/","name":"Vorlage","description":"Faire Produkte seit 1981","potentialAction":[{"@type":"SearchAction","target":{"@type":"EntryPoint","urlTemplate":"https:\/\/weltlaeden.de\/hofheim\/?s={search_term_string}"},"query-input":{"@type":"PropertyValueSpecification","valueRequired":true,"valueName":"search_term_string"}}],"inLanguage":"de"}]}},"_links":{"self":[{"href":"https:\/\/weltlaeden.de\/hofheim\/wp-json\/wp\/v2\/pages\/709","targetHints":{"allow":["GET"]}}],"collection":[{"href":"https:\/\/weltlaeden.de\/hofheim\/wp-json\/wp\/v2\/pages"}],"about":[{"href":"https:\/\/weltlaeden.de\/hofheim\/wp-json\/wp\/v2\/types\/page"}],"author":[{"embeddable":true,"href":"https:\/\/weltlaeden.de\/hofheim\/wp-json\/wp\/v2\/users\/93"}],"replies":[{"embeddable":true,"href":"https:\/\/weltlaeden.de\/hofheim\/wp-json\/wp\/v2\/comments?post=709"}],"version-history":[{"count":44,"href":"https:\/\/weltlaeden.de\/hofheim\/wp-json\/wp\/v2\/pages\/709\/revisions"}],"predecessor-version":[{"id":8622,"href":"https:\/\/weltlaeden.de\/hofheim\/wp-json\/wp\/v2\/pages\/709\/revisions\/8622"}],"up":[{"embeddable":true,"href":"https:\/\/weltlaeden.de\/hofheim\/wp-json\/wp\/v2\/pages\/4681"}],"wp:attachment":[{"href":"https:\/\/weltlaeden.de\/hofheim\/wp-json\/wp\/v2\/media?parent=709"}],"curies":[{"name":"wp","href":"https:\/\/api.w.org\/{rel}","templated":true}]}}