{"id":4446,"date":"2022-02-07T18:17:35","date_gmt":"2022-02-07T17:17:35","guid":{"rendered":"https:\/\/weltlaeden.de\/hofheim\/?page_id=4446"},"modified":"2025-05-09T18:37:17","modified_gmt":"2025-05-09T16:37:17","slug":"fair-fashion","status":"publish","type":"page","link":"https:\/\/weltlaeden.de\/hofheim\/unser-laden\/fair-fashion-damen-herren-kinder\/fair-fashion\/","title":{"rendered":"Fair Fashion"},"content":{"rendered":"<div class=\"wpb-content-wrapper\"><p>[vc_row][vc_column]<div class=\"wl_einzelbild\"><p><\/p>\n<div id=\"attachment_5243\" style=\"width: 1034px\" class=\"wp-caption alignnone\"><img loading=\"lazy\" decoding=\"async\" aria-describedby=\"caption-attachment-5243\" class=\"size-large wp-image-5243\" src=\"https:\/\/weltlaeden.de\/hofheim\/wp-content\/uploads\/sites\/63\/2022\/03\/sortiment_weltladen_fair_fashion_hofheim_6310-1024x683.jpg\" alt=\"\" width=\"1024\" height=\"683\" srcset=\"https:\/\/weltlaeden.de\/hofheim\/wp-content\/uploads\/sites\/63\/2022\/03\/sortiment_weltladen_fair_fashion_hofheim_6310-1024x683.jpg 1024w, https:\/\/weltlaeden.de\/hofheim\/wp-content\/uploads\/sites\/63\/2022\/03\/sortiment_weltladen_fair_fashion_hofheim_6310-300x200.jpg 300w, https:\/\/weltlaeden.de\/hofheim\/wp-content\/uploads\/sites\/63\/2022\/03\/sortiment_weltladen_fair_fashion_hofheim_6310-768x512.jpg 768w, https:\/\/weltlaeden.de\/hofheim\/wp-content\/uploads\/sites\/63\/2022\/03\/sortiment_weltladen_fair_fashion_hofheim_6310-1536x1024.jpg 1536w, https:\/\/weltlaeden.de\/hofheim\/wp-content\/uploads\/sites\/63\/2022\/03\/sortiment_weltladen_fair_fashion_hofheim_6310.jpg 1920w\" sizes=\"auto, (max-width: 1024px) 100vw, 1024px\" \/><p id=\"caption-attachment-5243\" class=\"wp-caption-text\">Foto: \u00a9 Sabine Klein<\/p><\/div>\n<p><\/p><\/div>[vc_empty_space height=&#8220;10px&#8220;][\/vc_column][\/vc_row][vc_row][vc_column][vc_column_text]<\/p>\n<h1>Fair Fashion<\/h1>\n<p>Fair statt mehr \u2013 unter diesem Motto stand die Faire Woche 2020. Insbesondere im Textilsektor wird deutlich, wie verheerend die Auswirkungen unseres Konsumverhaltens und politischer Entscheidungen sein k\u00f6nnen. Seit dem Einsturz der Textilfabrik in Rana Plaza, Bangladesch, im April 2013 ist zwar so manches passiert: Neue Siegel, Label und Initiativen haben sich gegr\u00fcndet, um mehr sozial vertr\u00e4gliche und \u00f6kologische Mode auf den Markt zu bringen.<\/p>\n<p>Bei uns finden Sie Kleidung aus fairen und nachhaltigen Materialien wie z.B. (Bio)-Baumwolle, Wolle, Leinen, Viskose und Hanf aus biologischem Anbau\/Tierhaltung. Gefertigt wird ohne Einsatz giftiger Chemikalien und es wird auf einen niedrigen Ressourcenverbrauch (z.B. Energie und Wasser) geachtet. Nicht zu vergessen faire Arbeitsbedingungen: Angemessene Arbeitszeiten, faire L\u00f6hne, Arbeitsschutz, keine Kinderarbeit, soziale Absicherungen.<\/p>\n<p>Bei der Produktion von FAIR FASHION kommen also weder Mensch noch Umwelt zu Schaden. Die Menschen, die faire Kleidung herstellen, agieren selbstbestimmt, haben grundlegende Rechte und k\u00f6nnen von ihrer Arbeit leben.[\/vc_column_text][vc_column_text]<em>Quelle: Weltladen-Dachverband e.V.<\/em>[\/vc_column_text][vc_empty_space height=&#8220;10px&#8220;][vc_column_text]<\/p>\n<h1>Siegel<\/h1>\n<p>Kennen Sie die &#8222;\u00d6kochecker&#8220; des SWR? Sie kl\u00e4ren auf und geben Tipps f\u00fcr nachhaltige Entscheidungen im Verbraucheralltag. Klicken Sie rein ins Video der Sendung \u00fcber faire Kleidung und Siegel (13 Minuten):<\/p>\n<p><a href=\"https:\/\/www.youtube.com\/watch?v=a6uHyg5seZQ\" target=\"_blank\" rel=\"noopener\"><img loading=\"lazy\" decoding=\"async\" class=\"alignnone wp-image-4369 size-medium\" src=\"https:\/\/weltlaeden.de\/hofheim\/wp-content\/uploads\/sites\/63\/2022\/02\/2022_Fair_Fashion_Video-300x169.jpg\" alt=\"\" width=\"300\" height=\"169\" srcset=\"https:\/\/weltlaeden.de\/hofheim\/wp-content\/uploads\/sites\/63\/2022\/02\/2022_Fair_Fashion_Video-300x169.jpg 300w, https:\/\/weltlaeden.de\/hofheim\/wp-content\/uploads\/sites\/63\/2022\/02\/2022_Fair_Fashion_Video-1024x577.jpg 1024w, https:\/\/weltlaeden.de\/hofheim\/wp-content\/uploads\/sites\/63\/2022\/02\/2022_Fair_Fashion_Video-768x433.jpg 768w, https:\/\/weltlaeden.de\/hofheim\/wp-content\/uploads\/sites\/63\/2022\/02\/2022_Fair_Fashion_Video.jpg 1147w\" sizes=\"auto, (max-width: 300px) 100vw, 300px\" \/><\/a><\/p>\n<p>Weder am Konsumverhalten (laut Greenpeace kaufen wir Deutschen im Jahr durchschnittlich 60 neue Kleidungsst\u00fccke), noch an den unfairen Handelspraktiken der gro\u00dfen Modeunternehmen hat sich viel ge\u00e4ndert. Aber wir als Verbraucher:innen haben Alternativen, unseren Konsum vertr\u00e4glicher zu gestalten. Denn mit\u00a0unserer Entscheidung, etwas (nicht) zu kaufen, haben wir die M\u00f6glichkeit, die Textilwelt Schritt f\u00fcr Schritt fairer zu machen. Erfahren Sie mehr dazu in Folge 7 des\u00a0Weltladen-Podcast.<br \/>\n<a href=\"https:\/\/weltlaeden.de\/hofheim\/fairer-handel\/fairtont-der-weltladen-podcast\/\" target=\"_blank\" rel=\"noopener\">\u27a1\ufe0f Hier geht&#8217;s zur Seite fairtont!<\/a>[\/vc_column_text][vc_column_text]<em>Quelle: S\u00fcdwestrundfunk<\/em>[\/vc_column_text][\/vc_column][\/vc_row][vc_column][\/vc_column]<\/p>\n<\/div>","protected":false},"excerpt":{"rendered":"<p>[vc_row][vc_column][vc_empty_space height=&#8220;10px&#8220;][\/vc_column][\/vc_row][vc_row][vc_column][vc_column_text] Fair Fashion Fair statt mehr \u2013 unter diesem Motto stand die Faire Woche 2020. Insbesondere im Textilsektor wird deutlich, wie verheerend die Auswirkungen unseres Konsumverhaltens und politischer Entscheidungen sein k\u00f6nnen. Seit dem Einsturz der Textilfabrik in Rana Plaza, Bangladesch, im April 2013 ist zwar so manches passiert: Neue Siegel, Label und Initiativen haben&hellip;<\/p>\n","protected":false},"author":93,"featured_media":0,"parent":6589,"menu_order":0,"comment_status":"closed","ping_status":"closed","template":"","meta":{"footnotes":""},"class_list":["post-4446","page","type-page","status-publish","hentry","description-off"],"yoast_head":"<!-- This site is optimized with the Yoast SEO plugin v26.8 - https:\/\/yoast.com\/product\/yoast-seo-wordpress\/ -->\n<title>Fair Fashion - Weltladen Hofheim<\/title>\n<meta name=\"robots\" content=\"index, follow, max-snippet:-1, max-image-preview:large, max-video-preview:-1\" \/>\n<link rel=\"canonical\" href=\"https:\/\/weltlaeden.de\/hofheim\/unser-laden\/fair-fashion-damen-herren-kinder\/fair-fashion\/\" \/>\n<meta property=\"og:locale\" content=\"de_DE\" \/>\n<meta property=\"og:type\" content=\"article\" \/>\n<meta property=\"og:title\" content=\"Fair Fashion - Weltladen Hofheim\" \/>\n<meta property=\"og:description\" content=\"[vc_row][vc_column][vc_empty_space height=&#8220;10px&#8220;][\/vc_column][\/vc_row][vc_row][vc_column][vc_column_text] Fair Fashion Fair statt mehr \u2013 unter diesem Motto stand die Faire Woche 2020. Insbesondere im Textilsektor wird deutlich, wie verheerend die Auswirkungen unseres Konsumverhaltens und politischer Entscheidungen sein k\u00f6nnen. Seit dem Einsturz der Textilfabrik in Rana Plaza, Bangladesch, im April 2013 ist zwar so manches passiert: Neue Siegel, Label und Initiativen haben&hellip;\" \/>\n<meta property=\"og:url\" content=\"https:\/\/weltlaeden.de\/hofheim\/unser-laden\/fair-fashion-damen-herren-kinder\/fair-fashion\/\" \/>\n<meta property=\"og:site_name\" content=\"Weltladen Hofheim\" \/>\n<meta property=\"article:modified_time\" content=\"2025-05-09T16:37:17+00:00\" \/>\n<meta property=\"og:image\" content=\"https:\/\/weltlaeden.de\/hofheim\/wp-content\/uploads\/sites\/63\/2022\/03\/sortiment_weltladen_fair_fashion_hofheim_6310.jpg\" \/>\n\t<meta property=\"og:image:width\" content=\"1920\" \/>\n\t<meta property=\"og:image:height\" content=\"1280\" \/>\n\t<meta property=\"og:image:type\" content=\"image\/jpeg\" \/>\n<meta name=\"twitter:card\" content=\"summary_large_image\" \/>\n<meta name=\"twitter:label1\" content=\"Gesch\u00e4tzte Lesezeit\" \/>\n\t<meta name=\"twitter:data1\" content=\"2\u00a0Minuten\" \/>\n<script type=\"application\/ld+json\" class=\"yoast-schema-graph\">{\"@context\":\"https:\/\/schema.org\",\"@graph\":[{\"@type\":\"WebPage\",\"@id\":\"https:\/\/weltlaeden.de\/hofheim\/unser-laden\/fair-fashion-damen-herren-kinder\/fair-fashion\/\",\"url\":\"https:\/\/weltlaeden.de\/hofheim\/unser-laden\/fair-fashion-damen-herren-kinder\/fair-fashion\/\",\"name\":\"Fair Fashion - Weltladen Hofheim\",\"isPartOf\":{\"@id\":\"https:\/\/weltlaeden.de\/hofheim\/#website\"},\"primaryImageOfPage\":{\"@id\":\"https:\/\/weltlaeden.de\/hofheim\/unser-laden\/fair-fashion-damen-herren-kinder\/fair-fashion\/#primaryimage\"},\"image\":{\"@id\":\"https:\/\/weltlaeden.de\/hofheim\/unser-laden\/fair-fashion-damen-herren-kinder\/fair-fashion\/#primaryimage\"},\"thumbnailUrl\":\"https:\/\/weltlaeden.de\/hofheim\/wp-content\/uploads\/sites\/63\/2022\/03\/sortiment_weltladen_fair_fashion_hofheim_6310-1024x683.jpg\",\"datePublished\":\"2022-02-07T17:17:35+00:00\",\"dateModified\":\"2025-05-09T16:37:17+00:00\",\"breadcrumb\":{\"@id\":\"https:\/\/weltlaeden.de\/hofheim\/unser-laden\/fair-fashion-damen-herren-kinder\/fair-fashion\/#breadcrumb\"},\"inLanguage\":\"de\",\"potentialAction\":[{\"@type\":\"ReadAction\",\"target\":[\"https:\/\/weltlaeden.de\/hofheim\/unser-laden\/fair-fashion-damen-herren-kinder\/fair-fashion\/\"]}]},{\"@type\":\"ImageObject\",\"inLanguage\":\"de\",\"@id\":\"https:\/\/weltlaeden.de\/hofheim\/unser-laden\/fair-fashion-damen-herren-kinder\/fair-fashion\/#primaryimage\",\"url\":\"https:\/\/weltlaeden.de\/hofheim\/wp-content\/uploads\/sites\/63\/2022\/03\/sortiment_weltladen_fair_fashion_hofheim_6310.jpg\",\"contentUrl\":\"https:\/\/weltlaeden.de\/hofheim\/wp-content\/uploads\/sites\/63\/2022\/03\/sortiment_weltladen_fair_fashion_hofheim_6310.jpg\",\"width\":1920,\"height\":1280,\"caption\":\"Foto: \u00a9 Sabine Klein\"},{\"@type\":\"BreadcrumbList\",\"@id\":\"https:\/\/weltlaeden.de\/hofheim\/unser-laden\/fair-fashion-damen-herren-kinder\/fair-fashion\/#breadcrumb\",\"itemListElement\":[{\"@type\":\"ListItem\",\"position\":1,\"name\":\"Startseite\",\"item\":\"https:\/\/weltlaeden.de\/hofheim\/\"},{\"@type\":\"ListItem\",\"position\":2,\"name\":\"Unser Laden\",\"item\":\"https:\/\/weltlaeden.de\/hofheim\/unser-laden\/\"},{\"@type\":\"ListItem\",\"position\":3,\"name\":\"FAIR FASHION Damen \u2022 Herren \u2022 Kinder\",\"item\":\"https:\/\/weltlaeden.de\/hofheim\/unser-laden\/fair-fashion-damen-herren-kinder\/\"},{\"@type\":\"ListItem\",\"position\":4,\"name\":\"Fair Fashion\"}]},{\"@type\":\"WebSite\",\"@id\":\"https:\/\/weltlaeden.de\/hofheim\/#website\",\"url\":\"https:\/\/weltlaeden.de\/hofheim\/\",\"name\":\"Vorlage\",\"description\":\"Faire Produkte seit 1981\",\"potentialAction\":[{\"@type\":\"SearchAction\",\"target\":{\"@type\":\"EntryPoint\",\"urlTemplate\":\"https:\/\/weltlaeden.de\/hofheim\/?s={search_term_string}\"},\"query-input\":{\"@type\":\"PropertyValueSpecification\",\"valueRequired\":true,\"valueName\":\"search_term_string\"}}],\"inLanguage\":\"de\"}]}<\/script>\n<!-- \/ Yoast SEO plugin. -->","yoast_head_json":{"title":"Fair Fashion - Weltladen Hofheim","robots":{"index":"index","follow":"follow","max-snippet":"max-snippet:-1","max-image-preview":"max-image-preview:large","max-video-preview":"max-video-preview:-1"},"canonical":"https:\/\/weltlaeden.de\/hofheim\/unser-laden\/fair-fashion-damen-herren-kinder\/fair-fashion\/","og_locale":"de_DE","og_type":"article","og_title":"Fair Fashion - Weltladen Hofheim","og_description":"[vc_row][vc_column][vc_empty_space height=&#8220;10px&#8220;][\/vc_column][\/vc_row][vc_row][vc_column][vc_column_text] Fair Fashion Fair statt mehr \u2013 unter diesem Motto stand die Faire Woche 2020. Insbesondere im Textilsektor wird deutlich, wie verheerend die Auswirkungen unseres Konsumverhaltens und politischer Entscheidungen sein k\u00f6nnen. Seit dem Einsturz der Textilfabrik in Rana Plaza, Bangladesch, im April 2013 ist zwar so manches passiert: Neue Siegel, Label und Initiativen haben&hellip;","og_url":"https:\/\/weltlaeden.de\/hofheim\/unser-laden\/fair-fashion-damen-herren-kinder\/fair-fashion\/","og_site_name":"Weltladen Hofheim","article_modified_time":"2025-05-09T16:37:17+00:00","og_image":[{"width":1920,"height":1280,"url":"https:\/\/weltlaeden.de\/hofheim\/wp-content\/uploads\/sites\/63\/2022\/03\/sortiment_weltladen_fair_fashion_hofheim_6310.jpg","type":"image\/jpeg"}],"twitter_card":"summary_large_image","twitter_misc":{"Gesch\u00e4tzte Lesezeit":"2\u00a0Minuten"},"schema":{"@context":"https:\/\/schema.org","@graph":[{"@type":"WebPage","@id":"https:\/\/weltlaeden.de\/hofheim\/unser-laden\/fair-fashion-damen-herren-kinder\/fair-fashion\/","url":"https:\/\/weltlaeden.de\/hofheim\/unser-laden\/fair-fashion-damen-herren-kinder\/fair-fashion\/","name":"Fair Fashion - Weltladen Hofheim","isPartOf":{"@id":"https:\/\/weltlaeden.de\/hofheim\/#website"},"primaryImageOfPage":{"@id":"https:\/\/weltlaeden.de\/hofheim\/unser-laden\/fair-fashion-damen-herren-kinder\/fair-fashion\/#primaryimage"},"image":{"@id":"https:\/\/weltlaeden.de\/hofheim\/unser-laden\/fair-fashion-damen-herren-kinder\/fair-fashion\/#primaryimage"},"thumbnailUrl":"https:\/\/weltlaeden.de\/hofheim\/wp-content\/uploads\/sites\/63\/2022\/03\/sortiment_weltladen_fair_fashion_hofheim_6310-1024x683.jpg","datePublished":"2022-02-07T17:17:35+00:00","dateModified":"2025-05-09T16:37:17+00:00","breadcrumb":{"@id":"https:\/\/weltlaeden.de\/hofheim\/unser-laden\/fair-fashion-damen-herren-kinder\/fair-fashion\/#breadcrumb"},"inLanguage":"de","potentialAction":[{"@type":"ReadAction","target":["https:\/\/weltlaeden.de\/hofheim\/unser-laden\/fair-fashion-damen-herren-kinder\/fair-fashion\/"]}]},{"@type":"ImageObject","inLanguage":"de","@id":"https:\/\/weltlaeden.de\/hofheim\/unser-laden\/fair-fashion-damen-herren-kinder\/fair-fashion\/#primaryimage","url":"https:\/\/weltlaeden.de\/hofheim\/wp-content\/uploads\/sites\/63\/2022\/03\/sortiment_weltladen_fair_fashion_hofheim_6310.jpg","contentUrl":"https:\/\/weltlaeden.de\/hofheim\/wp-content\/uploads\/sites\/63\/2022\/03\/sortiment_weltladen_fair_fashion_hofheim_6310.jpg","width":1920,"height":1280,"caption":"Foto: \u00a9 Sabine Klein"},{"@type":"BreadcrumbList","@id":"https:\/\/weltlaeden.de\/hofheim\/unser-laden\/fair-fashion-damen-herren-kinder\/fair-fashion\/#breadcrumb","itemListElement":[{"@type":"ListItem","position":1,"name":"Startseite","item":"https:\/\/weltlaeden.de\/hofheim\/"},{"@type":"ListItem","position":2,"name":"Unser Laden","item":"https:\/\/weltlaeden.de\/hofheim\/unser-laden\/"},{"@type":"ListItem","position":3,"name":"FAIR FASHION Damen \u2022 Herren \u2022 Kinder","item":"https:\/\/weltlaeden.de\/hofheim\/unser-laden\/fair-fashion-damen-herren-kinder\/"},{"@type":"ListItem","position":4,"name":"Fair Fashion"}]},{"@type":"WebSite","@id":"https:\/\/weltlaeden.de\/hofheim\/#website","url":"https:\/\/weltlaeden.de\/hofheim\/","name":"Vorlage","description":"Faire Produkte seit 1981","potentialAction":[{"@type":"SearchAction","target":{"@type":"EntryPoint","urlTemplate":"https:\/\/weltlaeden.de\/hofheim\/?s={search_term_string}"},"query-input":{"@type":"PropertyValueSpecification","valueRequired":true,"valueName":"search_term_string"}}],"inLanguage":"de"}]}},"_links":{"self":[{"href":"https:\/\/weltlaeden.de\/hofheim\/wp-json\/wp\/v2\/pages\/4446","targetHints":{"allow":["GET"]}}],"collection":[{"href":"https:\/\/weltlaeden.de\/hofheim\/wp-json\/wp\/v2\/pages"}],"about":[{"href":"https:\/\/weltlaeden.de\/hofheim\/wp-json\/wp\/v2\/types\/page"}],"author":[{"embeddable":true,"href":"https:\/\/weltlaeden.de\/hofheim\/wp-json\/wp\/v2\/users\/93"}],"replies":[{"embeddable":true,"href":"https:\/\/weltlaeden.de\/hofheim\/wp-json\/wp\/v2\/comments?post=4446"}],"version-history":[{"count":120,"href":"https:\/\/weltlaeden.de\/hofheim\/wp-json\/wp\/v2\/pages\/4446\/revisions"}],"predecessor-version":[{"id":8608,"href":"https:\/\/weltlaeden.de\/hofheim\/wp-json\/wp\/v2\/pages\/4446\/revisions\/8608"}],"up":[{"embeddable":true,"href":"https:\/\/weltlaeden.de\/hofheim\/wp-json\/wp\/v2\/pages\/6589"}],"wp:attachment":[{"href":"https:\/\/weltlaeden.de\/hofheim\/wp-json\/wp\/v2\/media?parent=4446"}],"curies":[{"name":"wp","href":"https:\/\/api.w.org\/{rel}","templated":true}]}}