{"version":"1.0","provider_name":"Weltladen Hofheim","provider_url":"https:\/\/weltlaeden.de\/hofheim","title":"Info-Abend Pakistan-Projekt - Weltladen Hofheim","type":"rich","width":600,"height":338,"html":"<blockquote class=\"wp-embedded-content\" data-secret=\"1plOnBaNSX\"><a href=\"https:\/\/weltlaeden.de\/hofheim\/termin\/info-abend-pakistan-projekt\/\">Info-Abend Pakistan-Projekt<\/a><\/blockquote><iframe sandbox=\"allow-scripts\" security=\"restricted\" src=\"https:\/\/weltlaeden.de\/hofheim\/termin\/info-abend-pakistan-projekt\/embed\/#?secret=1plOnBaNSX\" width=\"600\" height=\"338\" title=\"&#8222;Info-Abend Pakistan-Projekt&#8220; &#8211; Weltladen Hofheim\" data-secret=\"1plOnBaNSX\" frameborder=\"0\" marginwidth=\"0\" marginheight=\"0\" scrolling=\"no\" class=\"wp-embedded-content\"><\/iframe><script>\n\/*! This file is auto-generated *\/\n!function(d,l){\"use strict\";l.querySelector&&d.addEventListener&&\"undefined\"!=typeof URL&&(d.wp=d.wp||{},d.wp.receiveEmbedMessage||(d.wp.receiveEmbedMessage=function(e){var t=e.data;if((t||t.secret||t.message||t.value)&&!\/[^a-zA-Z0-9]\/.test(t.secret)){for(var s,r,n,a=l.querySelectorAll('iframe[data-secret=\"'+t.secret+'\"]'),o=l.querySelectorAll('blockquote[data-secret=\"'+t.secret+'\"]'),c=new RegExp(\"^https?:$\",\"i\"),i=0;i<o.length;i++)o[i].style.display=\"none\";for(i=0;i<a.length;i++)s=a[i],e.source===s.contentWindow&&(s.removeAttribute(\"style\"),\"height\"===t.message?(1e3<(r=parseInt(t.value,10))?r=1e3:~~r<200&&(r=200),s.height=r):\"link\"===t.message&&(r=new URL(s.getAttribute(\"src\")),n=new URL(t.value),c.test(n.protocol))&&n.host===r.host&&l.activeElement===s&&(d.top.location.href=t.value))}},d.addEventListener(\"message\",d.wp.receiveEmbedMessage,!1),l.addEventListener(\"DOMContentLoaded\",function(){for(var e,t,s=l.querySelectorAll(\"iframe.wp-embedded-content\"),r=0;r<s.length;r++)(t=(e=s[r]).getAttribute(\"data-secret\"))||(t=Math.random().toString(36).substring(2,12),e.src+=\"#?secret=\"+t,e.setAttribute(\"data-secret\",t)),e.contentWindow.postMessage({message:\"ready\",secret:t},\"*\")},!1)))}(window,document);\n<\/script>\n","description":"Wir laden Sie herzlich zu einem informativen und inspirierenden Info-Abend zu unserem aktuellen Projekt \u201eZukunft durch Olivenanbau\u201c in Pakistan ein. In angenehmer, offener Atmosph\u00e4re berichten Irfan Ullah aus Pakistan, Gr\u00fcnder von Sustainability Week Pakistan, und Kajo Stelter von Weltweit e.V. \u00fcber den aktuellen Stand des Projekts. Irfan Ullah ist ein engagierter Sozial- und Klimaaktivist sowie&hellip;","thumbnail_url":"https:\/\/weltlaeden.de\/hofheim\/wp-content\/uploads\/sites\/63\/2023\/11\/oliven.jpg","thumbnail_width":1920,"thumbnail_height":1280}

Wir laden Sie herzlich zu einem informativen und inspirierenden Info-Abend zu unserem aktuellen Projekt „Zukunft durch Olivenanbau“ in Pakistan ein. In angenehmer, offener Atmosphäre berichten Irfan Ullah aus Pakistan, Gründer von Sustainability Week Pakistan, und Kajo Stelter von Weltweit e.V. über den aktuellen Stand des Projekts. Irfan Ullah ist ein engagierter Sozial- und Klimaaktivist sowie&hellip;
