{"id":548,"date":"2021-12-16T11:57:27","date_gmt":"2021-12-16T10:57:27","guid":{"rendered":"https:\/\/weltlaeden.de\/herrieden\/?page_id=548"},"modified":"2026-03-02T20:52:20","modified_gmt":"2026-03-02T19:52:20","slug":"fairkaufstellen","status":"publish","type":"page","link":"https:\/\/weltlaeden.de\/herrieden\/weltladen\/fairkaufstellen\/","title":{"rendered":"FAIRkaufstellen"},"content":{"rendered":"<div class=\"wpb-content-wrapper\"><p>[vc_row][vc_column]<div class=\"wl_einzelbild\"><p><img loading=\"lazy\" decoding=\"async\" class=\"aligncenter wp-image-826 size-full\" src=\"https:\/\/weltlaeden.de\/herrieden\/wp-content\/uploads\/sites\/209\/2024\/02\/Verkauf-e1706783504993.jpg\" alt=\"\" width=\"1321\" height=\"564\" srcset=\"https:\/\/weltlaeden.de\/herrieden\/wp-content\/uploads\/sites\/209\/2024\/02\/Verkauf-e1706783504993.jpg 1321w, https:\/\/weltlaeden.de\/herrieden\/wp-content\/uploads\/sites\/209\/2024\/02\/Verkauf-e1706783504993-300x128.jpg 300w, https:\/\/weltlaeden.de\/herrieden\/wp-content\/uploads\/sites\/209\/2024\/02\/Verkauf-e1706783504993-1024x437.jpg 1024w, https:\/\/weltlaeden.de\/herrieden\/wp-content\/uploads\/sites\/209\/2024\/02\/Verkauf-e1706783504993-768x328.jpg 768w\" sizes=\"auto, (max-width: 1321px) 100vw, 1321px\" \/><\/p><\/div>[\/vc_column][\/vc_row][vc_row][vc_column][vc_empty_space][\/vc_column][\/vc_row][vc_row][vc_column][vc_column_text]<\/p>\n<h1>FAIRkaufstellen<\/h1>\n<p>Wir freuen uns, Ihnen eine kleine Auswahl unserer Produkte aus dem Weltladen derzeit an <strong>weiteren Verkaufsstellen in Herrieden<\/strong> anbieten zu k\u00f6nnen. Wir bedanken uns ganz herzlich bei unseren Kooperationspartnern, die ihr besonderes Engagement zeigen, indem sie auf einen eigenen Gewinn verzichten. In der Stadt- und Pfarrb\u00fccherei finden Sie au\u00dferdem Literatur und Bildungsmaterialien rund um das Thema &#8222;Fairer Handel&#8220;.<\/p>\n<p>M\u00f6chten auch Sie bei<strong> privaten Feiern oder bei Veranstaltungen<\/strong> und Festen Ihres Unternehmens, Ihrer Kirchengemeinde oder ehrenamtlichen Organisation fair gehandelte Erzeugnisse aus dem Weltladen zum Verzehr, zur Verkostung oder zum Verkauf anbieten? Gerne stellen wir Ihnen eine Auswahl unseres Angebotes auf Kommission zur Verf\u00fcgung &#8211; ganz ohne finanzielles Risiko f\u00fcr Sie! Mit Ihrem sozialen Engagement helfen Sie den Produzenten der Waren ein menschenw\u00fcrdiges Leben in ihrer Heimat zu f\u00fchren und leisten effektive Entwicklungshilfe, die auch bei Kunden und G\u00e4sten ankommt.[\/vc_column_text][\/vc_column][\/vc_row][vc_row][vc_column][vc_empty_space height=&#8220;12px&#8220;][\/vc_column][\/vc_row][vc_row][vc_column width=&#8220;1\/3&#8243;][vc_column_text]<strong>Stadt- und Pfarrb\u00fccherei<\/strong><br \/>\nHerrnhof 2, 91567 Herrieden<\/p>\n<p><em>\u00d6ffnungszeiten:<\/em><br \/>\nDienstag: 9.00 &#8211; 12.00 Uhr<br \/>\nMittwoch: 17.30 &#8211; 19.00 Uhr<br \/>\nDonnerstag: 15.00 &#8211; 17.00 Uhr<br \/>\nFreitag: 15.00 &#8211; 17.00 Uhr<br \/>\nSamstag: 9.30 &#8211; 11.00 Uhr<br \/>\nSonntag: 9.30 &#8211; 11.30 Uhr[\/vc_column_text][\/vc_column][vc_column width=&#8220;1\/3&#8243;][vc_column_text]<strong>Evangelische Christuskirchengemeinde Herrieden<\/strong><\/p>\n<p>Verkauf beim Kirchenkaffee oder bei besonderen Anl\u00e4ssen in Kooperation mit dem Team des Gr\u00fcnen Gockels<\/p>\n<p><strong>Katholische Pfarrverband Herrieden-Aurach<\/strong><\/p>\n<p>Verkaufsst\u00e4nde an Missio- und Misereor Wochenenden und Pfarrfesten<\/p>\n<p>[\/vc_column_text][\/vc_column][vc_column width=&#8220;1\/3&#8243;][\/vc_column][vc_column][\/vc_column][vc_column][\/vc_column][\/vc_row][vc_row][vc_column][vc_column_text]<\/p>\n<h1>Weitere Partnerschaften<\/h1>\n<p>Wir bedanken uns bei weiteren Partnern des Eine Welt e.V., die unsere ehrenamtliche Weltladenarbeit unterst\u00fctzen:<\/p>\n<p>\u2022 <strong>Katholische Kirchenstiftung Herrieden<\/strong> f\u00fcr die mietg\u00fcnstige<br \/>\n\u00dcberlassung der R\u00e4umlichkeiten im Pfarrheim<\/p>\n<p>\u2022 <strong>Fam. Ritzer<\/strong> f\u00fcr die kostenfreie \u00dcberlassung der Schaufensterfl\u00e4chen ihres ehemaligen Ladens, schr\u00e4g gegen\u00fcber des Weltladens. Wir nutzen die beiden Fenster zur Produktpr\u00e4sentation sowie zur \u00d6ffentlichkeitsarbeit. So beleben wir Leerstand in der Altstadt.[\/vc_column_text][\/vc_column][\/vc_row]<\/p>\n<\/div>","protected":false},"excerpt":{"rendered":"<p>[vc_row][vc_column][\/vc_column][\/vc_row][vc_row][vc_column][vc_empty_space][\/vc_column][\/vc_row][vc_row][vc_column][vc_column_text] FAIRkaufstellen Wir freuen uns, Ihnen eine kleine Auswahl unserer Produkte aus dem Weltladen derzeit an weiteren Verkaufsstellen in Herrieden anbieten zu k\u00f6nnen. Wir bedanken uns ganz herzlich bei unseren Kooperationspartnern, die ihr besonderes Engagement zeigen, indem sie auf einen eigenen Gewinn verzichten. In der Stadt- und Pfarrb\u00fccherei finden Sie au\u00dferdem Literatur und Bildungsmaterialien rund&hellip;<\/p>\n","protected":false},"author":14,"featured_media":0,"parent":218,"menu_order":3,"comment_status":"closed","ping_status":"closed","template":"","meta":{"footnotes":""},"class_list":["post-548","page","type-page","status-publish","hentry","description-off"],"yoast_head":"<!-- This site is optimized with the Yoast SEO plugin v26.8 - https:\/\/yoast.com\/product\/yoast-seo-wordpress\/ -->\n<title>FAIRkaufstellen - Eine Welt Verein Herrieden<\/title>\n<meta name=\"robots\" content=\"index, follow, max-snippet:-1, max-image-preview:large, max-video-preview:-1\" \/>\n<link rel=\"canonical\" href=\"https:\/\/weltlaeden.de\/herrieden\/weltladen\/fairkaufstellen\/\" \/>\n<meta property=\"og:locale\" content=\"de_DE\" \/>\n<meta property=\"og:type\" content=\"article\" \/>\n<meta property=\"og:title\" content=\"FAIRkaufstellen - Eine Welt Verein Herrieden\" \/>\n<meta property=\"og:description\" content=\"[vc_row][vc_column][\/vc_column][\/vc_row][vc_row][vc_column][vc_empty_space][\/vc_column][\/vc_row][vc_row][vc_column][vc_column_text] FAIRkaufstellen Wir freuen uns, Ihnen eine kleine Auswahl unserer Produkte aus dem Weltladen derzeit an weiteren Verkaufsstellen in Herrieden anbieten zu k\u00f6nnen. Wir bedanken uns ganz herzlich bei unseren Kooperationspartnern, die ihr besonderes Engagement zeigen, indem sie auf einen eigenen Gewinn verzichten. In der Stadt- und Pfarrb\u00fccherei finden Sie au\u00dferdem Literatur und Bildungsmaterialien rund&hellip;\" \/>\n<meta property=\"og:url\" content=\"https:\/\/weltlaeden.de\/herrieden\/weltladen\/fairkaufstellen\/\" \/>\n<meta property=\"og:site_name\" content=\"Eine Welt Verein Herrieden\" \/>\n<meta property=\"article:modified_time\" content=\"2026-03-02T19:52:20+00:00\" \/>\n<meta property=\"og:image\" content=\"https:\/\/weltlaeden.de\/herrieden\/wp-content\/uploads\/sites\/209\/2024\/02\/Verkauf-e1706783504993.jpg\" \/>\n\t<meta property=\"og:image:width\" content=\"1321\" \/>\n\t<meta property=\"og:image:height\" content=\"564\" \/>\n\t<meta property=\"og:image:type\" content=\"image\/jpeg\" \/>\n<meta name=\"twitter:card\" content=\"summary_large_image\" \/>\n<meta name=\"twitter:label1\" content=\"Gesch\u00e4tzte Lesezeit\" \/>\n\t<meta name=\"twitter:data1\" content=\"2\u00a0Minuten\" \/>\n<script type=\"application\/ld+json\" class=\"yoast-schema-graph\">{\"@context\":\"https:\/\/schema.org\",\"@graph\":[{\"@type\":\"WebPage\",\"@id\":\"https:\/\/weltlaeden.de\/herrieden\/weltladen\/fairkaufstellen\/\",\"url\":\"https:\/\/weltlaeden.de\/herrieden\/weltladen\/fairkaufstellen\/\",\"name\":\"FAIRkaufstellen - Eine Welt Verein Herrieden\",\"isPartOf\":{\"@id\":\"https:\/\/weltlaeden.de\/herrieden\/#website\"},\"primaryImageOfPage\":{\"@id\":\"https:\/\/weltlaeden.de\/herrieden\/weltladen\/fairkaufstellen\/#primaryimage\"},\"image\":{\"@id\":\"https:\/\/weltlaeden.de\/herrieden\/weltladen\/fairkaufstellen\/#primaryimage\"},\"thumbnailUrl\":\"https:\/\/weltlaeden.de\/herrieden\/wp-content\/uploads\/sites\/209\/2024\/02\/Verkauf-e1706783504993.jpg\",\"datePublished\":\"2021-12-16T10:57:27+00:00\",\"dateModified\":\"2026-03-02T19:52:20+00:00\",\"breadcrumb\":{\"@id\":\"https:\/\/weltlaeden.de\/herrieden\/weltladen\/fairkaufstellen\/#breadcrumb\"},\"inLanguage\":\"de\",\"potentialAction\":[{\"@type\":\"ReadAction\",\"target\":[\"https:\/\/weltlaeden.de\/herrieden\/weltladen\/fairkaufstellen\/\"]}]},{\"@type\":\"ImageObject\",\"inLanguage\":\"de\",\"@id\":\"https:\/\/weltlaeden.de\/herrieden\/weltladen\/fairkaufstellen\/#primaryimage\",\"url\":\"https:\/\/weltlaeden.de\/herrieden\/wp-content\/uploads\/sites\/209\/2024\/02\/Verkauf-e1706783504993.jpg\",\"contentUrl\":\"https:\/\/weltlaeden.de\/herrieden\/wp-content\/uploads\/sites\/209\/2024\/02\/Verkauf-e1706783504993.jpg\",\"width\":1321,\"height\":564},{\"@type\":\"BreadcrumbList\",\"@id\":\"https:\/\/weltlaeden.de\/herrieden\/weltladen\/fairkaufstellen\/#breadcrumb\",\"itemListElement\":[{\"@type\":\"ListItem\",\"position\":1,\"name\":\"Startseite\",\"item\":\"https:\/\/weltlaeden.de\/herrieden\/\"},{\"@type\":\"ListItem\",\"position\":2,\"name\":\"Weltladen\",\"item\":\"https:\/\/weltlaeden.de\/herrieden\/weltladen\/\"},{\"@type\":\"ListItem\",\"position\":3,\"name\":\"FAIRkaufstellen\"}]},{\"@type\":\"WebSite\",\"@id\":\"https:\/\/weltlaeden.de\/herrieden\/#website\",\"url\":\"https:\/\/weltlaeden.de\/herrieden\/\",\"name\":\"Eine Welt Verein Herrieden\",\"description\":\"\",\"potentialAction\":[{\"@type\":\"SearchAction\",\"target\":{\"@type\":\"EntryPoint\",\"urlTemplate\":\"https:\/\/weltlaeden.de\/herrieden\/?s={search_term_string}\"},\"query-input\":{\"@type\":\"PropertyValueSpecification\",\"valueRequired\":true,\"valueName\":\"search_term_string\"}}],\"inLanguage\":\"de\"}]}<\/script>\n<!-- \/ Yoast SEO plugin. -->","yoast_head_json":{"title":"FAIRkaufstellen - Eine Welt Verein Herrieden","robots":{"index":"index","follow":"follow","max-snippet":"max-snippet:-1","max-image-preview":"max-image-preview:large","max-video-preview":"max-video-preview:-1"},"canonical":"https:\/\/weltlaeden.de\/herrieden\/weltladen\/fairkaufstellen\/","og_locale":"de_DE","og_type":"article","og_title":"FAIRkaufstellen - Eine Welt Verein Herrieden","og_description":"[vc_row][vc_column][\/vc_column][\/vc_row][vc_row][vc_column][vc_empty_space][\/vc_column][\/vc_row][vc_row][vc_column][vc_column_text] FAIRkaufstellen Wir freuen uns, Ihnen eine kleine Auswahl unserer Produkte aus dem Weltladen derzeit an weiteren Verkaufsstellen in Herrieden anbieten zu k\u00f6nnen. Wir bedanken uns ganz herzlich bei unseren Kooperationspartnern, die ihr besonderes Engagement zeigen, indem sie auf einen eigenen Gewinn verzichten. In der Stadt- und Pfarrb\u00fccherei finden Sie au\u00dferdem Literatur und Bildungsmaterialien rund&hellip;","og_url":"https:\/\/weltlaeden.de\/herrieden\/weltladen\/fairkaufstellen\/","og_site_name":"Eine Welt Verein Herrieden","article_modified_time":"2026-03-02T19:52:20+00:00","og_image":[{"width":1321,"height":564,"url":"https:\/\/weltlaeden.de\/herrieden\/wp-content\/uploads\/sites\/209\/2024\/02\/Verkauf-e1706783504993.jpg","type":"image\/jpeg"}],"twitter_card":"summary_large_image","twitter_misc":{"Gesch\u00e4tzte Lesezeit":"2\u00a0Minuten"},"schema":{"@context":"https:\/\/schema.org","@graph":[{"@type":"WebPage","@id":"https:\/\/weltlaeden.de\/herrieden\/weltladen\/fairkaufstellen\/","url":"https:\/\/weltlaeden.de\/herrieden\/weltladen\/fairkaufstellen\/","name":"FAIRkaufstellen - Eine Welt Verein Herrieden","isPartOf":{"@id":"https:\/\/weltlaeden.de\/herrieden\/#website"},"primaryImageOfPage":{"@id":"https:\/\/weltlaeden.de\/herrieden\/weltladen\/fairkaufstellen\/#primaryimage"},"image":{"@id":"https:\/\/weltlaeden.de\/herrieden\/weltladen\/fairkaufstellen\/#primaryimage"},"thumbnailUrl":"https:\/\/weltlaeden.de\/herrieden\/wp-content\/uploads\/sites\/209\/2024\/02\/Verkauf-e1706783504993.jpg","datePublished":"2021-12-16T10:57:27+00:00","dateModified":"2026-03-02T19:52:20+00:00","breadcrumb":{"@id":"https:\/\/weltlaeden.de\/herrieden\/weltladen\/fairkaufstellen\/#breadcrumb"},"inLanguage":"de","potentialAction":[{"@type":"ReadAction","target":["https:\/\/weltlaeden.de\/herrieden\/weltladen\/fairkaufstellen\/"]}]},{"@type":"ImageObject","inLanguage":"de","@id":"https:\/\/weltlaeden.de\/herrieden\/weltladen\/fairkaufstellen\/#primaryimage","url":"https:\/\/weltlaeden.de\/herrieden\/wp-content\/uploads\/sites\/209\/2024\/02\/Verkauf-e1706783504993.jpg","contentUrl":"https:\/\/weltlaeden.de\/herrieden\/wp-content\/uploads\/sites\/209\/2024\/02\/Verkauf-e1706783504993.jpg","width":1321,"height":564},{"@type":"BreadcrumbList","@id":"https:\/\/weltlaeden.de\/herrieden\/weltladen\/fairkaufstellen\/#breadcrumb","itemListElement":[{"@type":"ListItem","position":1,"name":"Startseite","item":"https:\/\/weltlaeden.de\/herrieden\/"},{"@type":"ListItem","position":2,"name":"Weltladen","item":"https:\/\/weltlaeden.de\/herrieden\/weltladen\/"},{"@type":"ListItem","position":3,"name":"FAIRkaufstellen"}]},{"@type":"WebSite","@id":"https:\/\/weltlaeden.de\/herrieden\/#website","url":"https:\/\/weltlaeden.de\/herrieden\/","name":"Eine Welt Verein Herrieden","description":"","potentialAction":[{"@type":"SearchAction","target":{"@type":"EntryPoint","urlTemplate":"https:\/\/weltlaeden.de\/herrieden\/?s={search_term_string}"},"query-input":{"@type":"PropertyValueSpecification","valueRequired":true,"valueName":"search_term_string"}}],"inLanguage":"de"}]}},"_links":{"self":[{"href":"https:\/\/weltlaeden.de\/herrieden\/wp-json\/wp\/v2\/pages\/548","targetHints":{"allow":["GET"]}}],"collection":[{"href":"https:\/\/weltlaeden.de\/herrieden\/wp-json\/wp\/v2\/pages"}],"about":[{"href":"https:\/\/weltlaeden.de\/herrieden\/wp-json\/wp\/v2\/types\/page"}],"author":[{"embeddable":true,"href":"https:\/\/weltlaeden.de\/herrieden\/wp-json\/wp\/v2\/users\/14"}],"replies":[{"embeddable":true,"href":"https:\/\/weltlaeden.de\/herrieden\/wp-json\/wp\/v2\/comments?post=548"}],"version-history":[{"count":23,"href":"https:\/\/weltlaeden.de\/herrieden\/wp-json\/wp\/v2\/pages\/548\/revisions"}],"predecessor-version":[{"id":1284,"href":"https:\/\/weltlaeden.de\/herrieden\/wp-json\/wp\/v2\/pages\/548\/revisions\/1284"}],"up":[{"embeddable":true,"href":"https:\/\/weltlaeden.de\/herrieden\/wp-json\/wp\/v2\/pages\/218"}],"wp:attachment":[{"href":"https:\/\/weltlaeden.de\/herrieden\/wp-json\/wp\/v2\/media?parent=548"}],"curies":[{"name":"wp","href":"https:\/\/api.w.org\/{rel}","templated":true}]}}