{"id":619,"date":"2020-07-16T14:50:12","date_gmt":"2020-07-16T12:50:12","guid":{"rendered":"https:\/\/weltlaeden.de\/heppenheim\/?page_id=619"},"modified":"2020-07-16T15:01:09","modified_gmt":"2020-07-16T13:01:09","slug":"weltladen-heppenheim","status":"publish","type":"page","link":"https:\/\/weltlaeden.de\/heppenheim\/fairer-handel\/weltladen-heppenheim\/","title":{"rendered":"Weltladen Heppenheim"},"content":{"rendered":"<div class=\"wpb-content-wrapper\"><p>[vc_row][vc_column][vc_separator][\/vc_column][\/vc_row][vc_row][vc_column][vc_column_text]<\/p>\n<h2>Faire Welt e.V. und Weltladen &#8211; Erfolgreiches Jahr 2019 und Wechsel im Vorstand<\/h2>\n<p>Lothar Br\u00e4unig, der alte und neue Vorsitzende des Tr\u00e4gervereins Faire Welt e.V., dankte dem Team des Weltladens im Rahmen der 35. Jahreshauptversammlung f\u00fcr die geleistete Arbeit im letzten Jahr und insbesondere f\u00fcr das gro\u00dfe Engagement in den vergangenen corona-gepr\u00e4gten Monaten.<\/p>\n<p>Schwerpunkte im vergangenen Jahr waren u.a. ein Grundlagen-Seminar zum Fairen Handel in Heppenheim mit Beteiligung der hessischen Dachorganisation Weltl\u00e4den in Hessen e.V. und vielen Kolleginnen und Kollegen aus den Weltl\u00e4den der Umgebung sowie eine Vortragsveranstaltung zusammen mit dem langj\u00e4hrigen Kooperationspartner, dem Heppenheimer Zweigverein des\u00a0 Katholischen Deutschen Frauenbundes, zu fairafric, einem ghanaischen Schokoladenproduzenten und -verarbeiter mit kompletter Wertsch\u00f6pfung und Verf\u00fcnffachung von Arbeitspl\u00e4tzen im Erzeugerland.<\/p>\n<p>Die Anzahl der Vereinsmitglieder hat sich in den letzten Jahren erfreulicherweise best\u00e4ndig erh\u00f6ht. Au\u00dferdem konnten 2019 aus den Einnahmen des Weltladens Spenden i.H. v. insgesamt 2.538,60 Euro an die Organisationen Voices for Africa, i.nez, Future for Children, Eat global und Sofia (Entsendeorganisation f\u00fcr eine Heppenheimer Freiwillige in einen sozialen Friedensdienst in Ruanda) erfolgen. Zu diesen Erfolgen tr\u00e4gt in gro\u00dfem Ma\u00dfe auch eine wachsende Kundschaft aus Heppenheim und Umgebung bei, die auch die Beteiligung an der derzeitigen Aktion #fairwertsteuer, zu deren Tr\u00e4ger u.a. der bundesweite Weltladendachverband und das Forum Fairer Handel geh\u00f6ren, zugunsten der Produzenten in den L\u00e4ndern des S\u00fcdens unterst\u00fctzt und infolgedessen auf die Auszahlung der aktuellen Mehrwertsteuer-Absenkung verzichtet.<\/p>\n<p>Aus dem bisherigen Vorstand wurden Kassenwartin Luise Neher, Monika Gerz (Beisitzerin und verantwortlich f\u00fcr das Vereinskonto), Silvia Brauch (Beisitzerin und mitverantwortlich mit Inge Menne und Angelika Emig-Brauch f\u00fcr den Einkauf) und Manfred Hempel (Beisitzer und aktiv im Finanzteam) mit gro\u00dfem Lob und entsprechenden Pr\u00e4senten verabschiedet. Karin Po\u00dfmann wurde als Schriftf\u00fchrerin f\u00fcr weitere 3 Jahre im Amt best\u00e4tigt, ebenso Angelika Emig-Brauch als Beisitzerin. Neu in den Vorstand gew\u00e4hlt wurden Theo R\u00fcllmann als Kassenwart und Brigitte Lehner-Mulzer als Beisitzerin und Verantwortliche f\u00fcr das Vereinskonto. Anette Po\u00dfmann als langj\u00e4hrige Kassenpr\u00fcferin wurde ebenfalls verabschiedet \u00a0und entsprechend gew\u00fcrdigt. Sie wird weiterhin im Ladendienst t\u00e4tig sein. Walter Schmitt wurde als Kassenpr\u00fcfer im Amt best\u00e4tigt und Norbert Wollmann als weiterer Kassenpr\u00fcfer hinzu gew\u00e4hlt.<\/p>\n<p>Da sich gr\u00f6\u00dfere Aktivit\u00e4ten und Veranstaltungen zum jetzigen Zeitpunkt und angesichts der aktuellen Gegebenheiten nicht im Voraus planen lassen, m\u00f6chte der Faire Welt e.V. momentan die Informationst\u00e4tigkeit und \u00a0den Verkauf im Weltladen in den Vordergrund stellen. Vielleicht ist aber im Laufe der zweiten Jahresh\u00e4lfte doch noch die eine oder andere \u00dcberraschung m\u00f6glich.[\/vc_column_text][\/vc_column][\/vc_row][vc_row][vc_column][vc_separator][\/vc_column][\/vc_row][vc_row][vc_column][vc_column_text]<\/p>\n<h2>Weltladen Heppenheim &amp; Regelung Mehrwertsteuer<\/h2>\n<p>Liebe Weltladenkundinnen und -kunden!<\/p>\n<p>Es ist wieder einmal an der Zeit, dass wir ein \u201eDankesch\u00f6n\u201c an Sie richten, daf\u00fcr, dass Sie nach der Zeit des Lock Downs wieder bei uns einkaufen und die Idee des Fairen Handels unterst\u00fctzen.<\/p>\n<p>Allerdings werden auch uns die ausgebliebenen Einnahmen w\u00e4hrend der Ladenschlie\u00dfung fehlen. Wir hatten zwar keine Existenzn\u00f6te, da bei uns aufgrund ehrenamtlicher Arbeit die Personalkosten entfallen. Unsere Sorge gilt verschiedenen Projekten in Entwicklungsl\u00e4ndern, die von uns finanziell unterst\u00fctzt werden und wo man auch weiterhin mit unserer Hilfe rechnet. Wir alle wissen, die L\u00e4nder des S\u00fcdens leiden massiv unter der Klimakrise, jetzt kommt die Corona-Pandemie hinzu, die gerade erst anf\u00e4ngt sich dort richtig auszubreiten.<\/p>\n<p>Wir haben uns daher entschlossen, die befristete Senkung der Mehrwertsteuer als gute Gabe f\u00fcr notleidende Menschen anzusehen. Bitte bedenken Sie, es ist bei Ihrem Einkauf in der Regel nur ein kleiner Betrag, aber in der Summe tr\u00e4gt er entscheidend dazu bei, die Lebensperspektiven von vielen<\/p>\n<p>Kleinbauern in Entwicklungsl\u00e4ndern zu unterst\u00fctzen. Entsprechende Projekte werden wir Ihnen demn\u00e4chst vorstellen, wir halten auch Info-Material im Weltladen f\u00fcr Sie bereit.<\/p>\n<p>Wir bitten Sie um Ihr Verst\u00e4ndnis und sind sehr gerne Ihr<\/p>\n<p>Heppenheimer Weltladen[\/vc_column_text][\/vc_column][\/vc_row][vc_row][vc_column][vc_separator][\/vc_column][\/vc_row][vc_row][vc_column][vc_column_text]<\/p>\n<h2>Weltladen Heppenheim beteiligt sich an aktion #fairwertsteuer<\/h2>\n<p>Der Weltladen-Dachverband startet gemeinsam mit der bundesweiten Fair-Handels-Beratung und dem Forum Fairer Handel zum 1. Juli die aktion #fairwertsteuer. Sie zielt darauf ab, die Mehrwertsteuer-Absenkung nicht an die Kunden weiterzugeben, sondern an Fair-Handels-Produzenten im Globalen S\u00fcden.<\/p>\n<p>\u201eDie Produzenten in Afrika, Asien und Lateinamerika sind besonders stark von den Auswirkungen der Corona-Krise betroffen. Viele von ihnen k\u00f6nnen wegen der Ausgangssperren derzeit nicht in ihren Werkst\u00e4tten und auf den Feldern arbeiten, sie erhalten kein Material, fertig produzierte Ware kann teilweise nicht verschifft werden und der Verkauf im Inland ist zum Erliegen gekommen\u201c, erl\u00e4utert Steffen Weber, Gesch\u00e4ftsf\u00fchrer des Weltladen-Dachverbandes. Gleichzeitig k\u00f6nnen sie laut Weber am wenigsten mit staatlicher Unterst\u00fctzung rechnen.<\/p>\n<p>\u201eF\u00fcr uns als Weltladen Heppenheim war schnell klar, dass wir uns an der Aktion #fairwertsteuer beteiligen werden\u201c, erkl\u00e4rt Lothar Br\u00e4unig vom Tr\u00e4gerverein Faire Welt e.V.. \u201eSo k\u00f6nnen wir die Produzenten st\u00e4rken, damit sie und ihre Organisationen die Krise hoffentlich gut \u00fcberstehen\u201c, so Lothar Br\u00e4unig weiter. Die Mehrwertsteuer-Absenkung macht nach Angaben des Heppenheimer Weltladens bei Eink\u00e4ufen in Weltl\u00e4den in der Regel nur wenige Cent aus. In der Summe k\u00f6nne im Laufe eines halben Jahres jedoch ein nennenswerter Betrag generiert werden, der f\u00fcr Handelspartner im S\u00fcden einen wichtigen Beitrag zur Stabilisierung ihrer Organisationen leisten kann. Der Weltladen-Dachverband geht von einer breiten Beteiligung der bundesweit rund 900 Weltl\u00e4den aus.<\/p>\n<p>Gleichzeitig ruft der Weltladen-Dachverband Verbraucherinnen und Verbraucher zum Einkauf in Weltl\u00e4den auf. Der Faire Handel der Weltl\u00e4den tr\u00e4gt u.a. durch h\u00f6here Erl\u00f6se f\u00fcr die Produzenten sowie Beratung und weitere Leistungen dazu bei, die Organisationen der Handelspartner zu st\u00e4rken. Gerade in dieser Zeit sind verl\u00e4ssliche Einnahmen von besonderer Bedeutung f\u00fcr die Produzenten. \u201eWir haben uns f\u00fcr die kommenden Wochen einige Aktionen \u00fcberlegt, mit denen wir auf unsere besonderen Produkte aufmerksam machen wollen\u201c, k\u00fcndigt Lothar Br\u00e4unig an.<\/p>\n<p><strong>\u00a0<\/strong><strong>Weitere Informationen:<\/strong><\/p>\n<p><a href=\"http:\/\/www.fairwertsteuer.de\">www.fairwertsteuer.de<\/a><\/p>\n<p><a href=\"http:\/\/www.weltladen.de\/musterstadt\">www.weltlaeden.de\/heppenheim<\/a><\/p>\n<p><a href=\"http:\/\/www.weltladen.de\">www.weltladen.de<\/a><\/p>\n<p><strong>\u00a0<\/strong><strong>Kontakt:<\/strong><\/p>\n<p>Weltladen Heppenheim, Lothar Br\u00e4unig<\/p>\n<p>Tel.: 06252\/76642, Mobil: 0176\/59204864, E-Mail: weltladen-heppenheim@web.de[\/vc_column_text][\/vc_column][\/vc_row][vc_row][vc_column][\/vc_column][\/vc_row]<\/p>\n<\/div>","protected":false},"excerpt":{"rendered":"<p>[vc_row][vc_column][vc_separator][\/vc_column][\/vc_row][vc_row][vc_column][vc_column_text] Faire Welt e.V. und Weltladen &#8211; Erfolgreiches Jahr 2019 und Wechsel im Vorstand Lothar Br\u00e4unig, der alte und neue Vorsitzende des Tr\u00e4gervereins Faire Welt e.V., dankte dem Team des Weltladens im Rahmen der 35. Jahreshauptversammlung f\u00fcr die geleistete Arbeit im letzten Jahr und insbesondere f\u00fcr das gro\u00dfe Engagement in den vergangenen corona-gepr\u00e4gten Monaten. Schwerpunkte&hellip;<\/p>\n","protected":false},"author":71,"featured_media":0,"parent":218,"menu_order":2,"comment_status":"closed","ping_status":"closed","template":"","meta":{"footnotes":""},"class_list":["post-619","page","type-page","status-publish","hentry","description-off"],"yoast_head":"<!-- This site is optimized with the Yoast SEO plugin v26.8 - https:\/\/yoast.com\/product\/yoast-seo-wordpress\/ -->\n<title>Weltladen Heppenheim - Weltladen Heppenheim<\/title>\n<meta name=\"robots\" content=\"index, follow, max-snippet:-1, max-image-preview:large, max-video-preview:-1\" \/>\n<link rel=\"canonical\" href=\"https:\/\/weltlaeden.de\/heppenheim\/fairer-handel\/weltladen-heppenheim\/\" \/>\n<meta property=\"og:locale\" content=\"de_DE\" \/>\n<meta property=\"og:type\" content=\"article\" \/>\n<meta property=\"og:title\" content=\"Weltladen Heppenheim - Weltladen Heppenheim\" \/>\n<meta property=\"og:description\" content=\"[vc_row][vc_column][vc_separator][\/vc_column][\/vc_row][vc_row][vc_column][vc_column_text] Faire Welt e.V. und Weltladen &#8211; Erfolgreiches Jahr 2019 und Wechsel im Vorstand Lothar Br\u00e4unig, der alte und neue Vorsitzende des Tr\u00e4gervereins Faire Welt e.V., dankte dem Team des Weltladens im Rahmen der 35. Jahreshauptversammlung f\u00fcr die geleistete Arbeit im letzten Jahr und insbesondere f\u00fcr das gro\u00dfe Engagement in den vergangenen corona-gepr\u00e4gten Monaten. Schwerpunkte&hellip;\" \/>\n<meta property=\"og:url\" content=\"https:\/\/weltlaeden.de\/heppenheim\/fairer-handel\/weltladen-heppenheim\/\" \/>\n<meta property=\"og:site_name\" content=\"Weltladen Heppenheim\" \/>\n<meta property=\"article:modified_time\" content=\"2020-07-16T13:01:09+00:00\" \/>\n<meta name=\"twitter:card\" content=\"summary_large_image\" \/>\n<meta name=\"twitter:label1\" content=\"Gesch\u00e4tzte Lesezeit\" \/>\n\t<meta name=\"twitter:data1\" content=\"5\u00a0Minuten\" \/>\n<script type=\"application\/ld+json\" class=\"yoast-schema-graph\">{\"@context\":\"https:\/\/schema.org\",\"@graph\":[{\"@type\":\"WebPage\",\"@id\":\"https:\/\/weltlaeden.de\/heppenheim\/fairer-handel\/weltladen-heppenheim\/\",\"url\":\"https:\/\/weltlaeden.de\/heppenheim\/fairer-handel\/weltladen-heppenheim\/\",\"name\":\"Weltladen Heppenheim - Weltladen Heppenheim\",\"isPartOf\":{\"@id\":\"https:\/\/weltlaeden.de\/heppenheim\/#website\"},\"datePublished\":\"2020-07-16T12:50:12+00:00\",\"dateModified\":\"2020-07-16T13:01:09+00:00\",\"breadcrumb\":{\"@id\":\"https:\/\/weltlaeden.de\/heppenheim\/fairer-handel\/weltladen-heppenheim\/#breadcrumb\"},\"inLanguage\":\"de\",\"potentialAction\":[{\"@type\":\"ReadAction\",\"target\":[\"https:\/\/weltlaeden.de\/heppenheim\/fairer-handel\/weltladen-heppenheim\/\"]}]},{\"@type\":\"BreadcrumbList\",\"@id\":\"https:\/\/weltlaeden.de\/heppenheim\/fairer-handel\/weltladen-heppenheim\/#breadcrumb\",\"itemListElement\":[{\"@type\":\"ListItem\",\"position\":1,\"name\":\"Startseite\",\"item\":\"https:\/\/weltlaeden.de\/heppenheim\/\"},{\"@type\":\"ListItem\",\"position\":2,\"name\":\"\u00dcber Fairen Handel\",\"item\":\"https:\/\/weltlaeden.de\/heppenheim\/fairer-handel\/\"},{\"@type\":\"ListItem\",\"position\":3,\"name\":\"Weltladen Heppenheim\"}]},{\"@type\":\"WebSite\",\"@id\":\"https:\/\/weltlaeden.de\/heppenheim\/#website\",\"url\":\"https:\/\/weltlaeden.de\/heppenheim\/\",\"name\":\"Vorlage\",\"description\":\"Wir erkl\u00e4ren und betreiben Fairen Handel\",\"potentialAction\":[{\"@type\":\"SearchAction\",\"target\":{\"@type\":\"EntryPoint\",\"urlTemplate\":\"https:\/\/weltlaeden.de\/heppenheim\/?s={search_term_string}\"},\"query-input\":{\"@type\":\"PropertyValueSpecification\",\"valueRequired\":true,\"valueName\":\"search_term_string\"}}],\"inLanguage\":\"de\"}]}<\/script>\n<!-- \/ Yoast SEO plugin. -->","yoast_head_json":{"title":"Weltladen Heppenheim - Weltladen Heppenheim","robots":{"index":"index","follow":"follow","max-snippet":"max-snippet:-1","max-image-preview":"max-image-preview:large","max-video-preview":"max-video-preview:-1"},"canonical":"https:\/\/weltlaeden.de\/heppenheim\/fairer-handel\/weltladen-heppenheim\/","og_locale":"de_DE","og_type":"article","og_title":"Weltladen Heppenheim - Weltladen Heppenheim","og_description":"[vc_row][vc_column][vc_separator][\/vc_column][\/vc_row][vc_row][vc_column][vc_column_text] Faire Welt e.V. und Weltladen &#8211; Erfolgreiches Jahr 2019 und Wechsel im Vorstand Lothar Br\u00e4unig, der alte und neue Vorsitzende des Tr\u00e4gervereins Faire Welt e.V., dankte dem Team des Weltladens im Rahmen der 35. Jahreshauptversammlung f\u00fcr die geleistete Arbeit im letzten Jahr und insbesondere f\u00fcr das gro\u00dfe Engagement in den vergangenen corona-gepr\u00e4gten Monaten. Schwerpunkte&hellip;","og_url":"https:\/\/weltlaeden.de\/heppenheim\/fairer-handel\/weltladen-heppenheim\/","og_site_name":"Weltladen Heppenheim","article_modified_time":"2020-07-16T13:01:09+00:00","twitter_card":"summary_large_image","twitter_misc":{"Gesch\u00e4tzte Lesezeit":"5\u00a0Minuten"},"schema":{"@context":"https:\/\/schema.org","@graph":[{"@type":"WebPage","@id":"https:\/\/weltlaeden.de\/heppenheim\/fairer-handel\/weltladen-heppenheim\/","url":"https:\/\/weltlaeden.de\/heppenheim\/fairer-handel\/weltladen-heppenheim\/","name":"Weltladen Heppenheim - Weltladen Heppenheim","isPartOf":{"@id":"https:\/\/weltlaeden.de\/heppenheim\/#website"},"datePublished":"2020-07-16T12:50:12+00:00","dateModified":"2020-07-16T13:01:09+00:00","breadcrumb":{"@id":"https:\/\/weltlaeden.de\/heppenheim\/fairer-handel\/weltladen-heppenheim\/#breadcrumb"},"inLanguage":"de","potentialAction":[{"@type":"ReadAction","target":["https:\/\/weltlaeden.de\/heppenheim\/fairer-handel\/weltladen-heppenheim\/"]}]},{"@type":"BreadcrumbList","@id":"https:\/\/weltlaeden.de\/heppenheim\/fairer-handel\/weltladen-heppenheim\/#breadcrumb","itemListElement":[{"@type":"ListItem","position":1,"name":"Startseite","item":"https:\/\/weltlaeden.de\/heppenheim\/"},{"@type":"ListItem","position":2,"name":"\u00dcber Fairen Handel","item":"https:\/\/weltlaeden.de\/heppenheim\/fairer-handel\/"},{"@type":"ListItem","position":3,"name":"Weltladen Heppenheim"}]},{"@type":"WebSite","@id":"https:\/\/weltlaeden.de\/heppenheim\/#website","url":"https:\/\/weltlaeden.de\/heppenheim\/","name":"Vorlage","description":"Wir erkl\u00e4ren und betreiben Fairen Handel","potentialAction":[{"@type":"SearchAction","target":{"@type":"EntryPoint","urlTemplate":"https:\/\/weltlaeden.de\/heppenheim\/?s={search_term_string}"},"query-input":{"@type":"PropertyValueSpecification","valueRequired":true,"valueName":"search_term_string"}}],"inLanguage":"de"}]}},"_links":{"self":[{"href":"https:\/\/weltlaeden.de\/heppenheim\/wp-json\/wp\/v2\/pages\/619","targetHints":{"allow":["GET"]}}],"collection":[{"href":"https:\/\/weltlaeden.de\/heppenheim\/wp-json\/wp\/v2\/pages"}],"about":[{"href":"https:\/\/weltlaeden.de\/heppenheim\/wp-json\/wp\/v2\/types\/page"}],"author":[{"embeddable":true,"href":"https:\/\/weltlaeden.de\/heppenheim\/wp-json\/wp\/v2\/users\/71"}],"replies":[{"embeddable":true,"href":"https:\/\/weltlaeden.de\/heppenheim\/wp-json\/wp\/v2\/comments?post=619"}],"version-history":[{"count":9,"href":"https:\/\/weltlaeden.de\/heppenheim\/wp-json\/wp\/v2\/pages\/619\/revisions"}],"predecessor-version":[{"id":630,"href":"https:\/\/weltlaeden.de\/heppenheim\/wp-json\/wp\/v2\/pages\/619\/revisions\/630"}],"up":[{"embeddable":true,"href":"https:\/\/weltlaeden.de\/heppenheim\/wp-json\/wp\/v2\/pages\/218"}],"wp:attachment":[{"href":"https:\/\/weltlaeden.de\/heppenheim\/wp-json\/wp\/v2\/media?parent=619"}],"curies":[{"name":"wp","href":"https:\/\/api.w.org\/{rel}","templated":true}]}}