{"id":736,"date":"2022-11-02T14:15:28","date_gmt":"2022-11-02T13:15:28","guid":{"rendered":"https:\/\/weltlaeden.de\/harburg\/?page_id=736"},"modified":"2022-11-02T14:15:28","modified_gmt":"2022-11-02T13:15:28","slug":"weltladen-gutschein","status":"publish","type":"page","link":"https:\/\/weltlaeden.de\/harburg\/weltladen-gutschein\/","title":{"rendered":"Der Weltladen-Gutschein"},"content":{"rendered":"<div class=\"wpb-content-wrapper\"><p>[vc_row][vc_column][\/vc_column][\/vc_row][vc_row][vc_column]<div class=\"wl_einzelbild\"><p><img loading=\"lazy\" decoding=\"async\" class=\"aligncenter size-full wp-image-nsm-3-126\" src=\"https:\/\/weltlaeden.de\/vorlagensammlung\/wp-content\/uploads\/sites\/3\/2022\/10\/2022-Gutschein-System-Panorama-Header-1200x500-1.png\" alt=\"\" width=\"1200\" height=\"500\" \/><\/p><\/div>[vc_empty_space height=&#8220;20px&#8220;][vc_column_text]<\/p>\n<h1>Unser Geschenke-Tipp: Der Weltladen-Gutschein<\/h1>\n<p>Schenken macht gl\u00fccklich, vor allem, wenn es Menschen eine Freude bereitet, die uns wichtig sind. Noch gl\u00fccklicher macht es, wenn wir damit etwas bewegen k\u00f6nnen. Mit dem Weltladen-Gutschein fairw\u00f6hnen Sie Ihre Lieben und leisten gleichzeitig einen Beitrag f\u00fcr eine nachhaltige und gerechtere Welt.<\/p>\n<p>Schenken Sie ein pers\u00f6nliches und sinnvolles Geschenk, das eine sch\u00f6ne Auswahl an 100 % fair gehandelten Produkten beinhaltet, eine starke Botschaft vermittelt und gleichzeitig das Leben der Produzent*innen und ihrer Familien verbessert.[\/vc_column_text][vc_empty_space height=&#8220;20px&#8220;][\/vc_column][\/vc_row][vc_row][vc_column width=&#8220;1\/2&#8243;][vc_empty_space height=&#8220;10px&#8220;]<div class=\"wl_einzelbild\"><p><img loading=\"lazy\" decoding=\"async\" class=\"alignleft size-full wp-image-nsm-3-132\" src=\"https:\/\/weltlaeden.de\/vorlagensammlung\/wp-content\/uploads\/sites\/3\/2022\/10\/2022-Gutschein-System-Hinweis-Gutschein-Online-Shop-800x600-1.png\" alt=\"\" width=\"800\" height=\"600\" \/><\/p><\/div>[\/vc_column][vc_column width=&#8220;1\/2&#8243;][vc_column_text]<\/p>\n<h2>Im Laden oder online kaufen<\/h2>\n<p>Gutscheinkarten in Betr\u00e4gen zu 15 \u20ac &#8211; 25 \u20ac und 50\u20ac erhalten Sie bei uns im Laden. Gutscheine f\u00fcr verschiedene Anl\u00e4sse mit frei gew\u00e4hltem Betrag k\u00f6nnen Sie \u00fcber den <a href=\"https:\/\/weltladen-gutschein.de\/\" target=\"_blank\" rel=\"noopener\">Online-Shop<\/a> des Gutschein-Systems bestellen und direkt ausdrucken.<\/p>\n<h2>Ganz bequem \u00fcberregional einl\u00f6sbar<\/h2>\n<p>Sie k\u00f6nnen Ihren Gutschein sehr gern bei uns im Weltladen einl\u00f6sen. Er ist aber ebenso in allen teilnehmenden Weltl\u00e4den bundesweit einl\u00f6sbar. Hier sehen Sie die <a href=\"https:\/\/www.weltladen.de\/gutschein-einloesen\" target=\"_blank\" rel=\"noopener\">aktuelle Liste aller Einl\u00f6se-Stellen<\/a>.[\/vc_column_text][\/vc_column][\/vc_row][vc_row][vc_column][vc_column_text]<\/p>\n<h2>F\u00fcr jede*n ist etwas dabei<\/h2>\n<p>Von k\u00f6stlichen Lebensmitteln wie Kaffee, Tee und Schokolade \u00fcber reizvolle Handwerksprodukte und tolle Accessoires &#8211; in unserem Weltladen finden Sie einzigartige und liebevolle Produkte, die mit Sicherheit eine Freude bereiten werden.[\/vc_column_text][\/vc_column][\/vc_row]<\/p>\n<\/div>","protected":false},"excerpt":{"rendered":"<p>[vc_row][vc_column][\/vc_column][\/vc_row][vc_row][vc_column][vc_empty_space height=&#8220;20px&#8220;][vc_column_text] Unser Geschenke-Tipp: Der Weltladen-Gutschein Schenken macht gl\u00fccklich, vor allem, wenn es Menschen eine Freude bereitet, die uns wichtig sind. Noch gl\u00fccklicher macht es, wenn wir damit etwas bewegen k\u00f6nnen. Mit dem Weltladen-Gutschein fairw\u00f6hnen Sie Ihre Lieben und leisten gleichzeitig einen Beitrag f\u00fcr eine nachhaltige und gerechtere Welt. Schenken Sie ein pers\u00f6nliches und sinnvolles&hellip;<\/p>\n","protected":false},"author":21,"featured_media":0,"parent":0,"menu_order":1,"comment_status":"closed","ping_status":"closed","template":"","meta":{"footnotes":""},"class_list":["post-736","page","type-page","status-publish","hentry","description-off"],"_links":{"self":[{"href":"https:\/\/weltlaeden.de\/harburg\/wp-json\/wp\/v2\/pages\/736","targetHints":{"allow":["GET"]}}],"collection":[{"href":"https:\/\/weltlaeden.de\/harburg\/wp-json\/wp\/v2\/pages"}],"about":[{"href":"https:\/\/weltlaeden.de\/harburg\/wp-json\/wp\/v2\/types\/page"}],"author":[{"embeddable":true,"href":"https:\/\/weltlaeden.de\/harburg\/wp-json\/wp\/v2\/users\/21"}],"replies":[{"embeddable":true,"href":"https:\/\/weltlaeden.de\/harburg\/wp-json\/wp\/v2\/comments?post=736"}],"version-history":[{"count":1,"href":"https:\/\/weltlaeden.de\/harburg\/wp-json\/wp\/v2\/pages\/736\/revisions"}],"predecessor-version":[{"id":737,"href":"https:\/\/weltlaeden.de\/harburg\/wp-json\/wp\/v2\/pages\/736\/revisions\/737"}],"wp:attachment":[{"href":"https:\/\/weltlaeden.de\/harburg\/wp-json\/wp\/v2\/media?parent=736"}],"curies":[{"name":"wp","href":"https:\/\/api.w.org\/{rel}","templated":true}]}}