{"id":1668,"date":"2026-03-16T15:52:51","date_gmt":"2026-03-16T14:52:51","guid":{"rendered":"https:\/\/weltlaeden.de\/hanau\/?page_id=1668"},"modified":"2026-03-16T15:53:28","modified_gmt":"2026-03-16T14:53:28","slug":"votrag-buendnis90diegruenen","status":"publish","type":"page","link":"https:\/\/weltlaeden.de\/hanau\/weltladen-musterdorf\/aktionen\/votrag-buendnis90diegruenen\/","title":{"rendered":"Vortrag \u00fcber nachhaltige Kleidung und Vermeiden von Mikroplastik"},"content":{"rendered":"<div class=\"wpb-content-wrapper\"><p>[vc_row][vc_column][vc_empty_space][\/vc_column][\/vc_row][vc_row][vc_column width=&#8220;2\/3&#8243;][vc_column_text css=&#8220;&#8220;]<\/p>\n<h2 style=\"text-align: left\"><strong><span style=\"color: #ff9900\">Vortrag \u00fcber nachhaltige Kleidung und Vermeiden von Mikroplastik<\/span><\/strong><\/h2>\n<p>[\/vc_column_text][vc_column_text css=&#8220;&#8220;]<\/p>\n<h3 class=\"s3\" style=\"text-align: left\"><span class=\"s2\">Der Weltladen Hanau als Forum f\u00fcr eine lebendige Diskussion \u2013 eine Veranstaltung des Ortsverbands Hanau von B\u00fcndnis 90\/Die Gr\u00fcnen \u00fcber nachhaltige Kleidung und Vermeiden von Mikroplastik machte es m\u00f6glich. <\/span><\/h3>\n<h3 class=\"s3\" style=\"text-align: left\"><span class=\"s2\">Im vollbesetzten Raum referierte Umweltlotsin Eva von Monschaw von der Verbraucherzentrale Hessen. Zu ihren Tipps geh\u00f6rte die \u201ePyramide der Nachhaltigkeit\u201c mit folgender Handlungsrangfolge: <em>nutze, was da ist; repariere; mache selbst; tausche oder leihe aus; kaufe gebraucht; kaufe neu und m\u00f6glichst in \u00d6ko-Qualit\u00e4t.<\/em><\/span><\/h3>\n<p>[\/vc_column_text][vc_column_text css=&#8220;&#8220;][\/vc_column_text][\/vc_column][vc_column width=&#8220;1\/3&#8243;][vc_single_image image=&#8220;1666&#8243; img_size=&#8220;medium&#8220; css=&#8220;&#8220;][vc_single_image image=&#8220;1665&#8243; img_size=&#8220;medium&#8220; css=&#8220;&#8220;][vc_single_image image=&#8220;1667&#8243; img_size=&#8220;medium&#8220; css=&#8220;&#8220;][\/vc_column][\/vc_row]<\/p>\n<\/div>","protected":false},"excerpt":{"rendered":"<p>[vc_row][vc_column][vc_empty_space][\/vc_column][\/vc_row][vc_row][vc_column width=&#8220;2\/3&#8243;][vc_column_text css=&#8220;&#8220;] Vortrag \u00fcber nachhaltige Kleidung und Vermeiden von Mikroplastik [\/vc_column_text][vc_column_text css=&#8220;&#8220;] Der Weltladen Hanau als Forum f\u00fcr eine lebendige Diskussion \u2013 eine Veranstaltung des Ortsverbands Hanau von B\u00fcndnis 90\/Die Gr\u00fcnen \u00fcber nachhaltige Kleidung und Vermeiden von Mikroplastik machte es m\u00f6glich. Im vollbesetzten Raum referierte Umweltlotsin Eva von Monschaw von der Verbraucherzentrale Hessen. Zu&hellip;<\/p>\n","protected":false},"author":14,"featured_media":0,"parent":796,"menu_order":0,"comment_status":"closed","ping_status":"closed","template":"","meta":{"footnotes":""},"class_list":["post-1668","page","type-page","status-publish","hentry","description-off"],"yoast_head":"<!-- This site is optimized with the Yoast SEO plugin v26.8 - https:\/\/yoast.com\/product\/yoast-seo-wordpress\/ -->\n<title>Vortrag \u00fcber nachhaltige Kleidung und Vermeiden von Mikroplastik - Weltladen Hanau<\/title>\n<meta name=\"robots\" content=\"index, follow, max-snippet:-1, max-image-preview:large, max-video-preview:-1\" \/>\n<link rel=\"canonical\" href=\"https:\/\/weltlaeden.de\/hanau\/weltladen-musterdorf\/aktionen\/votrag-buendnis90diegruenen\/\" \/>\n<meta property=\"og:locale\" content=\"de_DE\" \/>\n<meta property=\"og:type\" content=\"article\" \/>\n<meta property=\"og:title\" content=\"Vortrag \u00fcber nachhaltige Kleidung und Vermeiden von Mikroplastik - Weltladen Hanau\" \/>\n<meta property=\"og:description\" content=\"[vc_row][vc_column][vc_empty_space][\/vc_column][\/vc_row][vc_row][vc_column width=&#8220;2\/3&#8243;][vc_column_text css=&#8220;&#8220;] Vortrag \u00fcber nachhaltige Kleidung und Vermeiden von Mikroplastik [\/vc_column_text][vc_column_text css=&#8220;&#8220;] Der Weltladen Hanau als Forum f\u00fcr eine lebendige Diskussion \u2013 eine Veranstaltung des Ortsverbands Hanau von B\u00fcndnis 90\/Die Gr\u00fcnen \u00fcber nachhaltige Kleidung und Vermeiden von Mikroplastik machte es m\u00f6glich. Im vollbesetzten Raum referierte Umweltlotsin Eva von Monschaw von der Verbraucherzentrale Hessen. Zu&hellip;\" \/>\n<meta property=\"og:url\" content=\"https:\/\/weltlaeden.de\/hanau\/weltladen-musterdorf\/aktionen\/votrag-buendnis90diegruenen\/\" \/>\n<meta property=\"og:site_name\" content=\"Weltladen Hanau\" \/>\n<meta property=\"article:modified_time\" content=\"2026-03-16T14:53:28+00:00\" \/>\n<meta name=\"twitter:card\" content=\"summary_large_image\" \/>\n<meta name=\"twitter:label1\" content=\"Gesch\u00e4tzte Lesezeit\" \/>\n\t<meta name=\"twitter:data1\" content=\"2\u00a0Minuten\" \/>\n<script type=\"application\/ld+json\" class=\"yoast-schema-graph\">{\"@context\":\"https:\/\/schema.org\",\"@graph\":[{\"@type\":\"WebPage\",\"@id\":\"https:\/\/weltlaeden.de\/hanau\/weltladen-musterdorf\/aktionen\/votrag-buendnis90diegruenen\/\",\"url\":\"https:\/\/weltlaeden.de\/hanau\/weltladen-musterdorf\/aktionen\/votrag-buendnis90diegruenen\/\",\"name\":\"Vortrag \u00fcber nachhaltige Kleidung und Vermeiden von Mikroplastik - Weltladen Hanau\",\"isPartOf\":{\"@id\":\"https:\/\/weltlaeden.de\/hanau\/#website\"},\"datePublished\":\"2026-03-16T14:52:51+00:00\",\"dateModified\":\"2026-03-16T14:53:28+00:00\",\"breadcrumb\":{\"@id\":\"https:\/\/weltlaeden.de\/hanau\/weltladen-musterdorf\/aktionen\/votrag-buendnis90diegruenen\/#breadcrumb\"},\"inLanguage\":\"de\",\"potentialAction\":[{\"@type\":\"ReadAction\",\"target\":[\"https:\/\/weltlaeden.de\/hanau\/weltladen-musterdorf\/aktionen\/votrag-buendnis90diegruenen\/\"]}]},{\"@type\":\"BreadcrumbList\",\"@id\":\"https:\/\/weltlaeden.de\/hanau\/weltladen-musterdorf\/aktionen\/votrag-buendnis90diegruenen\/#breadcrumb\",\"itemListElement\":[{\"@type\":\"ListItem\",\"position\":1,\"name\":\"Startseite\",\"item\":\"https:\/\/weltlaeden.de\/hanau\/\"},{\"@type\":\"ListItem\",\"position\":2,\"name\":\"Weltladen Hanau\",\"item\":\"https:\/\/weltlaeden.de\/hanau\/\"},{\"@type\":\"ListItem\",\"position\":3,\"name\":\"Aktionen\",\"item\":\"https:\/\/weltlaeden.de\/hanau\/weltladen-musterdorf\/aktionen\/\"},{\"@type\":\"ListItem\",\"position\":4,\"name\":\"Vortrag \u00fcber nachhaltige Kleidung und Vermeiden von Mikroplastik\"}]},{\"@type\":\"WebSite\",\"@id\":\"https:\/\/weltlaeden.de\/hanau\/#website\",\"url\":\"https:\/\/weltlaeden.de\/hanau\/\",\"name\":\"Weltladen Hanau\",\"description\":\"Faire Produkte seit 2008\",\"potentialAction\":[{\"@type\":\"SearchAction\",\"target\":{\"@type\":\"EntryPoint\",\"urlTemplate\":\"https:\/\/weltlaeden.de\/hanau\/?s={search_term_string}\"},\"query-input\":{\"@type\":\"PropertyValueSpecification\",\"valueRequired\":true,\"valueName\":\"search_term_string\"}}],\"inLanguage\":\"de\"}]}<\/script>\n<!-- \/ Yoast SEO plugin. -->","yoast_head_json":{"title":"Vortrag \u00fcber nachhaltige Kleidung und Vermeiden von Mikroplastik - Weltladen Hanau","robots":{"index":"index","follow":"follow","max-snippet":"max-snippet:-1","max-image-preview":"max-image-preview:large","max-video-preview":"max-video-preview:-1"},"canonical":"https:\/\/weltlaeden.de\/hanau\/weltladen-musterdorf\/aktionen\/votrag-buendnis90diegruenen\/","og_locale":"de_DE","og_type":"article","og_title":"Vortrag \u00fcber nachhaltige Kleidung und Vermeiden von Mikroplastik - Weltladen Hanau","og_description":"[vc_row][vc_column][vc_empty_space][\/vc_column][\/vc_row][vc_row][vc_column width=&#8220;2\/3&#8243;][vc_column_text css=&#8220;&#8220;] Vortrag \u00fcber nachhaltige Kleidung und Vermeiden von Mikroplastik [\/vc_column_text][vc_column_text css=&#8220;&#8220;] Der Weltladen Hanau als Forum f\u00fcr eine lebendige Diskussion \u2013 eine Veranstaltung des Ortsverbands Hanau von B\u00fcndnis 90\/Die Gr\u00fcnen \u00fcber nachhaltige Kleidung und Vermeiden von Mikroplastik machte es m\u00f6glich. Im vollbesetzten Raum referierte Umweltlotsin Eva von Monschaw von der Verbraucherzentrale Hessen. Zu&hellip;","og_url":"https:\/\/weltlaeden.de\/hanau\/weltladen-musterdorf\/aktionen\/votrag-buendnis90diegruenen\/","og_site_name":"Weltladen Hanau","article_modified_time":"2026-03-16T14:53:28+00:00","twitter_card":"summary_large_image","twitter_misc":{"Gesch\u00e4tzte Lesezeit":"2\u00a0Minuten"},"schema":{"@context":"https:\/\/schema.org","@graph":[{"@type":"WebPage","@id":"https:\/\/weltlaeden.de\/hanau\/weltladen-musterdorf\/aktionen\/votrag-buendnis90diegruenen\/","url":"https:\/\/weltlaeden.de\/hanau\/weltladen-musterdorf\/aktionen\/votrag-buendnis90diegruenen\/","name":"Vortrag \u00fcber nachhaltige Kleidung und Vermeiden von Mikroplastik - Weltladen Hanau","isPartOf":{"@id":"https:\/\/weltlaeden.de\/hanau\/#website"},"datePublished":"2026-03-16T14:52:51+00:00","dateModified":"2026-03-16T14:53:28+00:00","breadcrumb":{"@id":"https:\/\/weltlaeden.de\/hanau\/weltladen-musterdorf\/aktionen\/votrag-buendnis90diegruenen\/#breadcrumb"},"inLanguage":"de","potentialAction":[{"@type":"ReadAction","target":["https:\/\/weltlaeden.de\/hanau\/weltladen-musterdorf\/aktionen\/votrag-buendnis90diegruenen\/"]}]},{"@type":"BreadcrumbList","@id":"https:\/\/weltlaeden.de\/hanau\/weltladen-musterdorf\/aktionen\/votrag-buendnis90diegruenen\/#breadcrumb","itemListElement":[{"@type":"ListItem","position":1,"name":"Startseite","item":"https:\/\/weltlaeden.de\/hanau\/"},{"@type":"ListItem","position":2,"name":"Weltladen Hanau","item":"https:\/\/weltlaeden.de\/hanau\/"},{"@type":"ListItem","position":3,"name":"Aktionen","item":"https:\/\/weltlaeden.de\/hanau\/weltladen-musterdorf\/aktionen\/"},{"@type":"ListItem","position":4,"name":"Vortrag \u00fcber nachhaltige Kleidung und Vermeiden von Mikroplastik"}]},{"@type":"WebSite","@id":"https:\/\/weltlaeden.de\/hanau\/#website","url":"https:\/\/weltlaeden.de\/hanau\/","name":"Weltladen Hanau","description":"Faire Produkte seit 2008","potentialAction":[{"@type":"SearchAction","target":{"@type":"EntryPoint","urlTemplate":"https:\/\/weltlaeden.de\/hanau\/?s={search_term_string}"},"query-input":{"@type":"PropertyValueSpecification","valueRequired":true,"valueName":"search_term_string"}}],"inLanguage":"de"}]}},"_links":{"self":[{"href":"https:\/\/weltlaeden.de\/hanau\/wp-json\/wp\/v2\/pages\/1668","targetHints":{"allow":["GET"]}}],"collection":[{"href":"https:\/\/weltlaeden.de\/hanau\/wp-json\/wp\/v2\/pages"}],"about":[{"href":"https:\/\/weltlaeden.de\/hanau\/wp-json\/wp\/v2\/types\/page"}],"author":[{"embeddable":true,"href":"https:\/\/weltlaeden.de\/hanau\/wp-json\/wp\/v2\/users\/14"}],"replies":[{"embeddable":true,"href":"https:\/\/weltlaeden.de\/hanau\/wp-json\/wp\/v2\/comments?post=1668"}],"version-history":[{"count":2,"href":"https:\/\/weltlaeden.de\/hanau\/wp-json\/wp\/v2\/pages\/1668\/revisions"}],"predecessor-version":[{"id":1670,"href":"https:\/\/weltlaeden.de\/hanau\/wp-json\/wp\/v2\/pages\/1668\/revisions\/1670"}],"up":[{"embeddable":true,"href":"https:\/\/weltlaeden.de\/hanau\/wp-json\/wp\/v2\/pages\/796"}],"wp:attachment":[{"href":"https:\/\/weltlaeden.de\/hanau\/wp-json\/wp\/v2\/media?parent=1668"}],"curies":[{"name":"wp","href":"https:\/\/api.w.org\/{rel}","templated":true}]}}

Vortrag über nachhaltige Kleidung und Vermeiden von Mikroplastik

<div class="wpb-content-wrapper"><p>[vc_row][vc_column][vc_empty_space][/vc_column][/vc_row][vc_row][vc_column width=&#8220;2/3&#8243;][vc_column_text css=&#8220;&#8220;]</p>
<h2 style="text-align: left"><strong><span style="color: #ff9900">Vortrag über nachhaltige Kleidung und Vermeiden von Mikroplastik</span></strong></h2>
<p>[/vc_column_text][vc_column_text css=&#8220;&#8220;]</p>
<h3 class="s3" style="text-align: left"><span class="s2">Der Weltladen Hanau als Forum für eine lebendige Diskussion – eine Veranstaltung des Ortsverbands Hanau von Bündnis 90/Die Grünen über nachhaltige Kleidung und Vermeiden von Mikroplastik machte es möglich. </span></h3>
<h3 class="s3" style="text-align: left"><span class="s2">Im vollbesetzten Raum referierte Umweltlotsin Eva von Monschaw von der Verbraucherzentrale Hessen. Zu ihren Tipps gehörte die „Pyramide der Nachhaltigkeit“ mit folgender Handlungsrangfolge: <em>nutze, was da ist; repariere; mache selbst; tausche oder leihe aus; kaufe gebraucht; kaufe neu und möglichst in Öko-Qualität.</em></span></h3>
<p>[/vc_column_text][vc_column_text css=&#8220;&#8220;][/vc_column_text][/vc_column][vc_column width=&#8220;1/3&#8243;][vc_single_image image=&#8220;1666&#8243; img_size=&#8220;medium&#8220; css=&#8220;&#8220;][vc_single_image image=&#8220;1665&#8243; img_size=&#8220;medium&#8220; css=&#8220;&#8220;][vc_single_image image=&#8220;1667&#8243; img_size=&#8220;medium&#8220; css=&#8220;&#8220;][/vc_column][/vc_row]</p>
</div>

<p>[vc_row][vc_column][vc_empty_space][/vc_column][/vc_row][vc_row][vc_column width=&#8220;2/3&#8243;][vc_column_text css=&#8220;&#8220;] Vortrag über nachhaltige Kleidung und Vermeiden von Mikroplastik [/vc_column_text][vc_column_text css=&#8220;&#8220;] Der Weltladen Hanau als Forum für eine lebendige Diskussion – eine Veranstaltung des Ortsverbands Hanau von Bündnis 90/Die Grünen über nachhaltige Kleidung und Vermeiden von Mikroplastik machte es möglich. Im vollbesetzten Raum referierte Umweltlotsin Eva von Monschaw von der Verbraucherzentrale Hessen. Zu&hellip;</p>

<!-- This site is optimized with the Yoast SEO plugin v26.8 - https://yoast.com/product/yoast-seo-wordpress/ -->
<title>Vortrag über nachhaltige Kleidung und Vermeiden von Mikroplastik - Weltladen Hanau</title>
<meta name="robots" content="index, follow, max-snippet:-1, max-image-preview:large, max-video-preview:-1" />
<link rel="canonical" href="https://weltlaeden.de/hanau/weltladen-musterdorf/aktionen/votrag-buendnis90diegruenen/" />
<meta property="og:locale" content="de_DE" />
<meta property="og:type" content="article" />
<meta property="og:title" content="Vortrag über nachhaltige Kleidung und Vermeiden von Mikroplastik - Weltladen Hanau" />
<meta property="og:description" content="[vc_row][vc_column][vc_empty_space][/vc_column][/vc_row][vc_row][vc_column width=&#8220;2/3&#8243;][vc_column_text css=&#8220;&#8220;] Vortrag über nachhaltige Kleidung und Vermeiden von Mikroplastik [/vc_column_text][vc_column_text css=&#8220;&#8220;] Der Weltladen Hanau als Forum für eine lebendige Diskussion – eine Veranstaltung des Ortsverbands Hanau von Bündnis 90/Die Grünen über nachhaltige Kleidung und Vermeiden von Mikroplastik machte es möglich. Im vollbesetzten Raum referierte Umweltlotsin Eva von Monschaw von der Verbraucherzentrale Hessen. Zu&hellip;" />
<meta property="og:url" content="https://weltlaeden.de/hanau/weltladen-musterdorf/aktionen/votrag-buendnis90diegruenen/" />
<meta property="og:site_name" content="Weltladen Hanau" />
<meta property="article:modified_time" content="2026-03-16T14:53:28+00:00" />
<meta name="twitter:card" content="summary_large_image" />
<meta name="twitter:label1" content="Geschätzte Lesezeit" />
	<meta name="twitter:data1" content="2 Minuten" />
<script type="application/ld+json" class="yoast-schema-graph">{"@context":"https://schema.org","@graph":[{"@type":"WebPage","@id":"https://weltlaeden.de/hanau/weltladen-musterdorf/aktionen/votrag-buendnis90diegruenen/","url":"https://weltlaeden.de/hanau/weltladen-musterdorf/aktionen/votrag-buendnis90diegruenen/","name":"Vortrag über nachhaltige Kleidung und Vermeiden von Mikroplastik - Weltladen Hanau","isPartOf":{"@id":"https://weltlaeden.de/hanau/#website"},"datePublished":"2026-03-16T14:52:51+00:00","dateModified":"2026-03-16T14:53:28+00:00","breadcrumb":{"@id":"https://weltlaeden.de/hanau/weltladen-musterdorf/aktionen/votrag-buendnis90diegruenen/#breadcrumb"},"inLanguage":"de","potentialAction":[{"@type":"ReadAction","target":["https://weltlaeden.de/hanau/weltladen-musterdorf/aktionen/votrag-buendnis90diegruenen/"]}]},{"@type":"BreadcrumbList","@id":"https://weltlaeden.de/hanau/weltladen-musterdorf/aktionen/votrag-buendnis90diegruenen/#breadcrumb","itemListElement":[{"@type":"ListItem","position":1,"name":"Startseite","item":"https://weltlaeden.de/hanau/"},{"@type":"ListItem","position":2,"name":"Weltladen Hanau","item":"https://weltlaeden.de/hanau/"},{"@type":"ListItem","position":3,"name":"Aktionen","item":"https://weltlaeden.de/hanau/weltladen-musterdorf/aktionen/"},{"@type":"ListItem","position":4,"name":"Vortrag über nachhaltige Kleidung und Vermeiden von Mikroplastik"}]},{"@type":"WebSite","@id":"https://weltlaeden.de/hanau/#website","url":"https://weltlaeden.de/hanau/","name":"Weltladen Hanau","description":"Faire Produkte seit 2008","potentialAction":[{"@type":"SearchAction","target":{"@type":"EntryPoint","urlTemplate":"https://weltlaeden.de/hanau/?s={search_term_string}"},"query-input":{"@type":"PropertyValueSpecification","valueRequired":true,"valueName":"search_term_string"}}],"inLanguage":"de"}]}</script>
<!-- / Yoast SEO plugin. -->

Vortrag über nachhaltige Kleidung und Vermeiden von Mikroplastik - Weltladen Hanau

[vc_row][vc_column][vc_empty_space][/vc_column][/vc_row][vc_row][vc_column width=&#8220;2/3&#8243;][vc_column_text css=&#8220;&#8220;] Vortrag über nachhaltige Kleidung und Vermeiden von Mikroplastik [/vc_column_text][vc_column_text css=&#8220;&#8220;] Der Weltladen Hanau als Forum für eine lebendige Diskussion – eine Veranstaltung des Ortsverbands Hanau von Bündnis 90/Die Grünen über nachhaltige Kleidung und Vermeiden von Mikroplastik machte es möglich. Im vollbesetzten Raum referierte Umweltlotsin Eva von Monschaw von der Verbraucherzentrale Hessen. Zu&hellip;
