{"id":1109,"date":"2023-06-04T12:34:16","date_gmt":"2023-06-04T10:34:16","guid":{"rendered":"https:\/\/weltlaeden.de\/hanau\/?page_id=1109"},"modified":"2023-06-07T13:53:57","modified_gmt":"2023-06-07T11:53:57","slug":"15-jahre-weltladen","status":"publish","type":"page","link":"https:\/\/weltlaeden.de\/hanau\/weltladen-musterdorf\/aktionen\/15-jahre-weltladen\/","title":{"rendered":"15 Jahre Weltladen"},"content":{"rendered":"<div class=\"wpb-content-wrapper\"><p>[vc_row][vc_column][vc_column_text]<\/p>\n<h3 style=\"text-align: center\"><strong>Der Weltladen feierte seinen 15. Geburtstag <\/strong><\/h3>\n<p>[\/vc_column_text][\/vc_column][\/vc_row][vc_row][vc_column][vc_column_text]Am Samstag, 29. April 2023 folgten viele Interessent:innen, Kund:innen und Gratulant:innen \u00a0der Einladung, den besonderen Anlass zu feiern.[\/vc_column_text][\/vc_column][\/vc_row][vc_row][vc_column][vc_column_text]Auch OB Kaminsky lie\u00df es sich nicht nehmen, dem Weltladenteam pers\u00f6nlich zum 15-j\u00e4hrigen Bestehen zu gratulieren. Als Geschenk \u00fcberreichte er eine Urkunde mit den Geo-Koordinaten eines f\u00fcr den Weltladen im Staatspark Wilhelmsbad gepflanzten Baumes. Eine passende Geste zum Konzept der Weltl\u00e4den![\/vc_column_text][vc_empty_space][\/vc_column][\/vc_row][vc_row][vc_column width=&#8220;1\/2&#8243;][vc_single_image image=&#8220;1111&#8243; img_size=&#8220;370 x 460&#8243;][\/vc_column][vc_column width=&#8220;1\/2&#8243;][vc_single_image image=&#8220;1119&#8243; img_size=&#8220;420 x 520&#8243;][\/vc_column][\/vc_row][vc_row][vc_column][vc_column_text]Den ganzen Tag \u00fcber herrschte gesch\u00e4ftiges Treiben im Verkaufsraum an der Lindenstra\u00dfe. Bei kostenlosen Getr\u00e4nken und Snacks wurden nette Gespr\u00e4che gef\u00fchrt, die Gesch\u00e4ftsleitung aus Gelnhausen sowie ehemalige Mitarbeiterinnen und neue K\u00e4ufer:innen begr\u00fc\u00dft.<\/p>\n<p>Neu gest\u00e4rkt und motiviert durch den gro\u00dfen Zuspruch starten alle Ehrenamtlichen gerne in die n\u00e4chsten Jahrzehnte!<\/p>\n<p>Der \u201eHanauer Anzeiger\u201c berichtete am 3. Mai 2023 ebenfalls \u00fcber das Ereignis.[\/vc_column_text][\/vc_column][\/vc_row][vc_row][vc_column][\/vc_column][\/vc_row]<\/p>\n<\/div>","protected":false},"excerpt":{"rendered":"<p>[vc_row][vc_column][vc_column_text] Der Weltladen feierte seinen 15. Geburtstag [\/vc_column_text][\/vc_column][\/vc_row][vc_row][vc_column][vc_column_text]Am Samstag, 29. April 2023 folgten viele Interessent:innen, Kund:innen und Gratulant:innen \u00a0der Einladung, den besonderen Anlass zu feiern.[\/vc_column_text][\/vc_column][\/vc_row][vc_row][vc_column][vc_column_text]Auch OB Kaminsky lie\u00df es sich nicht nehmen, dem Weltladenteam pers\u00f6nlich zum 15-j\u00e4hrigen Bestehen zu gratulieren. Als Geschenk \u00fcberreichte er eine Urkunde mit den Geo-Koordinaten eines f\u00fcr den Weltladen im Staatspark&hellip;<\/p>\n","protected":false},"author":233,"featured_media":0,"parent":796,"menu_order":14,"comment_status":"closed","ping_status":"closed","template":"","meta":{"footnotes":""},"class_list":["post-1109","page","type-page","status-publish","hentry","description-off"],"yoast_head":"<!-- This site is optimized with the Yoast SEO plugin v26.8 - https:\/\/yoast.com\/product\/yoast-seo-wordpress\/ -->\n<title>15 Jahre Weltladen - Weltladen Hanau<\/title>\n<meta name=\"robots\" content=\"index, follow, max-snippet:-1, max-image-preview:large, max-video-preview:-1\" \/>\n<link rel=\"canonical\" href=\"https:\/\/weltlaeden.de\/hanau\/weltladen-musterdorf\/aktionen\/15-jahre-weltladen\/\" \/>\n<meta property=\"og:locale\" content=\"de_DE\" \/>\n<meta property=\"og:type\" content=\"article\" \/>\n<meta property=\"og:title\" content=\"15 Jahre Weltladen - Weltladen Hanau\" \/>\n<meta property=\"og:description\" content=\"[vc_row][vc_column][vc_column_text] Der Weltladen feierte seinen 15. Geburtstag [\/vc_column_text][\/vc_column][\/vc_row][vc_row][vc_column][vc_column_text]Am Samstag, 29. April 2023 folgten viele Interessent:innen, Kund:innen und Gratulant:innen \u00a0der Einladung, den besonderen Anlass zu feiern.[\/vc_column_text][\/vc_column][\/vc_row][vc_row][vc_column][vc_column_text]Auch OB Kaminsky lie\u00df es sich nicht nehmen, dem Weltladenteam pers\u00f6nlich zum 15-j\u00e4hrigen Bestehen zu gratulieren. Als Geschenk \u00fcberreichte er eine Urkunde mit den Geo-Koordinaten eines f\u00fcr den Weltladen im Staatspark&hellip;\" \/>\n<meta property=\"og:url\" content=\"https:\/\/weltlaeden.de\/hanau\/weltladen-musterdorf\/aktionen\/15-jahre-weltladen\/\" \/>\n<meta property=\"og:site_name\" content=\"Weltladen Hanau\" \/>\n<meta property=\"article:modified_time\" content=\"2023-06-07T11:53:57+00:00\" \/>\n<meta name=\"twitter:card\" content=\"summary_large_image\" \/>\n<meta name=\"twitter:label1\" content=\"Gesch\u00e4tzte Lesezeit\" \/>\n\t<meta name=\"twitter:data1\" content=\"1\u00a0Minute\" \/>\n<script type=\"application\/ld+json\" class=\"yoast-schema-graph\">{\"@context\":\"https:\/\/schema.org\",\"@graph\":[{\"@type\":\"WebPage\",\"@id\":\"https:\/\/weltlaeden.de\/hanau\/weltladen-musterdorf\/aktionen\/15-jahre-weltladen\/\",\"url\":\"https:\/\/weltlaeden.de\/hanau\/weltladen-musterdorf\/aktionen\/15-jahre-weltladen\/\",\"name\":\"15 Jahre Weltladen - Weltladen Hanau\",\"isPartOf\":{\"@id\":\"https:\/\/weltlaeden.de\/hanau\/#website\"},\"datePublished\":\"2023-06-04T10:34:16+00:00\",\"dateModified\":\"2023-06-07T11:53:57+00:00\",\"breadcrumb\":{\"@id\":\"https:\/\/weltlaeden.de\/hanau\/weltladen-musterdorf\/aktionen\/15-jahre-weltladen\/#breadcrumb\"},\"inLanguage\":\"de\",\"potentialAction\":[{\"@type\":\"ReadAction\",\"target\":[\"https:\/\/weltlaeden.de\/hanau\/weltladen-musterdorf\/aktionen\/15-jahre-weltladen\/\"]}]},{\"@type\":\"BreadcrumbList\",\"@id\":\"https:\/\/weltlaeden.de\/hanau\/weltladen-musterdorf\/aktionen\/15-jahre-weltladen\/#breadcrumb\",\"itemListElement\":[{\"@type\":\"ListItem\",\"position\":1,\"name\":\"Startseite\",\"item\":\"https:\/\/weltlaeden.de\/hanau\/\"},{\"@type\":\"ListItem\",\"position\":2,\"name\":\"Weltladen Hanau\",\"item\":\"https:\/\/weltlaeden.de\/hanau\/\"},{\"@type\":\"ListItem\",\"position\":3,\"name\":\"Aktionen\",\"item\":\"https:\/\/weltlaeden.de\/hanau\/weltladen-musterdorf\/aktionen\/\"},{\"@type\":\"ListItem\",\"position\":4,\"name\":\"15 Jahre Weltladen\"}]},{\"@type\":\"WebSite\",\"@id\":\"https:\/\/weltlaeden.de\/hanau\/#website\",\"url\":\"https:\/\/weltlaeden.de\/hanau\/\",\"name\":\"Weltladen Hanau\",\"description\":\"Faire Produkte seit 2008\",\"potentialAction\":[{\"@type\":\"SearchAction\",\"target\":{\"@type\":\"EntryPoint\",\"urlTemplate\":\"https:\/\/weltlaeden.de\/hanau\/?s={search_term_string}\"},\"query-input\":{\"@type\":\"PropertyValueSpecification\",\"valueRequired\":true,\"valueName\":\"search_term_string\"}}],\"inLanguage\":\"de\"}]}<\/script>\n<!-- \/ Yoast SEO plugin. -->","yoast_head_json":{"title":"15 Jahre Weltladen - Weltladen Hanau","robots":{"index":"index","follow":"follow","max-snippet":"max-snippet:-1","max-image-preview":"max-image-preview:large","max-video-preview":"max-video-preview:-1"},"canonical":"https:\/\/weltlaeden.de\/hanau\/weltladen-musterdorf\/aktionen\/15-jahre-weltladen\/","og_locale":"de_DE","og_type":"article","og_title":"15 Jahre Weltladen - Weltladen Hanau","og_description":"[vc_row][vc_column][vc_column_text] Der Weltladen feierte seinen 15. Geburtstag [\/vc_column_text][\/vc_column][\/vc_row][vc_row][vc_column][vc_column_text]Am Samstag, 29. April 2023 folgten viele Interessent:innen, Kund:innen und Gratulant:innen \u00a0der Einladung, den besonderen Anlass zu feiern.[\/vc_column_text][\/vc_column][\/vc_row][vc_row][vc_column][vc_column_text]Auch OB Kaminsky lie\u00df es sich nicht nehmen, dem Weltladenteam pers\u00f6nlich zum 15-j\u00e4hrigen Bestehen zu gratulieren. Als Geschenk \u00fcberreichte er eine Urkunde mit den Geo-Koordinaten eines f\u00fcr den Weltladen im Staatspark&hellip;","og_url":"https:\/\/weltlaeden.de\/hanau\/weltladen-musterdorf\/aktionen\/15-jahre-weltladen\/","og_site_name":"Weltladen Hanau","article_modified_time":"2023-06-07T11:53:57+00:00","twitter_card":"summary_large_image","twitter_misc":{"Gesch\u00e4tzte Lesezeit":"1\u00a0Minute"},"schema":{"@context":"https:\/\/schema.org","@graph":[{"@type":"WebPage","@id":"https:\/\/weltlaeden.de\/hanau\/weltladen-musterdorf\/aktionen\/15-jahre-weltladen\/","url":"https:\/\/weltlaeden.de\/hanau\/weltladen-musterdorf\/aktionen\/15-jahre-weltladen\/","name":"15 Jahre Weltladen - Weltladen Hanau","isPartOf":{"@id":"https:\/\/weltlaeden.de\/hanau\/#website"},"datePublished":"2023-06-04T10:34:16+00:00","dateModified":"2023-06-07T11:53:57+00:00","breadcrumb":{"@id":"https:\/\/weltlaeden.de\/hanau\/weltladen-musterdorf\/aktionen\/15-jahre-weltladen\/#breadcrumb"},"inLanguage":"de","potentialAction":[{"@type":"ReadAction","target":["https:\/\/weltlaeden.de\/hanau\/weltladen-musterdorf\/aktionen\/15-jahre-weltladen\/"]}]},{"@type":"BreadcrumbList","@id":"https:\/\/weltlaeden.de\/hanau\/weltladen-musterdorf\/aktionen\/15-jahre-weltladen\/#breadcrumb","itemListElement":[{"@type":"ListItem","position":1,"name":"Startseite","item":"https:\/\/weltlaeden.de\/hanau\/"},{"@type":"ListItem","position":2,"name":"Weltladen Hanau","item":"https:\/\/weltlaeden.de\/hanau\/"},{"@type":"ListItem","position":3,"name":"Aktionen","item":"https:\/\/weltlaeden.de\/hanau\/weltladen-musterdorf\/aktionen\/"},{"@type":"ListItem","position":4,"name":"15 Jahre Weltladen"}]},{"@type":"WebSite","@id":"https:\/\/weltlaeden.de\/hanau\/#website","url":"https:\/\/weltlaeden.de\/hanau\/","name":"Weltladen Hanau","description":"Faire Produkte seit 2008","potentialAction":[{"@type":"SearchAction","target":{"@type":"EntryPoint","urlTemplate":"https:\/\/weltlaeden.de\/hanau\/?s={search_term_string}"},"query-input":{"@type":"PropertyValueSpecification","valueRequired":true,"valueName":"search_term_string"}}],"inLanguage":"de"}]}},"_links":{"self":[{"href":"https:\/\/weltlaeden.de\/hanau\/wp-json\/wp\/v2\/pages\/1109","targetHints":{"allow":["GET"]}}],"collection":[{"href":"https:\/\/weltlaeden.de\/hanau\/wp-json\/wp\/v2\/pages"}],"about":[{"href":"https:\/\/weltlaeden.de\/hanau\/wp-json\/wp\/v2\/types\/page"}],"author":[{"embeddable":true,"href":"https:\/\/weltlaeden.de\/hanau\/wp-json\/wp\/v2\/users\/233"}],"replies":[{"embeddable":true,"href":"https:\/\/weltlaeden.de\/hanau\/wp-json\/wp\/v2\/comments?post=1109"}],"version-history":[{"count":6,"href":"https:\/\/weltlaeden.de\/hanau\/wp-json\/wp\/v2\/pages\/1109\/revisions"}],"predecessor-version":[{"id":1120,"href":"https:\/\/weltlaeden.de\/hanau\/wp-json\/wp\/v2\/pages\/1109\/revisions\/1120"}],"up":[{"embeddable":true,"href":"https:\/\/weltlaeden.de\/hanau\/wp-json\/wp\/v2\/pages\/796"}],"wp:attachment":[{"href":"https:\/\/weltlaeden.de\/hanau\/wp-json\/wp\/v2\/media?parent=1109"}],"curies":[{"name":"wp","href":"https:\/\/api.w.org\/{rel}","templated":true}]}}

<div class="wpb-content-wrapper"><p>[vc_row][vc_column][vc_column_text]</p>
<h3 style="text-align: center"><strong>Der Weltladen feierte seinen 15. Geburtstag </strong></h3>
<p>[/vc_column_text][/vc_column][/vc_row][vc_row][vc_column][vc_column_text]Am Samstag, 29. April 2023 folgten viele Interessent:innen, Kund:innen und Gratulant:innen  der Einladung, den besonderen Anlass zu feiern.[/vc_column_text][/vc_column][/vc_row][vc_row][vc_column][vc_column_text]Auch OB Kaminsky ließ es sich nicht nehmen, dem Weltladenteam persönlich zum 15-jährigen Bestehen zu gratulieren. Als Geschenk überreichte er eine Urkunde mit den Geo-Koordinaten eines für den Weltladen im Staatspark Wilhelmsbad gepflanzten Baumes. Eine passende Geste zum Konzept der Weltläden![/vc_column_text][vc_empty_space][/vc_column][/vc_row][vc_row][vc_column width=&#8220;1/2&#8243;][vc_single_image image=&#8220;1111&#8243; img_size=&#8220;370 x 460&#8243;][/vc_column][vc_column width=&#8220;1/2&#8243;][vc_single_image image=&#8220;1119&#8243; img_size=&#8220;420 x 520&#8243;][/vc_column][/vc_row][vc_row][vc_column][vc_column_text]Den ganzen Tag über herrschte geschäftiges Treiben im Verkaufsraum an der Lindenstraße. Bei kostenlosen Getränken und Snacks wurden nette Gespräche geführt, die Geschäftsleitung aus Gelnhausen sowie ehemalige Mitarbeiterinnen und neue Käufer:innen begrüßt.</p>
<p>Neu gestärkt und motiviert durch den großen Zuspruch starten alle Ehrenamtlichen gerne in die nächsten Jahrzehnte!</p>
<p>Der „Hanauer Anzeiger“ berichtete am 3. Mai 2023 ebenfalls über das Ereignis.[/vc_column_text][/vc_column][/vc_row][vc_row][vc_column][/vc_column][/vc_row]</p>
</div>

<p>[vc_row][vc_column][vc_column_text] Der Weltladen feierte seinen 15. Geburtstag [/vc_column_text][/vc_column][/vc_row][vc_row][vc_column][vc_column_text]Am Samstag, 29. April 2023 folgten viele Interessent:innen, Kund:innen und Gratulant:innen  der Einladung, den besonderen Anlass zu feiern.[/vc_column_text][/vc_column][/vc_row][vc_row][vc_column][vc_column_text]Auch OB Kaminsky ließ es sich nicht nehmen, dem Weltladenteam persönlich zum 15-jährigen Bestehen zu gratulieren. Als Geschenk überreichte er eine Urkunde mit den Geo-Koordinaten eines für den Weltladen im Staatspark&hellip;</p>

<!-- This site is optimized with the Yoast SEO plugin v26.8 - https://yoast.com/product/yoast-seo-wordpress/ -->
<title>15 Jahre Weltladen - Weltladen Hanau</title>
<meta name="robots" content="index, follow, max-snippet:-1, max-image-preview:large, max-video-preview:-1" />
<link rel="canonical" href="https://weltlaeden.de/hanau/weltladen-musterdorf/aktionen/15-jahre-weltladen/" />
<meta property="og:locale" content="de_DE" />
<meta property="og:type" content="article" />
<meta property="og:title" content="15 Jahre Weltladen - Weltladen Hanau" />
<meta property="og:description" content="[vc_row][vc_column][vc_column_text] Der Weltladen feierte seinen 15. Geburtstag [/vc_column_text][/vc_column][/vc_row][vc_row][vc_column][vc_column_text]Am Samstag, 29. April 2023 folgten viele Interessent:innen, Kund:innen und Gratulant:innen  der Einladung, den besonderen Anlass zu feiern.[/vc_column_text][/vc_column][/vc_row][vc_row][vc_column][vc_column_text]Auch OB Kaminsky ließ es sich nicht nehmen, dem Weltladenteam persönlich zum 15-jährigen Bestehen zu gratulieren. Als Geschenk überreichte er eine Urkunde mit den Geo-Koordinaten eines für den Weltladen im Staatspark&hellip;" />
<meta property="og:url" content="https://weltlaeden.de/hanau/weltladen-musterdorf/aktionen/15-jahre-weltladen/" />
<meta property="og:site_name" content="Weltladen Hanau" />
<meta property="article:modified_time" content="2023-06-07T11:53:57+00:00" />
<meta name="twitter:card" content="summary_large_image" />
<meta name="twitter:label1" content="Geschätzte Lesezeit" />
	<meta name="twitter:data1" content="1 Minute" />
<script type="application/ld+json" class="yoast-schema-graph">{"@context":"https://schema.org","@graph":[{"@type":"WebPage","@id":"https://weltlaeden.de/hanau/weltladen-musterdorf/aktionen/15-jahre-weltladen/","url":"https://weltlaeden.de/hanau/weltladen-musterdorf/aktionen/15-jahre-weltladen/","name":"15 Jahre Weltladen - Weltladen Hanau","isPartOf":{"@id":"https://weltlaeden.de/hanau/#website"},"datePublished":"2023-06-04T10:34:16+00:00","dateModified":"2023-06-07T11:53:57+00:00","breadcrumb":{"@id":"https://weltlaeden.de/hanau/weltladen-musterdorf/aktionen/15-jahre-weltladen/#breadcrumb"},"inLanguage":"de","potentialAction":[{"@type":"ReadAction","target":["https://weltlaeden.de/hanau/weltladen-musterdorf/aktionen/15-jahre-weltladen/"]}]},{"@type":"BreadcrumbList","@id":"https://weltlaeden.de/hanau/weltladen-musterdorf/aktionen/15-jahre-weltladen/#breadcrumb","itemListElement":[{"@type":"ListItem","position":1,"name":"Startseite","item":"https://weltlaeden.de/hanau/"},{"@type":"ListItem","position":2,"name":"Weltladen Hanau","item":"https://weltlaeden.de/hanau/"},{"@type":"ListItem","position":3,"name":"Aktionen","item":"https://weltlaeden.de/hanau/weltladen-musterdorf/aktionen/"},{"@type":"ListItem","position":4,"name":"15 Jahre Weltladen"}]},{"@type":"WebSite","@id":"https://weltlaeden.de/hanau/#website","url":"https://weltlaeden.de/hanau/","name":"Weltladen Hanau","description":"Faire Produkte seit 2008","potentialAction":[{"@type":"SearchAction","target":{"@type":"EntryPoint","urlTemplate":"https://weltlaeden.de/hanau/?s={search_term_string}"},"query-input":{"@type":"PropertyValueSpecification","valueRequired":true,"valueName":"search_term_string"}}],"inLanguage":"de"}]}</script>
<!-- / Yoast SEO plugin. -->

[vc_row][vc_column][vc_column_text] Der Weltladen feierte seinen 15. Geburtstag [/vc_column_text][/vc_column][/vc_row][vc_row][vc_column][vc_column_text]Am Samstag, 29. April 2023 folgten viele Interessent:innen, Kund:innen und Gratulant:innen  der Einladung, den besonderen Anlass zu feiern.[/vc_column_text][/vc_column][/vc_row][vc_row][vc_column][vc_column_text]Auch OB Kaminsky ließ es sich nicht nehmen, dem Weltladenteam persönlich zum 15-jährigen Bestehen zu gratulieren. Als Geschenk überreichte er eine Urkunde mit den Geo-Koordinaten eines für den Weltladen im Staatspark&hellip;
