{"version":"1.0","provider_name":"Weltladen Hanau","provider_url":"https:\/\/weltlaeden.de\/hanau","title":"15 Jahre Weltladen - Weltladen Hanau","type":"rich","width":600,"height":338,"html":"<blockquote class=\"wp-embedded-content\" data-secret=\"Kv5UaNDapk\"><a href=\"https:\/\/weltlaeden.de\/hanau\/weltladen-musterdorf\/aktionen\/15-jahre-weltladen\/\">15 Jahre Weltladen<\/a><\/blockquote><iframe sandbox=\"allow-scripts\" security=\"restricted\" src=\"https:\/\/weltlaeden.de\/hanau\/weltladen-musterdorf\/aktionen\/15-jahre-weltladen\/embed\/#?secret=Kv5UaNDapk\" width=\"600\" height=\"338\" title=\"&#8222;15 Jahre Weltladen&#8220; &#8211; Weltladen Hanau\" data-secret=\"Kv5UaNDapk\" frameborder=\"0\" marginwidth=\"0\" marginheight=\"0\" scrolling=\"no\" class=\"wp-embedded-content\"><\/iframe><script>\n\/*! This file is auto-generated *\/\n!function(d,l){\"use strict\";l.querySelector&&d.addEventListener&&\"undefined\"!=typeof URL&&(d.wp=d.wp||{},d.wp.receiveEmbedMessage||(d.wp.receiveEmbedMessage=function(e){var t=e.data;if((t||t.secret||t.message||t.value)&&!\/[^a-zA-Z0-9]\/.test(t.secret)){for(var s,r,n,a=l.querySelectorAll('iframe[data-secret=\"'+t.secret+'\"]'),o=l.querySelectorAll('blockquote[data-secret=\"'+t.secret+'\"]'),c=new RegExp(\"^https?:$\",\"i\"),i=0;i<o.length;i++)o[i].style.display=\"none\";for(i=0;i<a.length;i++)s=a[i],e.source===s.contentWindow&&(s.removeAttribute(\"style\"),\"height\"===t.message?(1e3<(r=parseInt(t.value,10))?r=1e3:~~r<200&&(r=200),s.height=r):\"link\"===t.message&&(r=new URL(s.getAttribute(\"src\")),n=new URL(t.value),c.test(n.protocol))&&n.host===r.host&&l.activeElement===s&&(d.top.location.href=t.value))}},d.addEventListener(\"message\",d.wp.receiveEmbedMessage,!1),l.addEventListener(\"DOMContentLoaded\",function(){for(var e,t,s=l.querySelectorAll(\"iframe.wp-embedded-content\"),r=0;r<s.length;r++)(t=(e=s[r]).getAttribute(\"data-secret\"))||(t=Math.random().toString(36).substring(2,12),e.src+=\"#?secret=\"+t,e.setAttribute(\"data-secret\",t)),e.contentWindow.postMessage({message:\"ready\",secret:t},\"*\")},!1)))}(window,document);\n<\/script>\n","description":"[vc_row][vc_column][vc_column_text] Der Weltladen feierte seinen 15. Geburtstag [\/vc_column_text][\/vc_column][\/vc_row][vc_row][vc_column][vc_column_text]Am Samstag, 29. April 2023 folgten viele Interessent:innen, Kund:innen und Gratulant:innen \u00a0der Einladung, den besonderen Anlass zu feiern.[\/vc_column_text][\/vc_column][\/vc_row][vc_row][vc_column][vc_column_text]Auch OB Kaminsky lie\u00df es sich nicht nehmen, dem Weltladenteam pers\u00f6nlich zum 15-j\u00e4hrigen Bestehen zu gratulieren. Als Geschenk \u00fcberreichte er eine Urkunde mit den Geo-Koordinaten eines f\u00fcr den Weltladen im Staatspark&hellip;"}

[vc_row][vc_column][vc_column_text] Der Weltladen feierte seinen 15. Geburtstag [/vc_column_text][/vc_column][/vc_row][vc_row][vc_column][vc_column_text]Am Samstag, 29. April 2023 folgten viele Interessent:innen, Kund:innen und Gratulant:innen  der Einladung, den besonderen Anlass zu feiern.[/vc_column_text][/vc_column][/vc_row][vc_row][vc_column][vc_column_text]Auch OB Kaminsky ließ es sich nicht nehmen, dem Weltladenteam persönlich zum 15-jährigen Bestehen zu gratulieren. Als Geschenk überreichte er eine Urkunde mit den Geo-Koordinaten eines für den Weltladen im Staatspark&hellip;
