{"id":218,"date":"2016-10-28T13:34:47","date_gmt":"2016-10-28T11:34:47","guid":{"rendered":"https:\/\/wl.heimpixel.de\/vorlage\/fairer-handel\/"},"modified":"2022-01-11T18:50:50","modified_gmt":"2022-01-11T17:50:50","slug":"fairer-handel","status":"publish","type":"page","link":"https:\/\/weltlaeden.de\/hammelburg\/fairer-handel\/","title":{"rendered":"Fairer Handel"},"content":{"rendered":"<div class=\"wpb-content-wrapper\"><p>[vc_row][vc_column]<div class=\"wl_einzelbild\"><p><img loading=\"lazy\" decoding=\"async\" class=\"alignnone size-full wp-image-nsm-3-15\" src=\"https:\/\/weltlaeden.de\/hammelburg\/wp-content\/uploads\/sites\/3\/2016\/11\/FairerHandel_ElPuente_Fingerpuppen_EccoExe_Peru.jpg\" alt=\"\" width=\"1200\" height=\"519\" \/><\/p><\/div>[\/vc_column][\/vc_row][vc_row][vc_column][vc_empty_space][vc_column_text]<\/p>\n<h1>Warum Fairer Handel?<\/h1>\n<p>[\/vc_column_text][vc_column_text]<\/p>\n<div class=\"wpb_text_column wpb_content_element \">\n<div class=\"wpb_wrapper\">\n<div class=\"mYVXT\">\n<div class=\"LS81yb VICjCf\">\n<div class=\"hJDwNd-AhqUyc-uQSCkd purZT-AhqUyc-II5mzb pSzOP-AhqUyc-qWD73c JNdkSc\">\n<div class=\"JNdkSc-SmKAyb\">\n<div class=\"\">\n<div class=\"oKdM2c Kzv0Me\">\n<div id=\"h.p_dUVDzGgCiZdU\" class=\"hJDwNd-AhqUyc-uQSCkd jXK9ad D2fZ2 OjCsFc wHaque GNzUNc\">\n<div class=\"jXK9ad-SmKAyb\">\n<div class=\"tyJCtd mGzaTb baZpAe\">\n<p id=\"h.p_SjSe9Er6iZdY\" class=\"CDt4Ke zfr3Q\">Kaffee oder Tee zum Fr\u00fchst\u00fcck, die Banane in der Mittagspause und der Orangensaft samt Schokoriegel am Nachmittag &#8211; Gen\u00fcsse aus aller Welt stehen uns zur Verf\u00fcgung. Die Rohwaren, die man dazu braucht, kommen aus den so genannten Entwicklungsl\u00e4ndern. Trotzdem sind die Endprodukte hier sehr billig und das hat seinen Preis: Viele Menschen in den Anbaul\u00e4ndern arbeiten unter unw\u00fcrdigen Bedingungen und erhalten f\u00fcr ihre Arbeit keinen gerechten Lohn oder f\u00fcr ihre Ernteertr\u00e4ge so niedrige Preise, dass nicht einmal die Produktionskosten gedeckt sind. Die Existenz von unz\u00e4hligen Kleinbauern- und Arbeiterfamilien ist bedroht. <strong>F\u00fcr sie setzt sich der Faire Handel ein<\/strong>.<\/p>\n<p id=\"h.p_IkPbgzT91qKA\" class=\"CDt4Ke zfr3Q\">Importorganisationen, die den Prinzipien des Fairen Handels folgen, kaufen von Kleinbauern-Zusammenschl\u00fcssen oder Unternehmen mit sozialer sowie \u00f6kologischer Verantwortung in den Entwicklungsl\u00e4ndern Produkte &#8211; Lebensmittel und Handwerksartikel -, die dann in Deutschland verkauft werden. Das geschieht nach partnerschaftlichen Prinzipien wie z.B. <strong>langfristige Handelsbeziehungen<\/strong> und <strong>M\u00f6glichkeiten der Vorfinanzierung<\/strong>, die den Partnern im S\u00fcden Planungssicherheit bieten. Die <strong>h\u00f6heren Preise<\/strong>, die im Fairen Handel gezahlt werden, sichern ein ausreichendes Einkommen f\u00fcr die Produzentinnen und Produzenten und tragen zu einer Verbesserung der Lebensbedingungen bei. So k\u00f6nnen zum Beispiel ihre Kinder zur Schule gehen, Bildungs- und Gesundheitsprojekte k\u00f6nnen gemeinsam aufgebaut werden. Im Bereich der Arbeit sind Investitionen in die Zukunft m\u00f6glich, etwa durch die Anschaffung neuer Maschinen f\u00fcr die Weiterverarbeitung, durch den Anbau neuer Produkte oder durch die Schaffung von besseren Transport- oder Lagerm\u00f6glichkeiten.<\/p>\n<\/div>\n<\/div>\n<\/div>\n<\/div>\n<\/div>\n<\/div>\n<\/div>\n<\/div>\n<\/div>\n<\/div>\n<\/div>\n<p>[\/vc_column_text][\/vc_column][\/vc_row][vc_row][vc_column][vc_empty_space][vc_column_text css=&#8220;.vc_custom_1641920383168{background-color: #dd9933 !important;}&#8220;]<\/p>\n<h1><\/h1>\n<p>[\/vc_column_text][vc_column_text]<\/p>\n<div class=\"wpb_text_column wpb_content_element \">\n<div class=\"wpb_wrapper\">\n<p>Als Mitglied im <a href=\"http:\/\/www.weltladen.de\/\">Weltladen-Dachverband<\/a> f\u00fchren wir nur Produkte von Importorganisationen, die im <a class=\"dhtgD aw5Odc\" href=\"https:\/\/www.weltladen.de\/fuer-weltlaeden\/lieferantenkatalog\/\" target=\"_blank\" rel=\"noopener\">Lieferanten-Katalog des Dachverbands<\/a> gelistet sind. Bitte haben Sie Verst\u00e4ndnis daf\u00fcr, dass wir uns an diese Selbstverpflichtung halten und daher keine Artikel in unser Sortiment aufnehmen k\u00f6nnen, die uns aus kleinen Projekten\/Selbstorganisationen in L\u00e4ndern des S\u00fcdens angeboten werden, auch wenn au\u00dfer Zweifel steht, dass diese gute Arbeit leisten und sich die Produzierenden sehr f\u00fcr eine Absatzm\u00f6glichkeit in Deutschland interessieren. Eine gute M\u00f6glichkeit f\u00fcr Kleinproduzentengruppen ist es, sich an die Fairhandelsorganisationen in ihren jeweiligen L\u00e4ndern zu wenden. Diese findet man auf der Homepage der <a class=\"dhtgD aw5Odc\" href=\"https:\/\/www.google.com\/url?q=https%3A%2F%2Fwfto.com%2Findex.php%3Foption%3Dcom_content%26task%3Dview%26id%3D6%26Itemid%3D37&amp;sa=D&amp;sntz=1&amp;usg=AFQjCNEckB6-3G79kpigIHLETi2pUJhNfQ\" target=\"_blank\" rel=\"noopener\">World Fair Trade Organisation.<\/a><\/p>\n<\/div>\n<\/div>\n<p>[\/vc_column_text][vc_column_text][\/vc_column_text][\/vc_column][\/vc_row][vc_row][vc_column][vc_empty_space][vc_column_text]<\/p>\n<h1>Fairtrade<\/h1>\n<p>[\/vc_column_text][vc_column_text][\/vc_column_text][\/vc_column][\/vc_row][vc_row][vc_column width=&#8220;1\/4&#8243;][vc_single_image image=&#8220;573&#8243; img_size=&#8220;full&#8220;][\/vc_column][vc_column width=&#8220;3\/4&#8243;][vc_column_text]<\/p>\n<p id=\"h.p_ssGDvyaF1yEE\" class=\"CDt4Ke zfr3Q\">An diesem Siegel sind fair gehandelte Produkte zu erkennen.<\/p>\n<p id=\"h.p_RnF5_xYo19M9\" class=\"CDt4Ke zfr3Q\">Der gemeinn\u00fctzige Verein TransFair startete seine Arbeit 1992 mit dem Ziel, benachteiligte Produzenten in Afrika, Asien und Lateinamerika zu f\u00f6rdern und durch den Fairen Handel ihre Lebens- und Arbeitsbedingungen zu verbessern.<\/p>\n<p id=\"h.p_CUqVfanC19M-\" class=\"CDt4Ke zfr3Q\">TransFair handelt nicht selbst mit Waren. Der Verein vergibt sein Siegel f\u00fcr fair gehandelte Produkte. TransFair ist also keine Marke, sondern zeichnet Produkte mit dem Siegel aus, die zu festgelegten fairen Bedingungen gehandelt wurden. Zu den Aufgaben geh\u00f6rt die Kontrolle der Fairhandelsregeln, das Siegelmarketing, die Bildungs-, \u00d6ffentlichkeits- und Lobbyarbeit.<\/p>\n<p>[\/vc_column_text][\/vc_column][\/vc_row][vc_row][vc_column][vc_empty_space][vc_column_text]<\/p>\n<h1 id=\"h.p_UrUOPGeX2YbX\" class=\"CDt4Ke zfr3Q duRjpb\">Nach diesen Kriterien wird das TransFair-Siegel vergeben<\/h1>\n<p>[\/vc_column_text][vc_column_text][\/vc_column_text][\/vc_column][\/vc_row][vc_row][vc_column width=&#8220;1\/4&#8243;][vc_single_image image=&#8220;580&#8243; img_size=&#8220;full&#8220;][\/vc_column][vc_column width=&#8220;3\/4&#8243;][vc_column_text]<\/p>\n<div class=\"wpb_text_column wpb_content_element \">\n<div class=\"wpb_wrapper\">\n<div class=\"oKdM2c\">\n<div id=\"h.p_ELJYzP_V2Yba\" class=\"hJDwNd-AhqUyc-Clt0zb jXK9ad D2fZ2 wHaque GNzUNc\">\n<div class=\"jXK9ad-SmKAyb\">\n<div class=\"tyJCtd mGzaTb baZpAe\">\n<ul class=\"n8H08c UVNKR\">\n<li id=\"h.p_6LCSKfh-2Ybc\" class=\"TYR86d zfr3Q\">F\u00f6rderung benachteiligter kleinb\u00e4uerlicher Familien und deren Selbsthilfe-Initiativen<\/li>\n<li id=\"h.p_X-YK0wvx3XFr\" class=\"TYR86d zfr3Q\">Zahlung von \u00fcber dem Weltmarktniveau liegenden Mindestpreisen an die Produzentengruppen.<\/li>\n<li id=\"h.p_73Ns7bxl3XFs\" class=\"TYR86d zfr3Q\">Verbot von illegaler Kinderarbeit und Einhaltung international geltender Arbeitsschutz-Richtlinien<\/li>\n<li id=\"h.p_RALDj46R3XFu\" class=\"TYR86d zfr3Q\">Direkter Einkauf bei den Produzentengruppen unter Ausschluss von Zwischenh\u00e4ndlern.<\/li>\n<li id=\"h.p_lHMpgMjW3XFz\" class=\"TYR86d zfr3Q\">Kleinbauern und Arbeiter bestimmen selbst \u00fcber die Erl\u00f6se aus dem Fairen Handel.<\/li>\n<li id=\"h.p_F9lZaIkp3XF1\" class=\"TYR86d zfr3Q\">Gew\u00e4hrleistung einer Vorfinanzierung.<\/li>\n<li id=\"h.p_TLN3AgxX3XF1\" class=\"TYR86d zfr3Q\">Aufbau bzw. Vereinbarung langfristiger Lieferbeziehungen.<\/li>\n<\/ul>\n<\/div>\n<\/div>\n<\/div>\n<\/div>\n<\/div>\n<\/div>\n<p>[\/vc_column_text][\/vc_column][\/vc_row][vc_row][vc_column][vc_empty_space][vc_column_text]<\/p>\n<h1>Links zu Akteuren des Fairen Handels<\/h1>\n<p>[\/vc_column_text][\/vc_column][\/vc_row][vc_row][vc_column width=&#8220;1\/3&#8243;][vc_column_text]<strong>Importorganisationen (Auswahl)<br \/>\n<\/strong><\/p>\n<ul>\n<li><a href=\"http:\/\/www.banafair.de\" target=\"_blank\" rel=\"noopener\">BanaFair<\/a><\/li>\n<li><a href=\"http:\/\/www.el-puente.de\" target=\"_blank\" rel=\"noopener\">El Puente<\/a><\/li>\n<li><a href=\"http:\/\/www.gepa.de\/\" target=\"_blank\" rel=\"noopener\">GEPA \u2013 The Fair Trade Company<\/a><\/li>\n<li><a href=\"https:\/\/www.globo-fairtrade.com\/\" target=\"_blank\" rel=\"noopener\">GLOBO<\/a><\/li>\n<li><a href=\"https:\/\/www.weltpartner.de\/de\" target=\"_blank\" rel=\"noopener\">WeltPartner<\/a><\/li>\n<\/ul>\n<p>[\/vc_column_text][\/vc_column][vc_column width=&#8220;1\/3&#8243;][vc_column_text]<strong>Siegelorganisationen<\/strong><\/p>\n<ul>\n<li><a href=\"http:\/\/www.naturland.de\/index.php?option=com_content&amp;view=category&amp;layout=blog&amp;id=148&amp;Itemid=888&amp;lang=de\">Naturland Fair<\/a><\/li>\n<li><a href=\"http:\/\/www.fairtrade-deutschland.de\" target=\"_blank\" rel=\"noopener\">Fairtrade Deutschland<\/a><\/li>\n<li><a href=\"http:\/\/www.fairtrade.net\" target=\"_blank\" rel=\"noopener\">Fairtrade International<\/a><\/li>\n<\/ul>\n<p>[\/vc_column_text][\/vc_column][vc_column width=&#8220;1\/3&#8243;][vc_column_text]<strong>Netzwerke und Infos \u00fcber Produzent\/innen<br \/>\n<\/strong><\/p>\n<ul>\n<li><a href=\"http:\/\/www.forum-fairer-handel.de\" target=\"_blank\" rel=\"noopener\">Forum Fairer Handel<\/a><\/li>\n<li><a href=\"https:\/\/www.fair-band.de\" target=\"_blank\" rel=\"noopener\">FAIR BAND<\/a><\/li>\n<li><a href=\"http:\/\/www.wfto.com\/\" target=\"_blank\" rel=\"noopener\">World Fair Trade Organization\u00a0(WFTO)<\/a><\/li>\n<li><a href=\"http:\/\/fairtrade.de\">fairtrade.de<\/a><\/li>\n<\/ul>\n<p>[\/vc_column_text][\/vc_column][\/vc_row]<\/p>\n<\/div>","protected":false},"excerpt":{"rendered":"<p>[vc_row][vc_column][\/vc_column][\/vc_row][vc_row][vc_column][vc_empty_space][vc_column_text] Warum Fairer Handel? [\/vc_column_text][vc_column_text] Kaffee oder Tee zum Fr\u00fchst\u00fcck, die Banane in der Mittagspause und der Orangensaft samt Schokoriegel am Nachmittag &#8211; Gen\u00fcsse aus aller Welt stehen uns zur Verf\u00fcgung. Die Rohwaren, die man dazu braucht, kommen aus den so genannten Entwicklungsl\u00e4ndern. Trotzdem sind die Endprodukte hier sehr billig und das hat seinen Preis:&hellip;<\/p>\n","protected":false},"author":1,"featured_media":0,"parent":0,"menu_order":2,"comment_status":"closed","ping_status":"closed","template":"","meta":{"footnotes":""},"class_list":["post-218","page","type-page","status-publish","hentry","description-off"],"yoast_head":"<!-- This site is optimized with the Yoast SEO plugin v26.8 - https:\/\/yoast.com\/product\/yoast-seo-wordpress\/ -->\n<title>Fairer Handel - Weltladen Hammelburg<\/title>\n<meta name=\"robots\" content=\"index, follow, max-snippet:-1, max-image-preview:large, max-video-preview:-1\" \/>\n<link rel=\"canonical\" href=\"https:\/\/weltlaeden.de\/hammelburg\/fairer-handel\/\" \/>\n<meta property=\"og:locale\" content=\"de_DE\" \/>\n<meta property=\"og:type\" content=\"article\" \/>\n<meta property=\"og:title\" content=\"Fairer Handel - Weltladen Hammelburg\" \/>\n<meta property=\"og:description\" content=\"[vc_row][vc_column][\/vc_column][\/vc_row][vc_row][vc_column][vc_empty_space][vc_column_text] Warum Fairer Handel? [\/vc_column_text][vc_column_text] Kaffee oder Tee zum Fr\u00fchst\u00fcck, die Banane in der Mittagspause und der Orangensaft samt Schokoriegel am Nachmittag &#8211; Gen\u00fcsse aus aller Welt stehen uns zur Verf\u00fcgung. Die Rohwaren, die man dazu braucht, kommen aus den so genannten Entwicklungsl\u00e4ndern. Trotzdem sind die Endprodukte hier sehr billig und das hat seinen Preis:&hellip;\" \/>\n<meta property=\"og:url\" content=\"https:\/\/weltlaeden.de\/hammelburg\/fairer-handel\/\" \/>\n<meta property=\"og:site_name\" content=\"Weltladen Hammelburg\" \/>\n<meta property=\"article:modified_time\" content=\"2022-01-11T17:50:50+00:00\" \/>\n<meta property=\"og:image\" content=\"https:\/\/weltlaeden.de\/hammelburg\/wp-content\/uploads\/sites\/3\/2016\/11\/FairerHandel_ElPuente_Fingerpuppen_EccoExe_Peru.jpg\" \/>\n<meta name=\"twitter:card\" content=\"summary_large_image\" \/>\n<meta name=\"twitter:label1\" content=\"Gesch\u00e4tzte Lesezeit\" \/>\n\t<meta name=\"twitter:data1\" content=\"4\u00a0Minuten\" \/>\n<script type=\"application\/ld+json\" class=\"yoast-schema-graph\">{\"@context\":\"https:\/\/schema.org\",\"@graph\":[{\"@type\":\"WebPage\",\"@id\":\"https:\/\/weltlaeden.de\/hammelburg\/fairer-handel\/\",\"url\":\"https:\/\/weltlaeden.de\/hammelburg\/fairer-handel\/\",\"name\":\"Fairer Handel - Weltladen Hammelburg\",\"isPartOf\":{\"@id\":\"https:\/\/weltlaeden.de\/hammelburg\/#website\"},\"primaryImageOfPage\":{\"@id\":\"https:\/\/weltlaeden.de\/hammelburg\/fairer-handel\/#primaryimage\"},\"image\":{\"@id\":\"https:\/\/weltlaeden.de\/hammelburg\/fairer-handel\/#primaryimage\"},\"thumbnailUrl\":\"https:\/\/weltlaeden.de\/hammelburg\/wp-content\/uploads\/sites\/3\/2016\/11\/FairerHandel_ElPuente_Fingerpuppen_EccoExe_Peru.jpg\",\"datePublished\":\"2016-10-28T11:34:47+00:00\",\"dateModified\":\"2022-01-11T17:50:50+00:00\",\"breadcrumb\":{\"@id\":\"https:\/\/weltlaeden.de\/hammelburg\/fairer-handel\/#breadcrumb\"},\"inLanguage\":\"de\",\"potentialAction\":[{\"@type\":\"ReadAction\",\"target\":[\"https:\/\/weltlaeden.de\/hammelburg\/fairer-handel\/\"]}]},{\"@type\":\"ImageObject\",\"inLanguage\":\"de\",\"@id\":\"https:\/\/weltlaeden.de\/hammelburg\/fairer-handel\/#primaryimage\",\"url\":\"https:\/\/weltlaeden.de\/hammelburg\/wp-content\/uploads\/sites\/3\/2016\/11\/FairerHandel_ElPuente_Fingerpuppen_EccoExe_Peru.jpg\",\"contentUrl\":\"https:\/\/weltlaeden.de\/hammelburg\/wp-content\/uploads\/sites\/3\/2016\/11\/FairerHandel_ElPuente_Fingerpuppen_EccoExe_Peru.jpg\"},{\"@type\":\"BreadcrumbList\",\"@id\":\"https:\/\/weltlaeden.de\/hammelburg\/fairer-handel\/#breadcrumb\",\"itemListElement\":[{\"@type\":\"ListItem\",\"position\":1,\"name\":\"Startseite\",\"item\":\"https:\/\/weltlaeden.de\/hammelburg\/\"},{\"@type\":\"ListItem\",\"position\":2,\"name\":\"Fairer Handel\"}]},{\"@type\":\"WebSite\",\"@id\":\"https:\/\/weltlaeden.de\/hammelburg\/#website\",\"url\":\"https:\/\/weltlaeden.de\/hammelburg\/\",\"name\":\"Weltladen Hammelburg\",\"description\":\"Faire Produkte seit 1990\",\"potentialAction\":[{\"@type\":\"SearchAction\",\"target\":{\"@type\":\"EntryPoint\",\"urlTemplate\":\"https:\/\/weltlaeden.de\/hammelburg\/?s={search_term_string}\"},\"query-input\":{\"@type\":\"PropertyValueSpecification\",\"valueRequired\":true,\"valueName\":\"search_term_string\"}}],\"inLanguage\":\"de\"}]}<\/script>\n<!-- \/ Yoast SEO plugin. -->","yoast_head_json":{"title":"Fairer Handel - Weltladen Hammelburg","robots":{"index":"index","follow":"follow","max-snippet":"max-snippet:-1","max-image-preview":"max-image-preview:large","max-video-preview":"max-video-preview:-1"},"canonical":"https:\/\/weltlaeden.de\/hammelburg\/fairer-handel\/","og_locale":"de_DE","og_type":"article","og_title":"Fairer Handel - Weltladen Hammelburg","og_description":"[vc_row][vc_column][\/vc_column][\/vc_row][vc_row][vc_column][vc_empty_space][vc_column_text] Warum Fairer Handel? [\/vc_column_text][vc_column_text] Kaffee oder Tee zum Fr\u00fchst\u00fcck, die Banane in der Mittagspause und der Orangensaft samt Schokoriegel am Nachmittag &#8211; Gen\u00fcsse aus aller Welt stehen uns zur Verf\u00fcgung. Die Rohwaren, die man dazu braucht, kommen aus den so genannten Entwicklungsl\u00e4ndern. Trotzdem sind die Endprodukte hier sehr billig und das hat seinen Preis:&hellip;","og_url":"https:\/\/weltlaeden.de\/hammelburg\/fairer-handel\/","og_site_name":"Weltladen Hammelburg","article_modified_time":"2022-01-11T17:50:50+00:00","og_image":[{"url":"https:\/\/weltlaeden.de\/hammelburg\/wp-content\/uploads\/sites\/3\/2016\/11\/FairerHandel_ElPuente_Fingerpuppen_EccoExe_Peru.jpg","type":"","width":"","height":""}],"twitter_card":"summary_large_image","twitter_misc":{"Gesch\u00e4tzte Lesezeit":"4\u00a0Minuten"},"schema":{"@context":"https:\/\/schema.org","@graph":[{"@type":"WebPage","@id":"https:\/\/weltlaeden.de\/hammelburg\/fairer-handel\/","url":"https:\/\/weltlaeden.de\/hammelburg\/fairer-handel\/","name":"Fairer Handel - Weltladen Hammelburg","isPartOf":{"@id":"https:\/\/weltlaeden.de\/hammelburg\/#website"},"primaryImageOfPage":{"@id":"https:\/\/weltlaeden.de\/hammelburg\/fairer-handel\/#primaryimage"},"image":{"@id":"https:\/\/weltlaeden.de\/hammelburg\/fairer-handel\/#primaryimage"},"thumbnailUrl":"https:\/\/weltlaeden.de\/hammelburg\/wp-content\/uploads\/sites\/3\/2016\/11\/FairerHandel_ElPuente_Fingerpuppen_EccoExe_Peru.jpg","datePublished":"2016-10-28T11:34:47+00:00","dateModified":"2022-01-11T17:50:50+00:00","breadcrumb":{"@id":"https:\/\/weltlaeden.de\/hammelburg\/fairer-handel\/#breadcrumb"},"inLanguage":"de","potentialAction":[{"@type":"ReadAction","target":["https:\/\/weltlaeden.de\/hammelburg\/fairer-handel\/"]}]},{"@type":"ImageObject","inLanguage":"de","@id":"https:\/\/weltlaeden.de\/hammelburg\/fairer-handel\/#primaryimage","url":"https:\/\/weltlaeden.de\/hammelburg\/wp-content\/uploads\/sites\/3\/2016\/11\/FairerHandel_ElPuente_Fingerpuppen_EccoExe_Peru.jpg","contentUrl":"https:\/\/weltlaeden.de\/hammelburg\/wp-content\/uploads\/sites\/3\/2016\/11\/FairerHandel_ElPuente_Fingerpuppen_EccoExe_Peru.jpg"},{"@type":"BreadcrumbList","@id":"https:\/\/weltlaeden.de\/hammelburg\/fairer-handel\/#breadcrumb","itemListElement":[{"@type":"ListItem","position":1,"name":"Startseite","item":"https:\/\/weltlaeden.de\/hammelburg\/"},{"@type":"ListItem","position":2,"name":"Fairer Handel"}]},{"@type":"WebSite","@id":"https:\/\/weltlaeden.de\/hammelburg\/#website","url":"https:\/\/weltlaeden.de\/hammelburg\/","name":"Weltladen Hammelburg","description":"Faire Produkte seit 1990","potentialAction":[{"@type":"SearchAction","target":{"@type":"EntryPoint","urlTemplate":"https:\/\/weltlaeden.de\/hammelburg\/?s={search_term_string}"},"query-input":{"@type":"PropertyValueSpecification","valueRequired":true,"valueName":"search_term_string"}}],"inLanguage":"de"}]}},"_links":{"self":[{"href":"https:\/\/weltlaeden.de\/hammelburg\/wp-json\/wp\/v2\/pages\/218","targetHints":{"allow":["GET"]}}],"collection":[{"href":"https:\/\/weltlaeden.de\/hammelburg\/wp-json\/wp\/v2\/pages"}],"about":[{"href":"https:\/\/weltlaeden.de\/hammelburg\/wp-json\/wp\/v2\/types\/page"}],"author":[{"embeddable":true,"href":"https:\/\/weltlaeden.de\/hammelburg\/wp-json\/wp\/v2\/users\/1"}],"replies":[{"embeddable":true,"href":"https:\/\/weltlaeden.de\/hammelburg\/wp-json\/wp\/v2\/comments?post=218"}],"version-history":[{"count":39,"href":"https:\/\/weltlaeden.de\/hammelburg\/wp-json\/wp\/v2\/pages\/218\/revisions"}],"predecessor-version":[{"id":583,"href":"https:\/\/weltlaeden.de\/hammelburg\/wp-json\/wp\/v2\/pages\/218\/revisions\/583"}],"wp:attachment":[{"href":"https:\/\/weltlaeden.de\/hammelburg\/wp-json\/wp\/v2\/media?parent=218"}],"curies":[{"name":"wp","href":"https:\/\/api.w.org\/{rel}","templated":true}]}}