{"id":662,"date":"2024-11-13T21:07:47","date_gmt":"2024-11-13T20:07:47","guid":{"rendered":"https:\/\/weltlaeden.de\/hameln\/?page_id=662"},"modified":"2024-11-13T21:13:20","modified_gmt":"2024-11-13T20:13:20","slug":"dorfgemeinschaftsprojekte-in-ghana","status":"publish","type":"page","link":"https:\/\/weltlaeden.de\/hameln\/dorfgemeinschaftsprojekte-in-ghana\/","title":{"rendered":"Dorfgemeinschaftsprojekte in Ghana"},"content":{"rendered":"<h1>Aktion Eine Welt unterst\u00fctzt Dorfgemeinschaften in Ghana<\/h1>\n<p>In den Jahren 1967-68 war Adrian Rosser aus Oxford in Ghana. 2009 kehrte er als Freiwilliger einer ghanaischen Organisation in denselben Teil Ghanas zur\u00fcck und arbeitete am Bau eines Gemeinschaftstoilettenblocks in Tafi Atome.<br \/>\nBevor es in Tafi Atome einen Toilettenblock gab, starben jedes Jahr vier bis f\u00fcnf Kinder im Dorf an Infektionskrankheiten durch Fliegen und F\u00e4kalien aus dem Busch. Seit dem Bau der Toiletten ist diese Zahl auf weniger als einen Todesfall pro Jahr gesunken. Der Toilettenblock gibt den Menschen auch die W\u00fcrde, ihre Notdurft privat zu verrichten.<\/p>\n<p>Das hat sich herumgesprochen und nun stellen auch Nachbard\u00f6rfer Anfragen. Adrian Rosser hat inzwischen die Organisation\u00a0<a href=\"https:\/\/communityactionghana.org\/\">Community Action Ghana<\/a> gegr\u00fcndet und finanziert mit Spenden das Material zum Bau von Gemeinschaftstoiletten, Wasserreservoirs und kleinen Dorfb\u00fcchereien. Die Bauarbeiten werden, sofern keine speziellen Fachkenntnisse erforderlich sind, von den Dorfbewohnern selbst durchgef\u00fchrt.<\/p>\n<p>Aktion Eine Welt e.V. hat Community Action Ghana 2020 mit 5000\u20ac unterst\u00fctzt. Seitdem sammeln wir Spenden im Weltladen Q&#8217;Antati, die durch den Verein aufgestockt werden. 2023 konnten wir dieses sinnvolle Projekt, welches insbesondere die Eigeninitiative der Dorfbewohner unterst\u00fctzt, erneut mit 1000\u20ac f\u00f6rdern.<\/p>\n<p>&nbsp;<\/p>\n<p><img loading=\"lazy\" decoding=\"async\" class=\"wp-image-711 size-medium alignleft\" src=\"https:\/\/weltlaeden.de\/hameln\/wp-content\/uploads\/sites\/183\/2024\/11\/1-225x300.jpg\" alt=\"\" width=\"225\" height=\"300\" srcset=\"https:\/\/weltlaeden.de\/hameln\/wp-content\/uploads\/sites\/183\/2024\/11\/1-225x300.jpg 225w, https:\/\/weltlaeden.de\/hameln\/wp-content\/uploads\/sites\/183\/2024\/11\/1.jpg 662w\" sizes=\"auto, (max-width: 225px) 100vw, 225px\" \/>An dieser Stelle sollen die neuen Toiletten\u00a0 in dem\u00a0 Dorf \u00a0Alavanyo\u00a0 Agome gebaut werden. \u00a0\u00a0Zun\u00e4chst muss erst einmal der Busch freiger\u00e4umt werden. Nat\u00fcrlich muss dabei sorgsam auch Schlangen, Skorpione, M\u00fccken und andere Plagegeister geachtet werden.<\/p>\n<p>&nbsp;<\/p>\n<p>&nbsp;<\/p>\n<p>&nbsp;<\/p>\n<p>&nbsp;<\/p>\n<p>&nbsp;<\/p>\n<p>&nbsp;<\/p>\n<p>&nbsp;<\/p>\n<p>&nbsp;<\/p>\n<h2><img loading=\"lazy\" decoding=\"async\" class=\" wp-image-712 alignleft\" src=\"https:\/\/weltlaeden.de\/hameln\/wp-content\/uploads\/sites\/183\/2024\/11\/2-169x300.jpg\" alt=\"\" width=\"176\" height=\"313\" srcset=\"https:\/\/weltlaeden.de\/hameln\/wp-content\/uploads\/sites\/183\/2024\/11\/2-169x300.jpg 169w, https:\/\/weltlaeden.de\/hameln\/wp-content\/uploads\/sites\/183\/2024\/11\/2.jpg 496w\" sizes=\"auto, (max-width: 176px) 100vw, 176px\" \/><\/h2>\n<h2><img loading=\"lazy\" decoding=\"async\" class=\" wp-image-714 alignright\" src=\"https:\/\/weltlaeden.de\/hameln\/wp-content\/uploads\/sites\/183\/2024\/11\/4-225x300.jpg\" alt=\"\" width=\"234\" height=\"312\" srcset=\"https:\/\/weltlaeden.de\/hameln\/wp-content\/uploads\/sites\/183\/2024\/11\/4-225x300.jpg 225w, https:\/\/weltlaeden.de\/hameln\/wp-content\/uploads\/sites\/183\/2024\/11\/4.jpg 768w\" sizes=\"auto, (max-width: 234px) 100vw, 234px\" \/><\/h2>\n<p>&nbsp;<\/p>\n<p>&nbsp;<\/p>\n<h2><img loading=\"lazy\" decoding=\"async\" class=\" wp-image-713 aligncenter\" src=\"https:\/\/weltlaeden.de\/hameln\/wp-content\/uploads\/sites\/183\/2024\/11\/3-300x225.jpg\" alt=\"\" width=\"301\" height=\"226\" srcset=\"https:\/\/weltlaeden.de\/hameln\/wp-content\/uploads\/sites\/183\/2024\/11\/3-300x225.jpg 300w, https:\/\/weltlaeden.de\/hameln\/wp-content\/uploads\/sites\/183\/2024\/11\/3-1024x768.jpg 1024w, https:\/\/weltlaeden.de\/hameln\/wp-content\/uploads\/sites\/183\/2024\/11\/3-768x576.jpg 768w, https:\/\/weltlaeden.de\/hameln\/wp-content\/uploads\/sites\/183\/2024\/11\/3.jpg 1176w\" sizes=\"auto, (max-width: 301px) 100vw, 301px\" \/><\/h2>\n<p>&nbsp;<\/p>\n<p>Nat\u00fcrlich ben\u00f6tigt man auch Wasser, um aus Sand und Zement den M\u00f6rtel herzustellen. Es muss m\u00fchsam mit Eimern aus einem nahegelegenen Bach gesch\u00f6pft und zum Bauplatz getragen werden.<\/p>\n<p>&nbsp;<\/p>\n<h2><img loading=\"lazy\" decoding=\"async\" class=\"size-medium wp-image-715 alignleft\" src=\"https:\/\/weltlaeden.de\/hameln\/wp-content\/uploads\/sites\/183\/2024\/11\/5-300x225.jpg\" alt=\"\" width=\"300\" height=\"225\" srcset=\"https:\/\/weltlaeden.de\/hameln\/wp-content\/uploads\/sites\/183\/2024\/11\/5-300x225.jpg 300w, https:\/\/weltlaeden.de\/hameln\/wp-content\/uploads\/sites\/183\/2024\/11\/5-768x576.jpg 768w, https:\/\/weltlaeden.de\/hameln\/wp-content\/uploads\/sites\/183\/2024\/11\/5.jpg 1024w\" sizes=\"auto, (max-width: 300px) 100vw, 300px\" \/><\/h2>\n<h2><img loading=\"lazy\" decoding=\"async\" class=\"wp-image-716 size-medium alignright\" src=\"https:\/\/weltlaeden.de\/hameln\/wp-content\/uploads\/sites\/183\/2024\/11\/6-300x225.jpg\" alt=\"\" width=\"300\" height=\"225\" srcset=\"https:\/\/weltlaeden.de\/hameln\/wp-content\/uploads\/sites\/183\/2024\/11\/6-300x225.jpg 300w, https:\/\/weltlaeden.de\/hameln\/wp-content\/uploads\/sites\/183\/2024\/11\/6-768x576.jpg 768w, https:\/\/weltlaeden.de\/hameln\/wp-content\/uploads\/sites\/183\/2024\/11\/6.jpg 1024w\" sizes=\"auto, (max-width: 300px) 100vw, 300px\" \/><\/h2>\n<h2><img loading=\"lazy\" decoding=\"async\" class=\"wp-image-717 size-medium aligncenter\" src=\"https:\/\/weltlaeden.de\/hameln\/wp-content\/uploads\/sites\/183\/2024\/11\/7-300x225.jpg\" alt=\"\" width=\"300\" height=\"225\" srcset=\"https:\/\/weltlaeden.de\/hameln\/wp-content\/uploads\/sites\/183\/2024\/11\/7-300x225.jpg 300w, https:\/\/weltlaeden.de\/hameln\/wp-content\/uploads\/sites\/183\/2024\/11\/7-768x576.jpg 768w, https:\/\/weltlaeden.de\/hameln\/wp-content\/uploads\/sites\/183\/2024\/11\/7.jpg 1024w\" sizes=\"auto, (max-width: 300px) 100vw, 300px\" \/><\/h2>\n<p>&nbsp;<\/p>\n<p>Sand und Zement werden von den Bewohnern des Dorfes gemischt, nat\u00fcrlich\u00a0 unter\u00a0 Einhaltung der Hygieneregeln in Corona-Zeiten.Der M\u00f6rtel wird in Formen gestampft und unter freiem Himmel zum Abbinden abgelegt.Die ersten selbst hergestellten\u00a0 Backsteine sind fertig und m\u00fcssen nun in der Sonne f\u00fcr ein paar Tage trocken, ehe sie zum Bau der Toilettenh\u00e4user verwendet werden k\u00f6nnen.<\/p>\n<p>&nbsp;<\/p>\n<h2><img loading=\"lazy\" decoding=\"async\" class=\"wp-image-718 aligncenter\" src=\"https:\/\/weltlaeden.de\/hameln\/wp-content\/uploads\/sites\/183\/2024\/11\/8-300x225.jpg\" alt=\"\" width=\"601\" height=\"451\" srcset=\"https:\/\/weltlaeden.de\/hameln\/wp-content\/uploads\/sites\/183\/2024\/11\/8-300x225.jpg 300w, https:\/\/weltlaeden.de\/hameln\/wp-content\/uploads\/sites\/183\/2024\/11\/8-768x576.jpg 768w, https:\/\/weltlaeden.de\/hameln\/wp-content\/uploads\/sites\/183\/2024\/11\/8.jpg 990w\" sizes=\"auto, (max-width: 601px) 100vw, 601px\" \/><\/h2>\n<p>&nbsp;<\/p>\n<p>&nbsp;<\/p>\n<p>&nbsp;<\/p>\n<p>&nbsp;<\/p>\n<p>&nbsp;<\/p>\n<p>&nbsp;<\/p>\n<p>&nbsp;<\/p>\n<p>&nbsp;<\/p>\n","protected":false},"excerpt":{"rendered":"<p>Aktion Eine Welt unterst\u00fctzt Dorfgemeinschaften in Ghana In den Jahren 1967-68 war Adrian Rosser aus Oxford in Ghana. 2009 kehrte er als Freiwilliger einer ghanaischen Organisation in denselben Teil Ghanas zur\u00fcck und arbeitete am Bau eines Gemeinschaftstoilettenblocks in Tafi Atome. Bevor es in Tafi Atome einen Toilettenblock gab, starben jedes Jahr vier bis f\u00fcnf Kinder&hellip;<\/p>\n","protected":false},"author":275,"featured_media":0,"parent":0,"menu_order":10,"comment_status":"closed","ping_status":"closed","template":"","meta":{"footnotes":""},"class_list":["post-662","page","type-page","status-publish","hentry","description-off"],"yoast_head":"<!-- This site is optimized with the Yoast SEO plugin v26.8 - https:\/\/yoast.com\/product\/yoast-seo-wordpress\/ -->\n<title>Dorfgemeinschaftsprojekte in Ghana - Weltladen Hameln<\/title>\n<meta name=\"robots\" content=\"index, follow, max-snippet:-1, max-image-preview:large, max-video-preview:-1\" \/>\n<link rel=\"canonical\" href=\"https:\/\/weltlaeden.de\/hameln\/dorfgemeinschaftsprojekte-in-ghana\/\" \/>\n<meta property=\"og:locale\" content=\"de_DE\" \/>\n<meta property=\"og:type\" content=\"article\" \/>\n<meta property=\"og:title\" content=\"Dorfgemeinschaftsprojekte in Ghana - Weltladen Hameln\" \/>\n<meta property=\"og:description\" content=\"Aktion Eine Welt unterst\u00fctzt Dorfgemeinschaften in Ghana In den Jahren 1967-68 war Adrian Rosser aus Oxford in Ghana. 2009 kehrte er als Freiwilliger einer ghanaischen Organisation in denselben Teil Ghanas zur\u00fcck und arbeitete am Bau eines Gemeinschaftstoilettenblocks in Tafi Atome. Bevor es in Tafi Atome einen Toilettenblock gab, starben jedes Jahr vier bis f\u00fcnf Kinder&hellip;\" \/>\n<meta property=\"og:url\" content=\"https:\/\/weltlaeden.de\/hameln\/dorfgemeinschaftsprojekte-in-ghana\/\" \/>\n<meta property=\"og:site_name\" content=\"Weltladen Hameln\" \/>\n<meta property=\"article:modified_time\" content=\"2024-11-13T20:13:20+00:00\" \/>\n<meta property=\"og:image\" content=\"https:\/\/weltlaeden.de\/hameln\/wp-content\/uploads\/sites\/183\/2024\/11\/1.jpg\" \/>\n\t<meta property=\"og:image:width\" content=\"662\" \/>\n\t<meta property=\"og:image:height\" content=\"882\" \/>\n\t<meta property=\"og:image:type\" content=\"image\/jpeg\" \/>\n<meta name=\"twitter:card\" content=\"summary_large_image\" \/>\n<meta name=\"twitter:label1\" content=\"Gesch\u00e4tzte Lesezeit\" \/>\n\t<meta name=\"twitter:data1\" content=\"4\u00a0Minuten\" \/>\n<script type=\"application\/ld+json\" class=\"yoast-schema-graph\">{\"@context\":\"https:\/\/schema.org\",\"@graph\":[{\"@type\":\"WebPage\",\"@id\":\"https:\/\/weltlaeden.de\/hameln\/dorfgemeinschaftsprojekte-in-ghana\/\",\"url\":\"https:\/\/weltlaeden.de\/hameln\/dorfgemeinschaftsprojekte-in-ghana\/\",\"name\":\"Dorfgemeinschaftsprojekte in Ghana - Weltladen Hameln\",\"isPartOf\":{\"@id\":\"https:\/\/weltlaeden.de\/hameln\/#website\"},\"primaryImageOfPage\":{\"@id\":\"https:\/\/weltlaeden.de\/hameln\/dorfgemeinschaftsprojekte-in-ghana\/#primaryimage\"},\"image\":{\"@id\":\"https:\/\/weltlaeden.de\/hameln\/dorfgemeinschaftsprojekte-in-ghana\/#primaryimage\"},\"thumbnailUrl\":\"https:\/\/weltlaeden.de\/hameln\/wp-content\/uploads\/sites\/183\/2024\/11\/1-225x300.jpg\",\"datePublished\":\"2024-11-13T20:07:47+00:00\",\"dateModified\":\"2024-11-13T20:13:20+00:00\",\"breadcrumb\":{\"@id\":\"https:\/\/weltlaeden.de\/hameln\/dorfgemeinschaftsprojekte-in-ghana\/#breadcrumb\"},\"inLanguage\":\"de\",\"potentialAction\":[{\"@type\":\"ReadAction\",\"target\":[\"https:\/\/weltlaeden.de\/hameln\/dorfgemeinschaftsprojekte-in-ghana\/\"]}]},{\"@type\":\"ImageObject\",\"inLanguage\":\"de\",\"@id\":\"https:\/\/weltlaeden.de\/hameln\/dorfgemeinschaftsprojekte-in-ghana\/#primaryimage\",\"url\":\"https:\/\/weltlaeden.de\/hameln\/wp-content\/uploads\/sites\/183\/2024\/11\/1.jpg\",\"contentUrl\":\"https:\/\/weltlaeden.de\/hameln\/wp-content\/uploads\/sites\/183\/2024\/11\/1.jpg\",\"width\":662,\"height\":882},{\"@type\":\"BreadcrumbList\",\"@id\":\"https:\/\/weltlaeden.de\/hameln\/dorfgemeinschaftsprojekte-in-ghana\/#breadcrumb\",\"itemListElement\":[{\"@type\":\"ListItem\",\"position\":1,\"name\":\"Startseite\",\"item\":\"https:\/\/weltlaeden.de\/hameln\/\"},{\"@type\":\"ListItem\",\"position\":2,\"name\":\"Dorfgemeinschaftsprojekte in Ghana\"}]},{\"@type\":\"WebSite\",\"@id\":\"https:\/\/weltlaeden.de\/hameln\/#website\",\"url\":\"https:\/\/weltlaeden.de\/hameln\/\",\"name\":\"Weltladen Hameln\",\"description\":\"Faire Produkte seit 1990\",\"potentialAction\":[{\"@type\":\"SearchAction\",\"target\":{\"@type\":\"EntryPoint\",\"urlTemplate\":\"https:\/\/weltlaeden.de\/hameln\/?s={search_term_string}\"},\"query-input\":{\"@type\":\"PropertyValueSpecification\",\"valueRequired\":true,\"valueName\":\"search_term_string\"}}],\"inLanguage\":\"de\"}]}<\/script>\n<!-- \/ Yoast SEO plugin. -->","yoast_head_json":{"title":"Dorfgemeinschaftsprojekte in Ghana - Weltladen Hameln","robots":{"index":"index","follow":"follow","max-snippet":"max-snippet:-1","max-image-preview":"max-image-preview:large","max-video-preview":"max-video-preview:-1"},"canonical":"https:\/\/weltlaeden.de\/hameln\/dorfgemeinschaftsprojekte-in-ghana\/","og_locale":"de_DE","og_type":"article","og_title":"Dorfgemeinschaftsprojekte in Ghana - Weltladen Hameln","og_description":"Aktion Eine Welt unterst\u00fctzt Dorfgemeinschaften in Ghana In den Jahren 1967-68 war Adrian Rosser aus Oxford in Ghana. 2009 kehrte er als Freiwilliger einer ghanaischen Organisation in denselben Teil Ghanas zur\u00fcck und arbeitete am Bau eines Gemeinschaftstoilettenblocks in Tafi Atome. Bevor es in Tafi Atome einen Toilettenblock gab, starben jedes Jahr vier bis f\u00fcnf Kinder&hellip;","og_url":"https:\/\/weltlaeden.de\/hameln\/dorfgemeinschaftsprojekte-in-ghana\/","og_site_name":"Weltladen Hameln","article_modified_time":"2024-11-13T20:13:20+00:00","og_image":[{"width":662,"height":882,"url":"https:\/\/weltlaeden.de\/hameln\/wp-content\/uploads\/sites\/183\/2024\/11\/1.jpg","type":"image\/jpeg"}],"twitter_card":"summary_large_image","twitter_misc":{"Gesch\u00e4tzte Lesezeit":"4\u00a0Minuten"},"schema":{"@context":"https:\/\/schema.org","@graph":[{"@type":"WebPage","@id":"https:\/\/weltlaeden.de\/hameln\/dorfgemeinschaftsprojekte-in-ghana\/","url":"https:\/\/weltlaeden.de\/hameln\/dorfgemeinschaftsprojekte-in-ghana\/","name":"Dorfgemeinschaftsprojekte in Ghana - Weltladen Hameln","isPartOf":{"@id":"https:\/\/weltlaeden.de\/hameln\/#website"},"primaryImageOfPage":{"@id":"https:\/\/weltlaeden.de\/hameln\/dorfgemeinschaftsprojekte-in-ghana\/#primaryimage"},"image":{"@id":"https:\/\/weltlaeden.de\/hameln\/dorfgemeinschaftsprojekte-in-ghana\/#primaryimage"},"thumbnailUrl":"https:\/\/weltlaeden.de\/hameln\/wp-content\/uploads\/sites\/183\/2024\/11\/1-225x300.jpg","datePublished":"2024-11-13T20:07:47+00:00","dateModified":"2024-11-13T20:13:20+00:00","breadcrumb":{"@id":"https:\/\/weltlaeden.de\/hameln\/dorfgemeinschaftsprojekte-in-ghana\/#breadcrumb"},"inLanguage":"de","potentialAction":[{"@type":"ReadAction","target":["https:\/\/weltlaeden.de\/hameln\/dorfgemeinschaftsprojekte-in-ghana\/"]}]},{"@type":"ImageObject","inLanguage":"de","@id":"https:\/\/weltlaeden.de\/hameln\/dorfgemeinschaftsprojekte-in-ghana\/#primaryimage","url":"https:\/\/weltlaeden.de\/hameln\/wp-content\/uploads\/sites\/183\/2024\/11\/1.jpg","contentUrl":"https:\/\/weltlaeden.de\/hameln\/wp-content\/uploads\/sites\/183\/2024\/11\/1.jpg","width":662,"height":882},{"@type":"BreadcrumbList","@id":"https:\/\/weltlaeden.de\/hameln\/dorfgemeinschaftsprojekte-in-ghana\/#breadcrumb","itemListElement":[{"@type":"ListItem","position":1,"name":"Startseite","item":"https:\/\/weltlaeden.de\/hameln\/"},{"@type":"ListItem","position":2,"name":"Dorfgemeinschaftsprojekte in Ghana"}]},{"@type":"WebSite","@id":"https:\/\/weltlaeden.de\/hameln\/#website","url":"https:\/\/weltlaeden.de\/hameln\/","name":"Weltladen Hameln","description":"Faire Produkte seit 1990","potentialAction":[{"@type":"SearchAction","target":{"@type":"EntryPoint","urlTemplate":"https:\/\/weltlaeden.de\/hameln\/?s={search_term_string}"},"query-input":{"@type":"PropertyValueSpecification","valueRequired":true,"valueName":"search_term_string"}}],"inLanguage":"de"}]}},"_links":{"self":[{"href":"https:\/\/weltlaeden.de\/hameln\/wp-json\/wp\/v2\/pages\/662","targetHints":{"allow":["GET"]}}],"collection":[{"href":"https:\/\/weltlaeden.de\/hameln\/wp-json\/wp\/v2\/pages"}],"about":[{"href":"https:\/\/weltlaeden.de\/hameln\/wp-json\/wp\/v2\/types\/page"}],"author":[{"embeddable":true,"href":"https:\/\/weltlaeden.de\/hameln\/wp-json\/wp\/v2\/users\/275"}],"replies":[{"embeddable":true,"href":"https:\/\/weltlaeden.de\/hameln\/wp-json\/wp\/v2\/comments?post=662"}],"version-history":[{"count":14,"href":"https:\/\/weltlaeden.de\/hameln\/wp-json\/wp\/v2\/pages\/662\/revisions"}],"predecessor-version":[{"id":730,"href":"https:\/\/weltlaeden.de\/hameln\/wp-json\/wp\/v2\/pages\/662\/revisions\/730"}],"wp:attachment":[{"href":"https:\/\/weltlaeden.de\/hameln\/wp-json\/wp\/v2\/media?parent=662"}],"curies":[{"name":"wp","href":"https:\/\/api.w.org\/{rel}","templated":true}]}}