{"id":20,"date":"2016-10-14T09:05:21","date_gmt":"2016-10-14T07:05:21","guid":{"rendered":"https:\/\/wl.heimpixel.de\/vorlage\/weltladen-musterdorf\/"},"modified":"2024-09-05T21:10:56","modified_gmt":"2024-09-05T19:10:56","slug":"weltladen-musterdorf","status":"publish","type":"page","link":"https:\/\/weltlaeden.de\/hameln\/","title":{"rendered":"Q&#8217;Antati Weltladen Hameln"},"content":{"rendered":"<div class=\"wpb-content-wrapper\"><p>[vc_row][vc_column]<div class=\"wl_einzelbild\"><p><img loading=\"lazy\" decoding=\"async\" class=\"alignnone size-medium wp-image-637\" src=\"https:\/\/weltlaeden.de\/hameln\/wp-content\/uploads\/sites\/183\/2023\/08\/IMG_3984-300x225.jpg\" alt=\"\" width=\"300\" height=\"225\" srcset=\"https:\/\/weltlaeden.de\/hameln\/wp-content\/uploads\/sites\/183\/2023\/08\/IMG_3984-300x225.jpg 300w, https:\/\/weltlaeden.de\/hameln\/wp-content\/uploads\/sites\/183\/2023\/08\/IMG_3984-1024x768.jpg 1024w, https:\/\/weltlaeden.de\/hameln\/wp-content\/uploads\/sites\/183\/2023\/08\/IMG_3984-768x576.jpg 768w, https:\/\/weltlaeden.de\/hameln\/wp-content\/uploads\/sites\/183\/2023\/08\/IMG_3984-1536x1152.jpg 1536w, https:\/\/weltlaeden.de\/hameln\/wp-content\/uploads\/sites\/183\/2023\/08\/IMG_3984-scaled.jpg 2048w\" sizes=\"auto, (max-width: 300px) 100vw, 300px\" \/><\/p><\/div>[vc_empty_space height=&#8220;20px&#8220;][\/vc_column][\/vc_row][vc_row][vc_column][vc_column_text]<\/p>\n<h1 style=\"text-align: left\">Willkommen im Q&#8217;Antati Weltladen Hameln<\/h1>\n<p>[\/vc_column_text][vc_column_text]<strong>Q\u2019ANTATI hei\u00dft in der Sprache der bolivianischen Indios:<br \/>\nSonnenaufgang oder auch Hoffnung<\/strong><\/p>\n<p>Unser Laden bietet:<\/p>\n<ul>\n<li>eine Reise durch die Welt mit handwerklichen und kulinarischen Produkten<\/li>\n<li>Produkte, die etwas von der Geschichte und Kultur der V\u00f6lker erz\u00e4hlen<\/li>\n<li>Hilfe zur Selbsthilfe f\u00fcr Menschen in den Entwicklungsl\u00e4ndern<\/li>\n<li>die Sicherheit, dass Umweltvertr\u00e4glichkeit, Sozial- und Umweltstandards eingehalten<\/li>\n<li>und den Produzenten gerechte und stabile Preise gezahlt werden<\/li>\n<\/ul>\n<p>[\/vc_column_text][vc_empty_space height=&#8220;30px&#8220;][\/vc_column][\/vc_row][vc_row][vc_column][vc_column_text]<\/p>\n<h2>Was Sie auf dieser Website finden:<\/h2>\n<p>[\/vc_column_text][vc_empty_space height=&#8220;20px&#8220;][vc_row_inner][vc_column_inner width=&#8220;1\/4&#8243;]<div class=\"wl_einzelbild\"><p><img loading=\"lazy\" decoding=\"async\" class=\"alignleft size-thumbnail wp-image-nsm-3-15\" src=\"https:\/\/weltlaeden.de\/vorlage\/wp-content\/uploads\/sites\/3\/2016\/11\/FairerHandel_ElPuente_Fingerpuppen_EccoExe_Peru-150x150.jpg\" alt=\"\" width=\"150\" height=\"150\" \/><\/p><\/div>[\/vc_column_inner][vc_column_inner width=&#8220;3\/4&#8243;][vc_column_text]<\/p>\n<h3>Fairer Handel<\/h3>\n<p>Was meint Fairer Handel \u00fcberhaupt? Welche Kriterien m\u00fcssen eingehalten werden und wer \u00fcberpr\u00fcft diese? <a href=\"?pagename=fairer-handel\">Erfahren Sie mehr &#8230;<\/a>[\/vc_column_text][\/vc_column_inner][\/vc_row_inner][vc_separator][vc_row_inner][vc_column_inner width=&#8220;1\/4&#8243;]<div class=\"wl_einzelbild\"><p><img loading=\"lazy\" decoding=\"async\" class=\"alignleft wp-image-nsm-3-28\" src=\"https:\/\/weltlaeden.de\/vorlage\/wp-content\/uploads\/sites\/3\/2018\/05\/Lebensmittel_WL-Bornheim-Christian-Schilling_150x150.jpg\" alt=\"\" width=\"148\" height=\"148\" \/><\/p><\/div>[\/vc_column_inner][vc_column_inner width=&#8220;3\/4&#8243;][vc_column_text]<\/p>\n<h3>Produkte<\/h3>\n<p>Unsere Produkte im Weltladen sind nat\u00fcrlich alle aus Fairem Handel, dennoch kommen sie von unterschiedlichen Fair-Handels-Importeuren. <a href=\"?pagename=produkte\">Hier zeigen wir Ihnen unser Sortiment &#8230;<\/a>[\/vc_column_text][\/vc_column_inner][\/vc_row_inner][vc_separator][vc_row_inner][vc_column_inner width=&#8220;1\/4&#8243;]<div class=\"wl_einzelbild\"><p><img loading=\"lazy\" decoding=\"async\" class=\"alignnone wp-image-651\" src=\"https:\/\/weltlaeden.de\/hameln\/wp-content\/uploads\/sites\/183\/2023\/08\/Schaufenster1-300x273.jpg\" alt=\"\" width=\"150\" height=\"137\" srcset=\"https:\/\/weltlaeden.de\/hameln\/wp-content\/uploads\/sites\/183\/2023\/08\/Schaufenster1-300x273.jpg 300w, https:\/\/weltlaeden.de\/hameln\/wp-content\/uploads\/sites\/183\/2023\/08\/Schaufenster1-1024x932.jpg 1024w, https:\/\/weltlaeden.de\/hameln\/wp-content\/uploads\/sites\/183\/2023\/08\/Schaufenster1-768x699.jpg 768w, https:\/\/weltlaeden.de\/hameln\/wp-content\/uploads\/sites\/183\/2023\/08\/Schaufenster1-1536x1398.jpg 1536w, https:\/\/weltlaeden.de\/hameln\/wp-content\/uploads\/sites\/183\/2023\/08\/Schaufenster1-scaled.jpg 2048w\" sizes=\"auto, (max-width: 150px) 100vw, 150px\" \/><\/p><\/div>[\/vc_column_inner][vc_column_inner width=&#8220;3\/4&#8243;][vc_column_text]<\/p>\n<h3>\u00dcber uns<\/h3>\n<p>Wer wir sind, warum wir uns f\u00fcr Fairen Handel engagieren und wie man bei uns mitmachen kann &#8211; <a href=\"?pagename=ueber-uns\">hier stellen wir uns vor &#8230;<\/a>[\/vc_column_text][\/vc_column_inner][\/vc_row_inner][vc_separator][vc_separator][vc_empty_space][\/vc_column][\/vc_row][vc_row][vc_column][vc_column_text]<\/p>\n<h2>Neuigkeiten<\/h2>\n<p>[\/vc_column_text]<section class=\"items-grid wf-container\"><div class=\"wf-cell wf-1-2\"><article class=\"post-format-standard\"><div class=\"mini-post-img\"><a class=\"alignleft post-rollover no-avatar\" href=\"https:\/\/weltlaeden.de\/hameln\/780-2\/\"  style=\"width:60px; height: 60px;\" aria-label=\"Post image\"><\/a><\/div><div class=\"post-content\"><a href=\"https:\/\/weltlaeden.de\/hameln\/780-2\/\">Faire Woche 2025 Das Programm f\u00fcr Hameln<\/a><br \/><time class=\"text-secondary\" datetime=\"2025-10-01T19:42:18+02:00\">1. Oktober 2025<\/time><\/div><\/article><\/div><div class=\"wf-cell wf-1-2\"><article class=\"post-format-standard\"><div class=\"mini-post-img\"><a class=\"alignleft post-rollover no-avatar\" href=\"https:\/\/weltlaeden.de\/hameln\/hamelnerin-lena-buhl-berichtet-von-ihrem-einsatz-in-ecuador\/\"  style=\"width:60px; height: 60px;\" aria-label=\"Post image\"><\/a><\/div><div class=\"post-content\"><a href=\"https:\/\/weltlaeden.de\/hameln\/hamelnerin-lena-buhl-berichtet-von-ihrem-einsatz-in-ecuador\/\">Hamelnerin Lena Buhl berichtet von ihrem Einsatz in Ecuador<\/a><br \/><time class=\"text-secondary\" datetime=\"2024-12-15T16:33:15+01:00\">15. Dezember 2024<\/time><\/div><\/article><\/div><div class=\"wf-cell wf-1-2\"><article class=\"post-format-standard\"><div class=\"mini-post-img\"><a class=\"alignleft post-rollover no-avatar\" href=\"https:\/\/weltlaeden.de\/hameln\/erfolgreiche-veranstaltung-zur-fairen-woche\/\"  style=\"width:60px; height: 60px;\" aria-label=\"Post image\"><\/a><\/div><div class=\"post-content\"><a href=\"https:\/\/weltlaeden.de\/hameln\/erfolgreiche-veranstaltung-zur-fairen-woche\/\">Erfolgreiche Veranstaltung zur Fairen Woche<\/a><br \/><time class=\"text-secondary\" datetime=\"2023-10-13T09:32:14+02:00\">13. Oktober 2023<\/time><\/div><\/article><\/div><div class=\"wf-cell wf-1-2\"><article class=\"post-format-standard\"><div class=\"mini-post-img\"><a class=\"alignleft post-rollover no-avatar\" href=\"https:\/\/weltlaeden.de\/hameln\/veranstaltungen-faire-woche-15-29-9-2023\/\"  style=\"width:60px; height: 60px;\" aria-label=\"Post image\"><\/a><\/div><div class=\"post-content\"><a href=\"https:\/\/weltlaeden.de\/hameln\/veranstaltungen-faire-woche-15-29-9-2023\/\">Faire Woche 15.-29.9. 2023<\/a><br \/><time class=\"text-secondary\" datetime=\"2023-08-22T21:30:20+02:00\">22. August 2023<\/time><\/div><\/article><\/div><div class=\"wf-cell wf-1-2\"><article class=\"post-format-standard\"><div class=\"mini-post-img\"><a class=\"alignleft post-rollover layzr-bg\" href=\"https:\/\/weltlaeden.de\/hameln\/599-2\/\" aria-label=\"Post image\"><img decoding=\"async\" class=\"preload-me lazy-load aspect\" src=\"data:image\/svg+xml,%3Csvg%20xmlns%3D&#39;http%3A%2F%2Fwww.w3.org%2F2000%2Fsvg&#39;%20viewBox%3D&#39;0%200%2060%2060&#39;%2F%3E\" data-src=\"https:\/\/weltlaeden.de\/hameln\/wp-content\/uploads\/sites\/183\/2022\/11\/Tafi-Atome-Toilet-block-60x60.jpg\" data-srcset=\"https:\/\/weltlaeden.de\/hameln\/wp-content\/uploads\/sites\/183\/2022\/11\/Tafi-Atome-Toilet-block-60x60.jpg 60w, https:\/\/weltlaeden.de\/hameln\/wp-content\/uploads\/sites\/183\/2022\/11\/Tafi-Atome-Toilet-block-120x120.jpg 120w\" loading=\"eager\" style=\"--ratio: 60 \/ 60\" sizes=\"(max-width: 60px) 100vw, 60px\" width=\"60\" height=\"60\"  alt=\"\" \/><\/a><\/div><div class=\"post-content\"><a href=\"https:\/\/weltlaeden.de\/hameln\/599-2\/\">Aktion Eine Welt unterst\u00fctzt Dorfgemeinschaft in Ghana<\/a><br \/><time class=\"text-secondary\" datetime=\"2022-11-16T10:18:41+01:00\">16. November 2022<\/time><\/div><\/article><\/div><div class=\"wf-cell wf-1-2\"><article class=\"post-format-standard\"><div class=\"mini-post-img\"><a class=\"alignleft post-rollover layzr-bg\" href=\"https:\/\/weltlaeden.de\/hameln\/597-2\/\" aria-label=\"Post image\"><img decoding=\"async\" class=\"preload-me lazy-load aspect\" src=\"data:image\/svg+xml,%3Csvg%20xmlns%3D&#39;http%3A%2F%2Fwww.w3.org%2F2000%2Fsvg&#39;%20viewBox%3D&#39;0%200%2060%2060&#39;%2F%3E\" data-src=\"https:\/\/weltlaeden.de\/hameln\/wp-content\/uploads\/sites\/183\/2022\/11\/logo_fw2022_orange_cmyk-60x60.jpg\" data-srcset=\"https:\/\/weltlaeden.de\/hameln\/wp-content\/uploads\/sites\/183\/2022\/11\/logo_fw2022_orange_cmyk-60x60.jpg 60w, https:\/\/weltlaeden.de\/hameln\/wp-content\/uploads\/sites\/183\/2022\/11\/logo_fw2022_orange_cmyk-120x120.jpg 120w\" loading=\"eager\" style=\"--ratio: 60 \/ 60\" sizes=\"(max-width: 60px) 100vw, 60px\" width=\"60\" height=\"60\"  alt=\"\" \/><\/a><\/div><div class=\"post-content\"><a href=\"https:\/\/weltlaeden.de\/hameln\/597-2\/\">Veranstaltungen Faire Woche 2022<\/a><br \/><time class=\"text-secondary\" datetime=\"2022-11-16T10:12:51+01:00\">16. November 2022<\/time><\/div><\/article><\/div><\/section><a href=\"?pagename=neuigkeiten\" class=\"btn-shortcode dt-btn-s dt-btn default-btn-color default-btn-hover-color default-btn-bg-color default-btn-bg-hover-color\" target=\"_blank\" id=\"dt-btn-1\" rel=\"noopener\"><span>Alle Neuigkeiten<\/span><\/a>[\/vc_column][\/vc_row]<\/p>\n<\/div>","protected":false},"excerpt":{"rendered":"<p>[vc_row][vc_column][vc_empty_space height=&#8220;20px&#8220;][\/vc_column][\/vc_row][vc_row][vc_column][vc_column_text] Willkommen im Q&#8217;Antati Weltladen Hameln [\/vc_column_text][vc_column_text]Q\u2019ANTATI hei\u00dft in der Sprache der bolivianischen Indios: Sonnenaufgang oder auch Hoffnung Unser Laden bietet: eine Reise durch die Welt mit handwerklichen und kulinarischen Produkten Produkte, die etwas von der Geschichte und Kultur der V\u00f6lker erz\u00e4hlen Hilfe zur Selbsthilfe f\u00fcr Menschen in den Entwicklungsl\u00e4ndern die Sicherheit, dass Umweltvertr\u00e4glichkeit,&hellip;<\/p>\n","protected":false},"author":1,"featured_media":0,"parent":0,"menu_order":0,"comment_status":"closed","ping_status":"closed","template":"","meta":{"footnotes":""},"class_list":["post-20","page","type-page","status-publish","hentry","description-off"],"yoast_head":"<!-- This site is optimized with the Yoast SEO plugin v26.8 - https:\/\/yoast.com\/product\/yoast-seo-wordpress\/ -->\n<title>Q&#039;Antati Weltladen Hameln - Weltladen Hameln<\/title>\n<meta name=\"robots\" content=\"index, follow, max-snippet:-1, max-image-preview:large, max-video-preview:-1\" \/>\n<link rel=\"canonical\" href=\"https:\/\/weltlaeden.de\/hameln\/\" \/>\n<meta property=\"og:locale\" content=\"de_DE\" \/>\n<meta property=\"og:type\" content=\"article\" \/>\n<meta property=\"og:title\" content=\"Q&#039;Antati Weltladen Hameln - Weltladen Hameln\" \/>\n<meta property=\"og:description\" content=\"[vc_row][vc_column][vc_empty_space height=&#8220;20px&#8220;][\/vc_column][\/vc_row][vc_row][vc_column][vc_column_text] Willkommen im Q&#8217;Antati Weltladen Hameln [\/vc_column_text][vc_column_text]Q\u2019ANTATI hei\u00dft in der Sprache der bolivianischen Indios: Sonnenaufgang oder auch Hoffnung Unser Laden bietet: eine Reise durch die Welt mit handwerklichen und kulinarischen Produkten Produkte, die etwas von der Geschichte und Kultur der V\u00f6lker erz\u00e4hlen Hilfe zur Selbsthilfe f\u00fcr Menschen in den Entwicklungsl\u00e4ndern die Sicherheit, dass Umweltvertr\u00e4glichkeit,&hellip;\" \/>\n<meta property=\"og:url\" content=\"https:\/\/weltlaeden.de\/hameln\/\" \/>\n<meta property=\"og:site_name\" content=\"Weltladen Hameln\" \/>\n<meta property=\"article:modified_time\" content=\"2024-09-05T19:10:56+00:00\" \/>\n<meta property=\"og:image\" content=\"https:\/\/weltlaeden.de\/hameln\/wp-content\/uploads\/sites\/183\/2023\/08\/IMG_3984-300x225.jpg\" \/>\n<meta name=\"twitter:card\" content=\"summary_large_image\" \/>\n<meta name=\"twitter:label1\" content=\"Gesch\u00e4tzte Lesezeit\" \/>\n\t<meta name=\"twitter:data1\" content=\"2\u00a0Minuten\" \/>\n<script type=\"application\/ld+json\" class=\"yoast-schema-graph\">{\"@context\":\"https:\/\/schema.org\",\"@graph\":[{\"@type\":\"WebPage\",\"@id\":\"https:\/\/weltlaeden.de\/hameln\/\",\"url\":\"https:\/\/weltlaeden.de\/hameln\/\",\"name\":\"Q'Antati Weltladen Hameln - Weltladen Hameln\",\"isPartOf\":{\"@id\":\"https:\/\/weltlaeden.de\/hameln\/#website\"},\"primaryImageOfPage\":{\"@id\":\"https:\/\/weltlaeden.de\/hameln\/#primaryimage\"},\"image\":{\"@id\":\"https:\/\/weltlaeden.de\/hameln\/#primaryimage\"},\"thumbnailUrl\":\"https:\/\/weltlaeden.de\/hameln\/wp-content\/uploads\/sites\/183\/2023\/08\/IMG_3984-300x225.jpg\",\"datePublished\":\"2016-10-14T07:05:21+00:00\",\"dateModified\":\"2024-09-05T19:10:56+00:00\",\"breadcrumb\":{\"@id\":\"https:\/\/weltlaeden.de\/hameln\/#breadcrumb\"},\"inLanguage\":\"de\",\"potentialAction\":[{\"@type\":\"ReadAction\",\"target\":[\"https:\/\/weltlaeden.de\/hameln\/\"]}]},{\"@type\":\"ImageObject\",\"inLanguage\":\"de\",\"@id\":\"https:\/\/weltlaeden.de\/hameln\/#primaryimage\",\"url\":\"https:\/\/weltlaeden.de\/hameln\/wp-content\/uploads\/sites\/183\/2023\/08\/IMG_3984.jpg\",\"contentUrl\":\"https:\/\/weltlaeden.de\/hameln\/wp-content\/uploads\/sites\/183\/2023\/08\/IMG_3984.jpg\",\"width\":2048,\"height\":1536},{\"@type\":\"BreadcrumbList\",\"@id\":\"https:\/\/weltlaeden.de\/hameln\/#breadcrumb\",\"itemListElement\":[{\"@type\":\"ListItem\",\"position\":1,\"name\":\"Startseite\",\"item\":\"https:\/\/weltlaeden.de\/hameln\/\"},{\"@type\":\"ListItem\",\"position\":2,\"name\":\"Q&#8217;Antati Weltladen Hameln\"}]},{\"@type\":\"WebSite\",\"@id\":\"https:\/\/weltlaeden.de\/hameln\/#website\",\"url\":\"https:\/\/weltlaeden.de\/hameln\/\",\"name\":\"Weltladen Hameln\",\"description\":\"Faire Produkte seit 1990\",\"potentialAction\":[{\"@type\":\"SearchAction\",\"target\":{\"@type\":\"EntryPoint\",\"urlTemplate\":\"https:\/\/weltlaeden.de\/hameln\/?s={search_term_string}\"},\"query-input\":{\"@type\":\"PropertyValueSpecification\",\"valueRequired\":true,\"valueName\":\"search_term_string\"}}],\"inLanguage\":\"de\"}]}<\/script>\n<!-- \/ Yoast SEO plugin. -->","yoast_head_json":{"title":"Q'Antati Weltladen Hameln - Weltladen Hameln","robots":{"index":"index","follow":"follow","max-snippet":"max-snippet:-1","max-image-preview":"max-image-preview:large","max-video-preview":"max-video-preview:-1"},"canonical":"https:\/\/weltlaeden.de\/hameln\/","og_locale":"de_DE","og_type":"article","og_title":"Q'Antati Weltladen Hameln - Weltladen Hameln","og_description":"[vc_row][vc_column][vc_empty_space height=&#8220;20px&#8220;][\/vc_column][\/vc_row][vc_row][vc_column][vc_column_text] Willkommen im Q&#8217;Antati Weltladen Hameln [\/vc_column_text][vc_column_text]Q\u2019ANTATI hei\u00dft in der Sprache der bolivianischen Indios: Sonnenaufgang oder auch Hoffnung Unser Laden bietet: eine Reise durch die Welt mit handwerklichen und kulinarischen Produkten Produkte, die etwas von der Geschichte und Kultur der V\u00f6lker erz\u00e4hlen Hilfe zur Selbsthilfe f\u00fcr Menschen in den Entwicklungsl\u00e4ndern die Sicherheit, dass Umweltvertr\u00e4glichkeit,&hellip;","og_url":"https:\/\/weltlaeden.de\/hameln\/","og_site_name":"Weltladen Hameln","article_modified_time":"2024-09-05T19:10:56+00:00","og_image":[{"url":"https:\/\/weltlaeden.de\/hameln\/wp-content\/uploads\/sites\/183\/2023\/08\/IMG_3984-300x225.jpg","type":"","width":"","height":""}],"twitter_card":"summary_large_image","twitter_misc":{"Gesch\u00e4tzte Lesezeit":"2\u00a0Minuten"},"schema":{"@context":"https:\/\/schema.org","@graph":[{"@type":"WebPage","@id":"https:\/\/weltlaeden.de\/hameln\/","url":"https:\/\/weltlaeden.de\/hameln\/","name":"Q'Antati Weltladen Hameln - Weltladen Hameln","isPartOf":{"@id":"https:\/\/weltlaeden.de\/hameln\/#website"},"primaryImageOfPage":{"@id":"https:\/\/weltlaeden.de\/hameln\/#primaryimage"},"image":{"@id":"https:\/\/weltlaeden.de\/hameln\/#primaryimage"},"thumbnailUrl":"https:\/\/weltlaeden.de\/hameln\/wp-content\/uploads\/sites\/183\/2023\/08\/IMG_3984-300x225.jpg","datePublished":"2016-10-14T07:05:21+00:00","dateModified":"2024-09-05T19:10:56+00:00","breadcrumb":{"@id":"https:\/\/weltlaeden.de\/hameln\/#breadcrumb"},"inLanguage":"de","potentialAction":[{"@type":"ReadAction","target":["https:\/\/weltlaeden.de\/hameln\/"]}]},{"@type":"ImageObject","inLanguage":"de","@id":"https:\/\/weltlaeden.de\/hameln\/#primaryimage","url":"https:\/\/weltlaeden.de\/hameln\/wp-content\/uploads\/sites\/183\/2023\/08\/IMG_3984.jpg","contentUrl":"https:\/\/weltlaeden.de\/hameln\/wp-content\/uploads\/sites\/183\/2023\/08\/IMG_3984.jpg","width":2048,"height":1536},{"@type":"BreadcrumbList","@id":"https:\/\/weltlaeden.de\/hameln\/#breadcrumb","itemListElement":[{"@type":"ListItem","position":1,"name":"Startseite","item":"https:\/\/weltlaeden.de\/hameln\/"},{"@type":"ListItem","position":2,"name":"Q&#8217;Antati Weltladen Hameln"}]},{"@type":"WebSite","@id":"https:\/\/weltlaeden.de\/hameln\/#website","url":"https:\/\/weltlaeden.de\/hameln\/","name":"Weltladen Hameln","description":"Faire Produkte seit 1990","potentialAction":[{"@type":"SearchAction","target":{"@type":"EntryPoint","urlTemplate":"https:\/\/weltlaeden.de\/hameln\/?s={search_term_string}"},"query-input":{"@type":"PropertyValueSpecification","valueRequired":true,"valueName":"search_term_string"}}],"inLanguage":"de"}]}},"_links":{"self":[{"href":"https:\/\/weltlaeden.de\/hameln\/wp-json\/wp\/v2\/pages\/20","targetHints":{"allow":["GET"]}}],"collection":[{"href":"https:\/\/weltlaeden.de\/hameln\/wp-json\/wp\/v2\/pages"}],"about":[{"href":"https:\/\/weltlaeden.de\/hameln\/wp-json\/wp\/v2\/types\/page"}],"author":[{"embeddable":true,"href":"https:\/\/weltlaeden.de\/hameln\/wp-json\/wp\/v2\/users\/1"}],"replies":[{"embeddable":true,"href":"https:\/\/weltlaeden.de\/hameln\/wp-json\/wp\/v2\/comments?post=20"}],"version-history":[{"count":49,"href":"https:\/\/weltlaeden.de\/hameln\/wp-json\/wp\/v2\/pages\/20\/revisions"}],"predecessor-version":[{"id":571,"href":"https:\/\/weltlaeden.de\/hameln\/wp-json\/wp\/v2\/pages\/20\/revisions\/571"}],"wp:attachment":[{"href":"https:\/\/weltlaeden.de\/hameln\/wp-json\/wp\/v2\/media?parent=20"}],"curies":[{"name":"wp","href":"https:\/\/api.w.org\/{rel}","templated":true}]}}