{"id":935,"date":"2020-09-27T21:22:29","date_gmt":"2020-09-27T19:22:29","guid":{"rendered":"https:\/\/weltlaeden.de\/guetersloh\/?page_id=935"},"modified":"2021-10-13T17:31:50","modified_gmt":"2021-10-13T15:31:50","slug":"praesentkoerbe","status":"publish","type":"page","link":"https:\/\/weltlaeden.de\/guetersloh\/praesentkoerbe\/","title":{"rendered":"Pr\u00e4sentk\u00f6rbe"},"content":{"rendered":"<div class=\"wpb-content-wrapper\"><p>[vc_row][vc_column][vc_column_text]<img loading=\"lazy\" decoding=\"async\" class=\"size-medium wp-image-941 alignleft\" src=\"https:\/\/weltlaeden.de\/guetersloh\/wp-content\/uploads\/sites\/108\/2020\/09\/Pr\u00e4sentkorb-DSC_0561-e1601234933965-169x300.jpg\" alt=\"\" width=\"169\" height=\"300\" srcset=\"https:\/\/weltlaeden.de\/guetersloh\/wp-content\/uploads\/sites\/108\/2020\/09\/Pr\u00e4sentkorb-DSC_0561-e1601234933965-169x300.jpg 169w, https:\/\/weltlaeden.de\/guetersloh\/wp-content\/uploads\/sites\/108\/2020\/09\/Pr\u00e4sentkorb-DSC_0561-e1601234933965-768x1365.jpg 768w, https:\/\/weltlaeden.de\/guetersloh\/wp-content\/uploads\/sites\/108\/2020\/09\/Pr\u00e4sentkorb-DSC_0561-e1601234933965-576x1024.jpg 576w, https:\/\/weltlaeden.de\/guetersloh\/wp-content\/uploads\/sites\/108\/2020\/09\/Pr\u00e4sentkorb-DSC_0561-e1601234933965.jpg 1080w\" sizes=\"auto, (max-width: 169px) 100vw, 169px\" \/>Sie sind zu einem \u201erunden\u201c Geburtstag eingeladen? Zu einem Jubil\u00e4um? Einem Richtfest oder Einzug? Zu jemandem, die oder der \u201eschon alles hat\u201c? Dann ist doch ein Pr\u00e4sentkorb gef\u00fcllt mit internationalen Spezialit\u00e4ten ein repr\u00e4sentatives Mitbringsel. Wenn dann sowohl der Korb, als auch der Inhalt aus dem Fairen Handel stammen, k\u00f6nnen Sie sicher sein, einen in jeder Hinsicht nachhaltigen Eindruck zu hinterlassen!<\/p>\n<p>Im Weltladen G\u00fctersloh stellen wir gern mit Ihnen gemeinsam einen Korb zusammen, der beim Beschenkten lange Zeit in guter Erinnerung bleiben wird. Selbst wenn die Schokolade gegessen und der Sekt und der Kaffee getrunken sind, bleibt der Korb f\u00fcr viele Jahre ein n\u00fctzlicher, t\u00e4glicher Einkaufsbegleiter.[\/vc_column_text][\/vc_column][\/vc_row][vc_row][vc_column][vc_column_text]<\/p>\n<h3><\/h3>\n<h3><strong>Weitere Beispiele von Geschenkboxen<\/strong><\/h3>\n<p>(zum Vergr\u00f6\u00dfern bitte anklicken!)[\/vc_column_text][\/vc_column][\/vc_row][vc_row][vc_column width=&#8220;1\/3&#8243;][vc_single_image image=&#8220;1432&#8243; img_size=&#8220;medium&#8220; onclick=&#8220;img_link_large&#8220;][\/vc_column][vc_column width=&#8220;1\/3&#8243;][vc_single_image image=&#8220;1437&#8243; img_size=&#8220;medium&#8220; onclick=&#8220;img_link_large&#8220;][\/vc_column][vc_column width=&#8220;1\/3&#8243;][vc_single_image image=&#8220;1438&#8243; img_size=&#8220;medium&#8220; onclick=&#8220;img_link_large&#8220;][\/vc_column][\/vc_row]<\/p>\n<\/div>","protected":false},"excerpt":{"rendered":"<p>[vc_row][vc_column][vc_column_text]Sie sind zu einem \u201erunden\u201c Geburtstag eingeladen? Zu einem Jubil\u00e4um? Einem Richtfest oder Einzug? Zu jemandem, die oder der \u201eschon alles hat\u201c? Dann ist doch ein Pr\u00e4sentkorb gef\u00fcllt mit internationalen Spezialit\u00e4ten ein repr\u00e4sentatives Mitbringsel. Wenn dann sowohl der Korb, als auch der Inhalt aus dem Fairen Handel stammen, k\u00f6nnen Sie sicher sein, einen in jeder&hellip;<\/p>\n","protected":false},"author":198,"featured_media":0,"parent":0,"menu_order":0,"comment_status":"closed","ping_status":"closed","template":"","meta":{"footnotes":""},"class_list":["post-935","page","type-page","status-publish","hentry","description-off"],"yoast_head":"<!-- This site is optimized with the Yoast SEO plugin v26.8 - https:\/\/yoast.com\/product\/yoast-seo-wordpress\/ -->\n<title>Pr\u00e4sentk\u00f6rbe - Weltladen G\u00fctersloh<\/title>\n<meta name=\"description\" content=\"Geschenk, Fresskorb, Mitbringsel\" \/>\n<meta name=\"robots\" content=\"index, follow, max-snippet:-1, max-image-preview:large, max-video-preview:-1\" \/>\n<link rel=\"canonical\" href=\"https:\/\/weltlaeden.de\/guetersloh\/praesentkoerbe\/\" \/>\n<meta property=\"og:locale\" content=\"de_DE\" \/>\n<meta property=\"og:type\" content=\"article\" \/>\n<meta property=\"og:title\" content=\"Pr\u00e4sentk\u00f6rbe - Weltladen G\u00fctersloh\" \/>\n<meta property=\"og:description\" content=\"Geschenk, Fresskorb, Mitbringsel\" \/>\n<meta property=\"og:url\" content=\"https:\/\/weltlaeden.de\/guetersloh\/praesentkoerbe\/\" \/>\n<meta property=\"og:site_name\" content=\"Weltladen G\u00fctersloh\" \/>\n<meta property=\"article:modified_time\" content=\"2021-10-13T15:31:50+00:00\" \/>\n<meta property=\"og:image\" content=\"https:\/\/weltlaeden.de\/guetersloh\/wp-content\/uploads\/sites\/108\/2020\/09\/Pr\u00e4sentkorb-DSC_0561-e1601234933965-169x300.jpg\" \/>\n<meta name=\"twitter:card\" content=\"summary_large_image\" \/>\n<meta name=\"twitter:label1\" content=\"Gesch\u00e4tzte Lesezeit\" \/>\n\t<meta name=\"twitter:data1\" content=\"1\u00a0Minute\" \/>\n<script type=\"application\/ld+json\" class=\"yoast-schema-graph\">{\"@context\":\"https:\/\/schema.org\",\"@graph\":[{\"@type\":\"WebPage\",\"@id\":\"https:\/\/weltlaeden.de\/guetersloh\/praesentkoerbe\/\",\"url\":\"https:\/\/weltlaeden.de\/guetersloh\/praesentkoerbe\/\",\"name\":\"Pr\u00e4sentk\u00f6rbe - Weltladen G\u00fctersloh\",\"isPartOf\":{\"@id\":\"https:\/\/weltlaeden.de\/guetersloh\/#website\"},\"datePublished\":\"2020-09-27T19:22:29+00:00\",\"dateModified\":\"2021-10-13T15:31:50+00:00\",\"description\":\"Geschenk, Fresskorb, Mitbringsel\",\"breadcrumb\":{\"@id\":\"https:\/\/weltlaeden.de\/guetersloh\/praesentkoerbe\/#breadcrumb\"},\"inLanguage\":\"de\",\"potentialAction\":[{\"@type\":\"ReadAction\",\"target\":[\"https:\/\/weltlaeden.de\/guetersloh\/praesentkoerbe\/\"]}]},{\"@type\":\"BreadcrumbList\",\"@id\":\"https:\/\/weltlaeden.de\/guetersloh\/praesentkoerbe\/#breadcrumb\",\"itemListElement\":[{\"@type\":\"ListItem\",\"position\":1,\"name\":\"Startseite\",\"item\":\"https:\/\/weltlaeden.de\/guetersloh\/\"},{\"@type\":\"ListItem\",\"position\":2,\"name\":\"Pr\u00e4sentk\u00f6rbe\"}]},{\"@type\":\"WebSite\",\"@id\":\"https:\/\/weltlaeden.de\/guetersloh\/#website\",\"url\":\"https:\/\/weltlaeden.de\/guetersloh\/\",\"name\":\"Weltladen G\u00fctersloh\",\"description\":\"Fair erzeugte und gehandelte Lebensmittel wie Kaffee, Kakao, Tee, Schokolade, Gew\u00fcrze, aber auch Taschen und T\u00fccher, Kunstgewerbe und Dekorationsartikel in G\u00fctersloh\",\"publisher\":{\"@id\":\"https:\/\/weltlaeden.de\/guetersloh\/#organization\"},\"potentialAction\":[{\"@type\":\"SearchAction\",\"target\":{\"@type\":\"EntryPoint\",\"urlTemplate\":\"https:\/\/weltlaeden.de\/guetersloh\/?s={search_term_string}\"},\"query-input\":{\"@type\":\"PropertyValueSpecification\",\"valueRequired\":true,\"valueName\":\"search_term_string\"}}],\"inLanguage\":\"de\"},{\"@type\":\"Organization\",\"@id\":\"https:\/\/weltlaeden.de\/guetersloh\/#organization\",\"name\":\"Weltladen G\u00fctersloh\",\"url\":\"https:\/\/weltlaeden.de\/guetersloh\/\",\"logo\":{\"@type\":\"ImageObject\",\"inLanguage\":\"de\",\"@id\":\"https:\/\/weltlaeden.de\/guetersloh\/#\/schema\/logo\/image\/\",\"url\":\"https:\/\/weltlaeden.de\/guetersloh\/wp-content\/uploads\/sites\/108\/2019\/08\/WLFH_Guetersloh_NG_orange_MK.jpg\",\"contentUrl\":\"https:\/\/weltlaeden.de\/guetersloh\/wp-content\/uploads\/sites\/108\/2019\/08\/WLFH_Guetersloh_NG_orange_MK.jpg\",\"width\":2391,\"height\":596,\"caption\":\"Weltladen G\u00fctersloh\"},\"image\":{\"@id\":\"https:\/\/weltlaeden.de\/guetersloh\/#\/schema\/logo\/image\/\"}}]}<\/script>\n<!-- \/ Yoast SEO plugin. -->","yoast_head_json":{"title":"Pr\u00e4sentk\u00f6rbe - Weltladen G\u00fctersloh","description":"Geschenk, Fresskorb, Mitbringsel","robots":{"index":"index","follow":"follow","max-snippet":"max-snippet:-1","max-image-preview":"max-image-preview:large","max-video-preview":"max-video-preview:-1"},"canonical":"https:\/\/weltlaeden.de\/guetersloh\/praesentkoerbe\/","og_locale":"de_DE","og_type":"article","og_title":"Pr\u00e4sentk\u00f6rbe - Weltladen G\u00fctersloh","og_description":"Geschenk, Fresskorb, Mitbringsel","og_url":"https:\/\/weltlaeden.de\/guetersloh\/praesentkoerbe\/","og_site_name":"Weltladen G\u00fctersloh","article_modified_time":"2021-10-13T15:31:50+00:00","og_image":[{"url":"https:\/\/weltlaeden.de\/guetersloh\/wp-content\/uploads\/sites\/108\/2020\/09\/Pr\u00e4sentkorb-DSC_0561-e1601234933965-169x300.jpg","type":"","width":"","height":""}],"twitter_card":"summary_large_image","twitter_misc":{"Gesch\u00e4tzte Lesezeit":"1\u00a0Minute"},"schema":{"@context":"https:\/\/schema.org","@graph":[{"@type":"WebPage","@id":"https:\/\/weltlaeden.de\/guetersloh\/praesentkoerbe\/","url":"https:\/\/weltlaeden.de\/guetersloh\/praesentkoerbe\/","name":"Pr\u00e4sentk\u00f6rbe - Weltladen G\u00fctersloh","isPartOf":{"@id":"https:\/\/weltlaeden.de\/guetersloh\/#website"},"datePublished":"2020-09-27T19:22:29+00:00","dateModified":"2021-10-13T15:31:50+00:00","description":"Geschenk, Fresskorb, Mitbringsel","breadcrumb":{"@id":"https:\/\/weltlaeden.de\/guetersloh\/praesentkoerbe\/#breadcrumb"},"inLanguage":"de","potentialAction":[{"@type":"ReadAction","target":["https:\/\/weltlaeden.de\/guetersloh\/praesentkoerbe\/"]}]},{"@type":"BreadcrumbList","@id":"https:\/\/weltlaeden.de\/guetersloh\/praesentkoerbe\/#breadcrumb","itemListElement":[{"@type":"ListItem","position":1,"name":"Startseite","item":"https:\/\/weltlaeden.de\/guetersloh\/"},{"@type":"ListItem","position":2,"name":"Pr\u00e4sentk\u00f6rbe"}]},{"@type":"WebSite","@id":"https:\/\/weltlaeden.de\/guetersloh\/#website","url":"https:\/\/weltlaeden.de\/guetersloh\/","name":"Weltladen G\u00fctersloh","description":"Fair erzeugte und gehandelte Lebensmittel wie Kaffee, Kakao, Tee, Schokolade, Gew\u00fcrze, aber auch Taschen und T\u00fccher, Kunstgewerbe und Dekorationsartikel in G\u00fctersloh","publisher":{"@id":"https:\/\/weltlaeden.de\/guetersloh\/#organization"},"potentialAction":[{"@type":"SearchAction","target":{"@type":"EntryPoint","urlTemplate":"https:\/\/weltlaeden.de\/guetersloh\/?s={search_term_string}"},"query-input":{"@type":"PropertyValueSpecification","valueRequired":true,"valueName":"search_term_string"}}],"inLanguage":"de"},{"@type":"Organization","@id":"https:\/\/weltlaeden.de\/guetersloh\/#organization","name":"Weltladen G\u00fctersloh","url":"https:\/\/weltlaeden.de\/guetersloh\/","logo":{"@type":"ImageObject","inLanguage":"de","@id":"https:\/\/weltlaeden.de\/guetersloh\/#\/schema\/logo\/image\/","url":"https:\/\/weltlaeden.de\/guetersloh\/wp-content\/uploads\/sites\/108\/2019\/08\/WLFH_Guetersloh_NG_orange_MK.jpg","contentUrl":"https:\/\/weltlaeden.de\/guetersloh\/wp-content\/uploads\/sites\/108\/2019\/08\/WLFH_Guetersloh_NG_orange_MK.jpg","width":2391,"height":596,"caption":"Weltladen G\u00fctersloh"},"image":{"@id":"https:\/\/weltlaeden.de\/guetersloh\/#\/schema\/logo\/image\/"}}]}},"_links":{"self":[{"href":"https:\/\/weltlaeden.de\/guetersloh\/wp-json\/wp\/v2\/pages\/935","targetHints":{"allow":["GET"]}}],"collection":[{"href":"https:\/\/weltlaeden.de\/guetersloh\/wp-json\/wp\/v2\/pages"}],"about":[{"href":"https:\/\/weltlaeden.de\/guetersloh\/wp-json\/wp\/v2\/types\/page"}],"author":[{"embeddable":true,"href":"https:\/\/weltlaeden.de\/guetersloh\/wp-json\/wp\/v2\/users\/198"}],"replies":[{"embeddable":true,"href":"https:\/\/weltlaeden.de\/guetersloh\/wp-json\/wp\/v2\/comments?post=935"}],"version-history":[{"count":10,"href":"https:\/\/weltlaeden.de\/guetersloh\/wp-json\/wp\/v2\/pages\/935\/revisions"}],"predecessor-version":[{"id":1441,"href":"https:\/\/weltlaeden.de\/guetersloh\/wp-json\/wp\/v2\/pages\/935\/revisions\/1441"}],"wp:attachment":[{"href":"https:\/\/weltlaeden.de\/guetersloh\/wp-json\/wp\/v2\/media?parent=935"}],"curies":[{"name":"wp","href":"https:\/\/api.w.org\/{rel}","templated":true}]}}

Präsentkörbe

<div class="wpb-content-wrapper"><p>[vc_row][vc_column][vc_column_text]<img loading="lazy" decoding="async" class="size-medium wp-image-941 alignleft" src="https://weltlaeden.de/guetersloh/wp-content/uploads/sites/108/2020/09/Präsentkorb-DSC_0561-e1601234933965-169x300.jpg" alt="" width="169" height="300" srcset="https://weltlaeden.de/guetersloh/wp-content/uploads/sites/108/2020/09/Präsentkorb-DSC_0561-e1601234933965-169x300.jpg 169w, https://weltlaeden.de/guetersloh/wp-content/uploads/sites/108/2020/09/Präsentkorb-DSC_0561-e1601234933965-768x1365.jpg 768w, https://weltlaeden.de/guetersloh/wp-content/uploads/sites/108/2020/09/Präsentkorb-DSC_0561-e1601234933965-576x1024.jpg 576w, https://weltlaeden.de/guetersloh/wp-content/uploads/sites/108/2020/09/Präsentkorb-DSC_0561-e1601234933965.jpg 1080w" sizes="auto, (max-width: 169px) 100vw, 169px" />Sie sind zu einem „runden“ Geburtstag eingeladen? Zu einem Jubiläum? Einem Richtfest oder Einzug? Zu jemandem, die oder der „schon alles hat“? Dann ist doch ein Präsentkorb gefüllt mit internationalen Spezialitäten ein repräsentatives Mitbringsel. Wenn dann sowohl der Korb, als auch der Inhalt aus dem Fairen Handel stammen, können Sie sicher sein, einen in jeder Hinsicht nachhaltigen Eindruck zu hinterlassen!</p>
<p>Im Weltladen Gütersloh stellen wir gern mit Ihnen gemeinsam einen Korb zusammen, der beim Beschenkten lange Zeit in guter Erinnerung bleiben wird. Selbst wenn die Schokolade gegessen und der Sekt und der Kaffee getrunken sind, bleibt der Korb für viele Jahre ein nützlicher, täglicher Einkaufsbegleiter.[/vc_column_text][/vc_column][/vc_row][vc_row][vc_column][vc_column_text]</p>
<h3></h3>
<h3><strong>Weitere Beispiele von Geschenkboxen</strong></h3>
<p>(zum Vergrößern bitte anklicken!)[/vc_column_text][/vc_column][/vc_row][vc_row][vc_column width=&#8220;1/3&#8243;][vc_single_image image=&#8220;1432&#8243; img_size=&#8220;medium&#8220; onclick=&#8220;img_link_large&#8220;][/vc_column][vc_column width=&#8220;1/3&#8243;][vc_single_image image=&#8220;1437&#8243; img_size=&#8220;medium&#8220; onclick=&#8220;img_link_large&#8220;][/vc_column][vc_column width=&#8220;1/3&#8243;][vc_single_image image=&#8220;1438&#8243; img_size=&#8220;medium&#8220; onclick=&#8220;img_link_large&#8220;][/vc_column][/vc_row]</p>
</div>

<p>[vc_row][vc_column][vc_column_text]Sie sind zu einem „runden“ Geburtstag eingeladen? Zu einem Jubiläum? Einem Richtfest oder Einzug? Zu jemandem, die oder der „schon alles hat“? Dann ist doch ein Präsentkorb gefüllt mit internationalen Spezialitäten ein repräsentatives Mitbringsel. Wenn dann sowohl der Korb, als auch der Inhalt aus dem Fairen Handel stammen, können Sie sicher sein, einen in jeder&hellip;</p>

<!-- This site is optimized with the Yoast SEO plugin v26.8 - https://yoast.com/product/yoast-seo-wordpress/ -->
<title>Präsentkörbe - Weltladen Gütersloh</title>
<meta name="description" content="Geschenk, Fresskorb, Mitbringsel" />
<meta name="robots" content="index, follow, max-snippet:-1, max-image-preview:large, max-video-preview:-1" />
<link rel="canonical" href="https://weltlaeden.de/guetersloh/praesentkoerbe/" />
<meta property="og:locale" content="de_DE" />
<meta property="og:type" content="article" />
<meta property="og:title" content="Präsentkörbe - Weltladen Gütersloh" />
<meta property="og:description" content="Geschenk, Fresskorb, Mitbringsel" />
<meta property="og:url" content="https://weltlaeden.de/guetersloh/praesentkoerbe/" />
<meta property="og:site_name" content="Weltladen Gütersloh" />
<meta property="article:modified_time" content="2021-10-13T15:31:50+00:00" />
<meta property="og:image" content="https://weltlaeden.de/guetersloh/wp-content/uploads/sites/108/2020/09/Präsentkorb-DSC_0561-e1601234933965-169x300.jpg" />
<meta name="twitter:card" content="summary_large_image" />
<meta name="twitter:label1" content="Geschätzte Lesezeit" />
	<meta name="twitter:data1" content="1 Minute" />
<script type="application/ld+json" class="yoast-schema-graph">{"@context":"https://schema.org","@graph":[{"@type":"WebPage","@id":"https://weltlaeden.de/guetersloh/praesentkoerbe/","url":"https://weltlaeden.de/guetersloh/praesentkoerbe/","name":"Präsentkörbe - Weltladen Gütersloh","isPartOf":{"@id":"https://weltlaeden.de/guetersloh/#website"},"datePublished":"2020-09-27T19:22:29+00:00","dateModified":"2021-10-13T15:31:50+00:00","description":"Geschenk, Fresskorb, Mitbringsel","breadcrumb":{"@id":"https://weltlaeden.de/guetersloh/praesentkoerbe/#breadcrumb"},"inLanguage":"de","potentialAction":[{"@type":"ReadAction","target":["https://weltlaeden.de/guetersloh/praesentkoerbe/"]}]},{"@type":"BreadcrumbList","@id":"https://weltlaeden.de/guetersloh/praesentkoerbe/#breadcrumb","itemListElement":[{"@type":"ListItem","position":1,"name":"Startseite","item":"https://weltlaeden.de/guetersloh/"},{"@type":"ListItem","position":2,"name":"Präsentkörbe"}]},{"@type":"WebSite","@id":"https://weltlaeden.de/guetersloh/#website","url":"https://weltlaeden.de/guetersloh/","name":"Weltladen Gütersloh","description":"Fair erzeugte und gehandelte Lebensmittel wie Kaffee, Kakao, Tee, Schokolade, Gewürze, aber auch Taschen und Tücher, Kunstgewerbe und Dekorationsartikel in Gütersloh","publisher":{"@id":"https://weltlaeden.de/guetersloh/#organization"},"potentialAction":[{"@type":"SearchAction","target":{"@type":"EntryPoint","urlTemplate":"https://weltlaeden.de/guetersloh/?s={search_term_string}"},"query-input":{"@type":"PropertyValueSpecification","valueRequired":true,"valueName":"search_term_string"}}],"inLanguage":"de"},{"@type":"Organization","@id":"https://weltlaeden.de/guetersloh/#organization","name":"Weltladen Gütersloh","url":"https://weltlaeden.de/guetersloh/","logo":{"@type":"ImageObject","inLanguage":"de","@id":"https://weltlaeden.de/guetersloh/#/schema/logo/image/","url":"https://weltlaeden.de/guetersloh/wp-content/uploads/sites/108/2019/08/WLFH_Guetersloh_NG_orange_MK.jpg","contentUrl":"https://weltlaeden.de/guetersloh/wp-content/uploads/sites/108/2019/08/WLFH_Guetersloh_NG_orange_MK.jpg","width":2391,"height":596,"caption":"Weltladen Gütersloh"},"image":{"@id":"https://weltlaeden.de/guetersloh/#/schema/logo/image/"}}]}</script>
<!-- / Yoast SEO plugin. -->

Präsentkörbe - Weltladen Gütersloh

Weltladen Gütersloh

https://weltlaeden.de/guetersloh/wp-content/uploads/sites/108/2020/09/Präsentkorb-DSC_0561-e1601234933965-169x300.jpg

Fair erzeugte und gehandelte Lebensmittel wie Kaffee, Kakao, Tee, Schokolade, Gewürze, aber auch Taschen und Tücher, Kunstgewerbe und Dekorationsartikel in Gütersloh
