{"id":1551,"date":"2022-07-30T19:44:31","date_gmt":"2022-07-30T17:44:31","guid":{"rendered":"https:\/\/weltlaeden.de\/guetersloh\/?page_id=1551"},"modified":"2025-03-21T17:38:25","modified_gmt":"2025-03-21T16:38:25","slug":"faire-woche","status":"publish","type":"page","link":"https:\/\/weltlaeden.de\/guetersloh\/faire-woche\/","title":{"rendered":"Faire Woche"},"content":{"rendered":"<div class=\"wpb-content-wrapper\"><p>[vc_row][vc_column width=&#8220;2\/3&#8243;][vc_column_text css=&#8220;&#8220;]<\/p>\n<div id=\"c4815\" class=\"frame frame-default frame-type-text frame-layout-70\">\n<header>\n<h2 class=\"\">Was ist die Faire Woche?<\/h2>\n<\/header>\n<p>Seit mehr als 20 Jahren l\u00e4dt die Faire Woche jeden September alle Menschen in Deutschland dazu ein, Veranstaltungen zum Fairen Handel in ihrer Region zu besuchen oder selbst zu organisieren. Mit j\u00e4hrlich rund 2.000 Aktionen ist sie bundesweit die gr\u00f6\u00dfte Aktionswoche des Fairen Handels.<\/p>\n<p>2025 findet die <strong>Faire Woche vom 12. bis 26. September<\/strong> statt.<\/p>\n<p>In diesem Jahr steht sie unter dem Jahresthema &#8222;Gemeinsam die Vielfalt des Fairen Handels entdecken!&#8220;.<\/p>\n<p>&nbsp;<\/p>\n<\/div>\n<p>[\/vc_column_text][\/vc_column][vc_column width=&#8220;1\/3&#8243;][vc_single_image image=&#8220;2155&#8243; img_size=&#8220;medium&#8220; onclick=&#8220;img_link_large&#8220; css=&#8220;&#8220;][\/vc_column][\/vc_row][vc_row][vc_column][vc_column_text css=&#8220;&#8220;]<strong>Im Weltladen G\u00fctersloh sind im Rahmen der Fairen Woche folgende Veranstaltungen und Aktionen geplant:<\/strong><\/p>\n<p><strong>Sa 13.09.25<\/strong>\u00a0 im und vor dem Laden ein gro\u00dfes Eine-Welt-Fest mit Aktionen, Verkostungen, Musik, &#8230; Lassen Sie sich \u00fcberraschen!<\/p>\n<p>Im Moment wird noch viel geplant. Schauen Sie gern hier wieder rein![\/vc_column_text][\/vc_column][\/vc_row]<\/p>\n<\/div>","protected":false},"excerpt":{"rendered":"<p>[vc_row][vc_column width=&#8220;2\/3&#8243;][vc_column_text css=&#8220;&#8220;] Was ist die Faire Woche? Seit mehr als 20 Jahren l\u00e4dt die Faire Woche jeden September alle Menschen in Deutschland dazu ein, Veranstaltungen zum Fairen Handel in ihrer Region zu besuchen oder selbst zu organisieren. Mit j\u00e4hrlich rund 2.000 Aktionen ist sie bundesweit die gr\u00f6\u00dfte Aktionswoche des Fairen Handels. 2025 findet die&hellip;<\/p>\n","protected":false},"author":198,"featured_media":0,"parent":0,"menu_order":0,"comment_status":"closed","ping_status":"closed","template":"","meta":{"footnotes":""},"class_list":["post-1551","page","type-page","status-publish","hentry","description-off"],"yoast_head":"<!-- This site is optimized with the Yoast SEO plugin v26.8 - https:\/\/yoast.com\/product\/yoast-seo-wordpress\/ -->\n<title>Faire Woche - Weltladen G\u00fctersloh<\/title>\n<meta name=\"robots\" content=\"index, follow, max-snippet:-1, max-image-preview:large, max-video-preview:-1\" \/>\n<link rel=\"canonical\" href=\"https:\/\/weltlaeden.de\/guetersloh\/faire-woche\/\" \/>\n<meta property=\"og:locale\" content=\"de_DE\" \/>\n<meta property=\"og:type\" content=\"article\" \/>\n<meta property=\"og:title\" content=\"Faire Woche - Weltladen G\u00fctersloh\" \/>\n<meta property=\"og:description\" content=\"[vc_row][vc_column width=&#8220;2\/3&#8243;][vc_column_text css=&#8220;&#8220;] Was ist die Faire Woche? Seit mehr als 20 Jahren l\u00e4dt die Faire Woche jeden September alle Menschen in Deutschland dazu ein, Veranstaltungen zum Fairen Handel in ihrer Region zu besuchen oder selbst zu organisieren. Mit j\u00e4hrlich rund 2.000 Aktionen ist sie bundesweit die gr\u00f6\u00dfte Aktionswoche des Fairen Handels. 2025 findet die&hellip;\" \/>\n<meta property=\"og:url\" content=\"https:\/\/weltlaeden.de\/guetersloh\/faire-woche\/\" \/>\n<meta property=\"og:site_name\" content=\"Weltladen G\u00fctersloh\" \/>\n<meta property=\"article:modified_time\" content=\"2025-03-21T16:38:25+00:00\" \/>\n<meta name=\"twitter:card\" content=\"summary_large_image\" \/>\n<meta name=\"twitter:label1\" content=\"Gesch\u00e4tzte Lesezeit\" \/>\n\t<meta name=\"twitter:data1\" content=\"1\u00a0Minute\" \/>\n<script type=\"application\/ld+json\" class=\"yoast-schema-graph\">{\"@context\":\"https:\/\/schema.org\",\"@graph\":[{\"@type\":\"WebPage\",\"@id\":\"https:\/\/weltlaeden.de\/guetersloh\/faire-woche\/\",\"url\":\"https:\/\/weltlaeden.de\/guetersloh\/faire-woche\/\",\"name\":\"Faire Woche - Weltladen G\u00fctersloh\",\"isPartOf\":{\"@id\":\"https:\/\/weltlaeden.de\/guetersloh\/#website\"},\"datePublished\":\"2022-07-30T17:44:31+00:00\",\"dateModified\":\"2025-03-21T16:38:25+00:00\",\"breadcrumb\":{\"@id\":\"https:\/\/weltlaeden.de\/guetersloh\/faire-woche\/#breadcrumb\"},\"inLanguage\":\"de\",\"potentialAction\":[{\"@type\":\"ReadAction\",\"target\":[\"https:\/\/weltlaeden.de\/guetersloh\/faire-woche\/\"]}]},{\"@type\":\"BreadcrumbList\",\"@id\":\"https:\/\/weltlaeden.de\/guetersloh\/faire-woche\/#breadcrumb\",\"itemListElement\":[{\"@type\":\"ListItem\",\"position\":1,\"name\":\"Startseite\",\"item\":\"https:\/\/weltlaeden.de\/guetersloh\/\"},{\"@type\":\"ListItem\",\"position\":2,\"name\":\"Faire Woche\"}]},{\"@type\":\"WebSite\",\"@id\":\"https:\/\/weltlaeden.de\/guetersloh\/#website\",\"url\":\"https:\/\/weltlaeden.de\/guetersloh\/\",\"name\":\"Weltladen G\u00fctersloh\",\"description\":\"Fair erzeugte und gehandelte Lebensmittel wie Kaffee, Kakao, Tee, Schokolade, Gew\u00fcrze, aber auch Taschen und T\u00fccher, Kunstgewerbe und Dekorationsartikel in G\u00fctersloh\",\"publisher\":{\"@id\":\"https:\/\/weltlaeden.de\/guetersloh\/#organization\"},\"potentialAction\":[{\"@type\":\"SearchAction\",\"target\":{\"@type\":\"EntryPoint\",\"urlTemplate\":\"https:\/\/weltlaeden.de\/guetersloh\/?s={search_term_string}\"},\"query-input\":{\"@type\":\"PropertyValueSpecification\",\"valueRequired\":true,\"valueName\":\"search_term_string\"}}],\"inLanguage\":\"de\"},{\"@type\":\"Organization\",\"@id\":\"https:\/\/weltlaeden.de\/guetersloh\/#organization\",\"name\":\"Weltladen G\u00fctersloh\",\"url\":\"https:\/\/weltlaeden.de\/guetersloh\/\",\"logo\":{\"@type\":\"ImageObject\",\"inLanguage\":\"de\",\"@id\":\"https:\/\/weltlaeden.de\/guetersloh\/#\/schema\/logo\/image\/\",\"url\":\"https:\/\/weltlaeden.de\/guetersloh\/wp-content\/uploads\/sites\/108\/2019\/08\/WLFH_Guetersloh_NG_orange_MK.jpg\",\"contentUrl\":\"https:\/\/weltlaeden.de\/guetersloh\/wp-content\/uploads\/sites\/108\/2019\/08\/WLFH_Guetersloh_NG_orange_MK.jpg\",\"width\":2391,\"height\":596,\"caption\":\"Weltladen G\u00fctersloh\"},\"image\":{\"@id\":\"https:\/\/weltlaeden.de\/guetersloh\/#\/schema\/logo\/image\/\"}}]}<\/script>\n<!-- \/ Yoast SEO plugin. -->","yoast_head_json":{"title":"Faire Woche - Weltladen G\u00fctersloh","robots":{"index":"index","follow":"follow","max-snippet":"max-snippet:-1","max-image-preview":"max-image-preview:large","max-video-preview":"max-video-preview:-1"},"canonical":"https:\/\/weltlaeden.de\/guetersloh\/faire-woche\/","og_locale":"de_DE","og_type":"article","og_title":"Faire Woche - Weltladen G\u00fctersloh","og_description":"[vc_row][vc_column width=&#8220;2\/3&#8243;][vc_column_text css=&#8220;&#8220;] Was ist die Faire Woche? Seit mehr als 20 Jahren l\u00e4dt die Faire Woche jeden September alle Menschen in Deutschland dazu ein, Veranstaltungen zum Fairen Handel in ihrer Region zu besuchen oder selbst zu organisieren. Mit j\u00e4hrlich rund 2.000 Aktionen ist sie bundesweit die gr\u00f6\u00dfte Aktionswoche des Fairen Handels. 2025 findet die&hellip;","og_url":"https:\/\/weltlaeden.de\/guetersloh\/faire-woche\/","og_site_name":"Weltladen G\u00fctersloh","article_modified_time":"2025-03-21T16:38:25+00:00","twitter_card":"summary_large_image","twitter_misc":{"Gesch\u00e4tzte Lesezeit":"1\u00a0Minute"},"schema":{"@context":"https:\/\/schema.org","@graph":[{"@type":"WebPage","@id":"https:\/\/weltlaeden.de\/guetersloh\/faire-woche\/","url":"https:\/\/weltlaeden.de\/guetersloh\/faire-woche\/","name":"Faire Woche - Weltladen G\u00fctersloh","isPartOf":{"@id":"https:\/\/weltlaeden.de\/guetersloh\/#website"},"datePublished":"2022-07-30T17:44:31+00:00","dateModified":"2025-03-21T16:38:25+00:00","breadcrumb":{"@id":"https:\/\/weltlaeden.de\/guetersloh\/faire-woche\/#breadcrumb"},"inLanguage":"de","potentialAction":[{"@type":"ReadAction","target":["https:\/\/weltlaeden.de\/guetersloh\/faire-woche\/"]}]},{"@type":"BreadcrumbList","@id":"https:\/\/weltlaeden.de\/guetersloh\/faire-woche\/#breadcrumb","itemListElement":[{"@type":"ListItem","position":1,"name":"Startseite","item":"https:\/\/weltlaeden.de\/guetersloh\/"},{"@type":"ListItem","position":2,"name":"Faire Woche"}]},{"@type":"WebSite","@id":"https:\/\/weltlaeden.de\/guetersloh\/#website","url":"https:\/\/weltlaeden.de\/guetersloh\/","name":"Weltladen G\u00fctersloh","description":"Fair erzeugte und gehandelte Lebensmittel wie Kaffee, Kakao, Tee, Schokolade, Gew\u00fcrze, aber auch Taschen und T\u00fccher, Kunstgewerbe und Dekorationsartikel in G\u00fctersloh","publisher":{"@id":"https:\/\/weltlaeden.de\/guetersloh\/#organization"},"potentialAction":[{"@type":"SearchAction","target":{"@type":"EntryPoint","urlTemplate":"https:\/\/weltlaeden.de\/guetersloh\/?s={search_term_string}"},"query-input":{"@type":"PropertyValueSpecification","valueRequired":true,"valueName":"search_term_string"}}],"inLanguage":"de"},{"@type":"Organization","@id":"https:\/\/weltlaeden.de\/guetersloh\/#organization","name":"Weltladen G\u00fctersloh","url":"https:\/\/weltlaeden.de\/guetersloh\/","logo":{"@type":"ImageObject","inLanguage":"de","@id":"https:\/\/weltlaeden.de\/guetersloh\/#\/schema\/logo\/image\/","url":"https:\/\/weltlaeden.de\/guetersloh\/wp-content\/uploads\/sites\/108\/2019\/08\/WLFH_Guetersloh_NG_orange_MK.jpg","contentUrl":"https:\/\/weltlaeden.de\/guetersloh\/wp-content\/uploads\/sites\/108\/2019\/08\/WLFH_Guetersloh_NG_orange_MK.jpg","width":2391,"height":596,"caption":"Weltladen G\u00fctersloh"},"image":{"@id":"https:\/\/weltlaeden.de\/guetersloh\/#\/schema\/logo\/image\/"}}]}},"_links":{"self":[{"href":"https:\/\/weltlaeden.de\/guetersloh\/wp-json\/wp\/v2\/pages\/1551","targetHints":{"allow":["GET"]}}],"collection":[{"href":"https:\/\/weltlaeden.de\/guetersloh\/wp-json\/wp\/v2\/pages"}],"about":[{"href":"https:\/\/weltlaeden.de\/guetersloh\/wp-json\/wp\/v2\/types\/page"}],"author":[{"embeddable":true,"href":"https:\/\/weltlaeden.de\/guetersloh\/wp-json\/wp\/v2\/users\/198"}],"replies":[{"embeddable":true,"href":"https:\/\/weltlaeden.de\/guetersloh\/wp-json\/wp\/v2\/comments?post=1551"}],"version-history":[{"count":15,"href":"https:\/\/weltlaeden.de\/guetersloh\/wp-json\/wp\/v2\/pages\/1551\/revisions"}],"predecessor-version":[{"id":2187,"href":"https:\/\/weltlaeden.de\/guetersloh\/wp-json\/wp\/v2\/pages\/1551\/revisions\/2187"}],"wp:attachment":[{"href":"https:\/\/weltlaeden.de\/guetersloh\/wp-json\/wp\/v2\/media?parent=1551"}],"curies":[{"name":"wp","href":"https:\/\/api.w.org\/{rel}","templated":true}]}}

<div class="wpb-content-wrapper"><p>[vc_row][vc_column width=&#8220;2/3&#8243;][vc_column_text css=&#8220;&#8220;]</p>
<div id="c4815" class="frame frame-default frame-type-text frame-layout-70">
<header>
<h2 class="">Was ist die Faire Woche?</h2>
</header>
<p>Seit mehr als 20 Jahren lädt die Faire Woche jeden September alle Menschen in Deutschland dazu ein, Veranstaltungen zum Fairen Handel in ihrer Region zu besuchen oder selbst zu organisieren. Mit jährlich rund 2.000 Aktionen ist sie bundesweit die größte Aktionswoche des Fairen Handels.</p>
<p>2025 findet die <strong>Faire Woche vom 12. bis 26. September</strong> statt.</p>
<p>In diesem Jahr steht sie unter dem Jahresthema &#8222;Gemeinsam die Vielfalt des Fairen Handels entdecken!&#8220;.</p>
<p>&nbsp;</p>
</div>
<p>[/vc_column_text][/vc_column][vc_column width=&#8220;1/3&#8243;][vc_single_image image=&#8220;2155&#8243; img_size=&#8220;medium&#8220; onclick=&#8220;img_link_large&#8220; css=&#8220;&#8220;][/vc_column][/vc_row][vc_row][vc_column][vc_column_text css=&#8220;&#8220;]<strong>Im Weltladen Gütersloh sind im Rahmen der Fairen Woche folgende Veranstaltungen und Aktionen geplant:</strong></p>
<p><strong>Sa 13.09.25</strong>  im und vor dem Laden ein großes Eine-Welt-Fest mit Aktionen, Verkostungen, Musik, &#8230; Lassen Sie sich überraschen!</p>
<p>Im Moment wird noch viel geplant. Schauen Sie gern hier wieder rein![/vc_column_text][/vc_column][/vc_row]</p>
</div>

<p>[vc_row][vc_column width=&#8220;2/3&#8243;][vc_column_text css=&#8220;&#8220;] Was ist die Faire Woche? Seit mehr als 20 Jahren lädt die Faire Woche jeden September alle Menschen in Deutschland dazu ein, Veranstaltungen zum Fairen Handel in ihrer Region zu besuchen oder selbst zu organisieren. Mit jährlich rund 2.000 Aktionen ist sie bundesweit die größte Aktionswoche des Fairen Handels. 2025 findet die&hellip;</p>

<!-- This site is optimized with the Yoast SEO plugin v26.8 - https://yoast.com/product/yoast-seo-wordpress/ -->
<title>Faire Woche - Weltladen Gütersloh</title>
<meta name="robots" content="index, follow, max-snippet:-1, max-image-preview:large, max-video-preview:-1" />
<link rel="canonical" href="https://weltlaeden.de/guetersloh/faire-woche/" />
<meta property="og:locale" content="de_DE" />
<meta property="og:type" content="article" />
<meta property="og:title" content="Faire Woche - Weltladen Gütersloh" />
<meta property="og:description" content="[vc_row][vc_column width=&#8220;2/3&#8243;][vc_column_text css=&#8220;&#8220;] Was ist die Faire Woche? Seit mehr als 20 Jahren lädt die Faire Woche jeden September alle Menschen in Deutschland dazu ein, Veranstaltungen zum Fairen Handel in ihrer Region zu besuchen oder selbst zu organisieren. Mit jährlich rund 2.000 Aktionen ist sie bundesweit die größte Aktionswoche des Fairen Handels. 2025 findet die&hellip;" />
<meta property="og:url" content="https://weltlaeden.de/guetersloh/faire-woche/" />
<meta property="og:site_name" content="Weltladen Gütersloh" />
<meta property="article:modified_time" content="2025-03-21T16:38:25+00:00" />
<meta name="twitter:card" content="summary_large_image" />
<meta name="twitter:label1" content="Geschätzte Lesezeit" />
	<meta name="twitter:data1" content="1 Minute" />
<script type="application/ld+json" class="yoast-schema-graph">{"@context":"https://schema.org","@graph":[{"@type":"WebPage","@id":"https://weltlaeden.de/guetersloh/faire-woche/","url":"https://weltlaeden.de/guetersloh/faire-woche/","name":"Faire Woche - Weltladen Gütersloh","isPartOf":{"@id":"https://weltlaeden.de/guetersloh/#website"},"datePublished":"2022-07-30T17:44:31+00:00","dateModified":"2025-03-21T16:38:25+00:00","breadcrumb":{"@id":"https://weltlaeden.de/guetersloh/faire-woche/#breadcrumb"},"inLanguage":"de","potentialAction":[{"@type":"ReadAction","target":["https://weltlaeden.de/guetersloh/faire-woche/"]}]},{"@type":"BreadcrumbList","@id":"https://weltlaeden.de/guetersloh/faire-woche/#breadcrumb","itemListElement":[{"@type":"ListItem","position":1,"name":"Startseite","item":"https://weltlaeden.de/guetersloh/"},{"@type":"ListItem","position":2,"name":"Faire Woche"}]},{"@type":"WebSite","@id":"https://weltlaeden.de/guetersloh/#website","url":"https://weltlaeden.de/guetersloh/","name":"Weltladen Gütersloh","description":"Fair erzeugte und gehandelte Lebensmittel wie Kaffee, Kakao, Tee, Schokolade, Gewürze, aber auch Taschen und Tücher, Kunstgewerbe und Dekorationsartikel in Gütersloh","publisher":{"@id":"https://weltlaeden.de/guetersloh/#organization"},"potentialAction":[{"@type":"SearchAction","target":{"@type":"EntryPoint","urlTemplate":"https://weltlaeden.de/guetersloh/?s={search_term_string}"},"query-input":{"@type":"PropertyValueSpecification","valueRequired":true,"valueName":"search_term_string"}}],"inLanguage":"de"},{"@type":"Organization","@id":"https://weltlaeden.de/guetersloh/#organization","name":"Weltladen Gütersloh","url":"https://weltlaeden.de/guetersloh/","logo":{"@type":"ImageObject","inLanguage":"de","@id":"https://weltlaeden.de/guetersloh/#/schema/logo/image/","url":"https://weltlaeden.de/guetersloh/wp-content/uploads/sites/108/2019/08/WLFH_Guetersloh_NG_orange_MK.jpg","contentUrl":"https://weltlaeden.de/guetersloh/wp-content/uploads/sites/108/2019/08/WLFH_Guetersloh_NG_orange_MK.jpg","width":2391,"height":596,"caption":"Weltladen Gütersloh"},"image":{"@id":"https://weltlaeden.de/guetersloh/#/schema/logo/image/"}}]}</script>
<!-- / Yoast SEO plugin. -->

Faire Woche - Weltladen Gütersloh

[vc_row][vc_column width=&#8220;2/3&#8243;][vc_column_text css=&#8220;&#8220;] Was ist die Faire Woche? Seit mehr als 20 Jahren lädt die Faire Woche jeden September alle Menschen in Deutschland dazu ein, Veranstaltungen zum Fairen Handel in ihrer Region zu besuchen oder selbst zu organisieren. Mit jährlich rund 2.000 Aktionen ist sie bundesweit die größte Aktionswoche des Fairen Handels. 2025 findet die&hellip;

Weltladen Gütersloh

Fair erzeugte und gehandelte Lebensmittel wie Kaffee, Kakao, Tee, Schokolade, Gewürze, aber auch Taschen und Tücher, Kunstgewerbe und Dekorationsartikel in Gütersloh
