{"id":703,"date":"2021-06-23T17:14:21","date_gmt":"2021-06-23T15:14:21","guid":{"rendered":"https:\/\/weltlaeden.de\/guestrow\/?page_id=703"},"modified":"2024-07-01T11:39:38","modified_gmt":"2024-07-01T09:39:38","slug":"wir-sind-fairtrade-stadt","status":"publish","type":"page","link":"https:\/\/weltlaeden.de\/guestrow\/wir-sind-fairtrade-stadt\/","title":{"rendered":"G\u00fcstrow ist Fairtrade Stadt!"},"content":{"rendered":"<div class=\"wpb-content-wrapper\"><p>[vc_row][vc_column][\/vc_column][\/vc_row][vc_row][vc_column][vc_column_text]<\/p>\n<h1><span style=\"color: #ff9900\">Wir sind Fairtrade Stadt!<\/span><\/h1>\n<p>[\/vc_column_text]<div class=\"wl_einzelbild\"><p><a href=\"https:\/\/weltlaeden.de\/guestrow\/wp-content\/uploads\/sites\/161\/2024\/07\/fairtrade_towns_flyer.pdf\" target=\"_blank\" rel=\"noopener\"><img loading=\"lazy\" decoding=\"async\" class=\"wp-image-886 size-medium alignleft\" src=\"https:\/\/weltlaeden.de\/guestrow\/wp-content\/uploads\/sites\/161\/2023\/06\/1686734981773-2-300x226.jpg\" alt=\"fairtrade stadt\" width=\"300\" height=\"226\" srcset=\"https:\/\/weltlaeden.de\/guestrow\/wp-content\/uploads\/sites\/161\/2023\/06\/1686734981773-2-300x226.jpg 300w, https:\/\/weltlaeden.de\/guestrow\/wp-content\/uploads\/sites\/161\/2023\/06\/1686734981773-2.jpg 600w\" sizes=\"auto, (max-width: 300px) 100vw, 300px\" \/><\/a><\/p><\/div>[vc_empty_space height=&#8220;15px&#8220; css=&#8220;.vc_custom_1719825750194{border-color: #dd9933 !important;}&#8220;][vc_column_text css=&#8220;&#8220;]<\/p>\n<div>\n<p>Seit dem 1. Juni 2021 ist die Barlachstadt G\u00fcstrow eine \u201eFairtrade-Stadt\u201c.<\/p>\n<\/div>\n<div><strong>Aber was ist eine Fairtrade Stadt?<br \/>\n<\/strong><\/div>\n<div>Fairtrade-St\u00e4dte f\u00f6rdern den fairen Handel auf kommunaler Ebene und sind das Ergebnis einer erfolgreichen Vernetzung von Akteur*innen aus Zivilgesellschaft, Politik und Wirtschaft, die sich gemeinsam lokal f\u00fcr den fairen Handel stark machen. Das Engagement der vielen Menschen zeigt, dass eine Ver\u00e4nderung m\u00f6glich ist, und dass jede und jeder etwas bewirken kann.<\/div>\n<div><\/div>\n<div><\/div>\n<div><strong>Hier alle Fakten in der \u00dcbersicht:<br \/>\n<\/strong><\/div>\n<p>[\/vc_column_text][vc_btn title=&#8220;Flyer Fairtrade Stadt&#8220; style=&#8220;outline&#8220; size=&#8220;lg&#8220; css=&#8220;.vc_custom_1719826186206{background-color: #f39800 !important;border-radius: 5px !important;border-color: #dd9933 !important;}&#8220; link=&#8220;url:https%3A%2F%2Fweltlaeden.de%2Fguestrow%2Fwp-content%2Fuploads%2Fsites%2F161%2F2024%2F07%2Ffairtrade_towns_flyer.pdf|target:_blank&#8220;][vc_empty_space height=&#8220;20px&#8220;][\/vc_column][\/vc_row][vc_row][vc_column][\/vc_column][\/vc_row]<\/p>\n<p><img loading=\"lazy\" decoding=\"async\" class=\"wp-image-714 alignleft\" src=\"https:\/\/weltlaeden.de\/guestrow\/wp-content\/uploads\/sites\/161\/2021\/06\/Screenshot-2021-06-23-at-17-45-06-Jane-Weber-Habe-heute-neue-Produkte-in-unserem-Weltladen-Facebook-295x300.png\" alt=\"\" width=\"371\" height=\"377\" srcset=\"https:\/\/weltlaeden.de\/guestrow\/wp-content\/uploads\/sites\/161\/2021\/06\/Screenshot-2021-06-23-at-17-45-06-Jane-Weber-Habe-heute-neue-Produkte-in-unserem-Weltladen-Facebook-295x300.png 295w, https:\/\/weltlaeden.de\/guestrow\/wp-content\/uploads\/sites\/161\/2021\/06\/Screenshot-2021-06-23-at-17-45-06-Jane-Weber-Habe-heute-neue-Produkte-in-unserem-Weltladen-Facebook-768x782.png 768w, https:\/\/weltlaeden.de\/guestrow\/wp-content\/uploads\/sites\/161\/2021\/06\/Screenshot-2021-06-23-at-17-45-06-Jane-Weber-Habe-heute-neue-Produkte-in-unserem-Weltladen-Facebook-1006x1024.png 1006w, https:\/\/weltlaeden.de\/guestrow\/wp-content\/uploads\/sites\/161\/2021\/06\/Screenshot-2021-06-23-at-17-45-06-Jane-Weber-Habe-heute-neue-Produkte-in-unserem-Weltladen-Facebook.png 1864w\" sizes=\"auto, (max-width: 371px) 100vw, 371px\" \/><\/p>\n<\/div>","protected":false},"excerpt":{"rendered":"<p>[vc_row][vc_column][\/vc_column][\/vc_row][vc_row][vc_column][vc_column_text] Wir sind Fairtrade Stadt! [\/vc_column_text][vc_empty_space height=&#8220;15px&#8220; css=&#8220;.vc_custom_1719825750194{border-color: #dd9933 !important;}&#8220;][vc_column_text css=&#8220;&#8220;] Seit dem 1. Juni 2021 ist die Barlachstadt G\u00fcstrow eine \u201eFairtrade-Stadt\u201c. Aber was ist eine Fairtrade Stadt? Fairtrade-St\u00e4dte f\u00f6rdern den fairen Handel auf kommunaler Ebene und sind das Ergebnis einer erfolgreichen Vernetzung von Akteur*innen aus Zivilgesellschaft, Politik und Wirtschaft, die sich gemeinsam lokal f\u00fcr&hellip;<\/p>\n","protected":false},"author":231,"featured_media":0,"parent":0,"menu_order":2,"comment_status":"closed","ping_status":"closed","template":"","meta":{"footnotes":""},"class_list":["post-703","page","type-page","status-publish","hentry","description-off"],"yoast_head":"<!-- This site is optimized with the Yoast SEO plugin v26.8 - https:\/\/yoast.com\/product\/yoast-seo-wordpress\/ -->\n<title>G\u00fcstrow ist Fairtrade Stadt! - Weltladen G\u00fcstrow<\/title>\n<meta name=\"robots\" content=\"index, follow, max-snippet:-1, max-image-preview:large, max-video-preview:-1\" \/>\n<link rel=\"canonical\" href=\"https:\/\/weltlaeden.de\/guestrow\/wir-sind-fairtrade-stadt\/\" \/>\n<meta property=\"og:locale\" content=\"de_DE\" \/>\n<meta property=\"og:type\" content=\"article\" \/>\n<meta property=\"og:title\" content=\"G\u00fcstrow ist Fairtrade Stadt! - Weltladen G\u00fcstrow\" \/>\n<meta property=\"og:description\" content=\"[vc_row][vc_column][\/vc_column][\/vc_row][vc_row][vc_column][vc_column_text] Wir sind Fairtrade Stadt! [\/vc_column_text][vc_empty_space height=&#8220;15px&#8220; css=&#8220;.vc_custom_1719825750194{border-color: #dd9933 !important;}&#8220;][vc_column_text css=&#8220;&#8220;] Seit dem 1. Juni 2021 ist die Barlachstadt G\u00fcstrow eine \u201eFairtrade-Stadt\u201c. Aber was ist eine Fairtrade Stadt? Fairtrade-St\u00e4dte f\u00f6rdern den fairen Handel auf kommunaler Ebene und sind das Ergebnis einer erfolgreichen Vernetzung von Akteur*innen aus Zivilgesellschaft, Politik und Wirtschaft, die sich gemeinsam lokal f\u00fcr&hellip;\" \/>\n<meta property=\"og:url\" content=\"https:\/\/weltlaeden.de\/guestrow\/wir-sind-fairtrade-stadt\/\" \/>\n<meta property=\"og:site_name\" content=\"Weltladen G\u00fcstrow\" \/>\n<meta property=\"article:modified_time\" content=\"2024-07-01T09:39:38+00:00\" \/>\n<meta property=\"og:image\" content=\"https:\/\/weltlaeden.de\/guestrow\/wp-content\/uploads\/sites\/161\/2023\/06\/1686734981773-2-300x226.jpg\" \/>\n<meta name=\"twitter:card\" content=\"summary_large_image\" \/>\n<meta name=\"twitter:label1\" content=\"Gesch\u00e4tzte Lesezeit\" \/>\n\t<meta name=\"twitter:data1\" content=\"1\u00a0Minute\" \/>\n<script type=\"application\/ld+json\" class=\"yoast-schema-graph\">{\"@context\":\"https:\/\/schema.org\",\"@graph\":[{\"@type\":\"WebPage\",\"@id\":\"https:\/\/weltlaeden.de\/guestrow\/wir-sind-fairtrade-stadt\/\",\"url\":\"https:\/\/weltlaeden.de\/guestrow\/wir-sind-fairtrade-stadt\/\",\"name\":\"G\u00fcstrow ist Fairtrade Stadt! - Weltladen G\u00fcstrow\",\"isPartOf\":{\"@id\":\"https:\/\/weltlaeden.de\/guestrow\/#website\"},\"primaryImageOfPage\":{\"@id\":\"https:\/\/weltlaeden.de\/guestrow\/wir-sind-fairtrade-stadt\/#primaryimage\"},\"image\":{\"@id\":\"https:\/\/weltlaeden.de\/guestrow\/wir-sind-fairtrade-stadt\/#primaryimage\"},\"thumbnailUrl\":\"https:\/\/weltlaeden.de\/guestrow\/wp-content\/uploads\/sites\/161\/2023\/06\/1686734981773-2-300x226.jpg\",\"datePublished\":\"2021-06-23T15:14:21+00:00\",\"dateModified\":\"2024-07-01T09:39:38+00:00\",\"breadcrumb\":{\"@id\":\"https:\/\/weltlaeden.de\/guestrow\/wir-sind-fairtrade-stadt\/#breadcrumb\"},\"inLanguage\":\"de\",\"potentialAction\":[{\"@type\":\"ReadAction\",\"target\":[\"https:\/\/weltlaeden.de\/guestrow\/wir-sind-fairtrade-stadt\/\"]}]},{\"@type\":\"ImageObject\",\"inLanguage\":\"de\",\"@id\":\"https:\/\/weltlaeden.de\/guestrow\/wir-sind-fairtrade-stadt\/#primaryimage\",\"url\":\"https:\/\/weltlaeden.de\/guestrow\/wp-content\/uploads\/sites\/161\/2023\/06\/1686734981773-2.jpg\",\"contentUrl\":\"https:\/\/weltlaeden.de\/guestrow\/wp-content\/uploads\/sites\/161\/2023\/06\/1686734981773-2.jpg\",\"width\":600,\"height\":451,\"caption\":\"fairtrade stadt\"},{\"@type\":\"BreadcrumbList\",\"@id\":\"https:\/\/weltlaeden.de\/guestrow\/wir-sind-fairtrade-stadt\/#breadcrumb\",\"itemListElement\":[{\"@type\":\"ListItem\",\"position\":1,\"name\":\"Startseite\",\"item\":\"https:\/\/weltlaeden.de\/guestrow\/\"},{\"@type\":\"ListItem\",\"position\":2,\"name\":\"G\u00fcstrow ist Fairtrade Stadt!\"}]},{\"@type\":\"WebSite\",\"@id\":\"https:\/\/weltlaeden.de\/guestrow\/#website\",\"url\":\"https:\/\/weltlaeden.de\/guestrow\/\",\"name\":\"Weltladen G\u00fcstrow\",\"description\":\"Faire Produkte seit 1990\",\"potentialAction\":[{\"@type\":\"SearchAction\",\"target\":{\"@type\":\"EntryPoint\",\"urlTemplate\":\"https:\/\/weltlaeden.de\/guestrow\/?s={search_term_string}\"},\"query-input\":{\"@type\":\"PropertyValueSpecification\",\"valueRequired\":true,\"valueName\":\"search_term_string\"}}],\"inLanguage\":\"de\"}]}<\/script>\n<!-- \/ Yoast SEO plugin. -->","yoast_head_json":{"title":"G\u00fcstrow ist Fairtrade Stadt! - Weltladen G\u00fcstrow","robots":{"index":"index","follow":"follow","max-snippet":"max-snippet:-1","max-image-preview":"max-image-preview:large","max-video-preview":"max-video-preview:-1"},"canonical":"https:\/\/weltlaeden.de\/guestrow\/wir-sind-fairtrade-stadt\/","og_locale":"de_DE","og_type":"article","og_title":"G\u00fcstrow ist Fairtrade Stadt! - Weltladen G\u00fcstrow","og_description":"[vc_row][vc_column][\/vc_column][\/vc_row][vc_row][vc_column][vc_column_text] Wir sind Fairtrade Stadt! [\/vc_column_text][vc_empty_space height=&#8220;15px&#8220; css=&#8220;.vc_custom_1719825750194{border-color: #dd9933 !important;}&#8220;][vc_column_text css=&#8220;&#8220;] Seit dem 1. Juni 2021 ist die Barlachstadt G\u00fcstrow eine \u201eFairtrade-Stadt\u201c. Aber was ist eine Fairtrade Stadt? Fairtrade-St\u00e4dte f\u00f6rdern den fairen Handel auf kommunaler Ebene und sind das Ergebnis einer erfolgreichen Vernetzung von Akteur*innen aus Zivilgesellschaft, Politik und Wirtschaft, die sich gemeinsam lokal f\u00fcr&hellip;","og_url":"https:\/\/weltlaeden.de\/guestrow\/wir-sind-fairtrade-stadt\/","og_site_name":"Weltladen G\u00fcstrow","article_modified_time":"2024-07-01T09:39:38+00:00","og_image":[{"url":"https:\/\/weltlaeden.de\/guestrow\/wp-content\/uploads\/sites\/161\/2023\/06\/1686734981773-2-300x226.jpg","type":"","width":"","height":""}],"twitter_card":"summary_large_image","twitter_misc":{"Gesch\u00e4tzte Lesezeit":"1\u00a0Minute"},"schema":{"@context":"https:\/\/schema.org","@graph":[{"@type":"WebPage","@id":"https:\/\/weltlaeden.de\/guestrow\/wir-sind-fairtrade-stadt\/","url":"https:\/\/weltlaeden.de\/guestrow\/wir-sind-fairtrade-stadt\/","name":"G\u00fcstrow ist Fairtrade Stadt! - Weltladen G\u00fcstrow","isPartOf":{"@id":"https:\/\/weltlaeden.de\/guestrow\/#website"},"primaryImageOfPage":{"@id":"https:\/\/weltlaeden.de\/guestrow\/wir-sind-fairtrade-stadt\/#primaryimage"},"image":{"@id":"https:\/\/weltlaeden.de\/guestrow\/wir-sind-fairtrade-stadt\/#primaryimage"},"thumbnailUrl":"https:\/\/weltlaeden.de\/guestrow\/wp-content\/uploads\/sites\/161\/2023\/06\/1686734981773-2-300x226.jpg","datePublished":"2021-06-23T15:14:21+00:00","dateModified":"2024-07-01T09:39:38+00:00","breadcrumb":{"@id":"https:\/\/weltlaeden.de\/guestrow\/wir-sind-fairtrade-stadt\/#breadcrumb"},"inLanguage":"de","potentialAction":[{"@type":"ReadAction","target":["https:\/\/weltlaeden.de\/guestrow\/wir-sind-fairtrade-stadt\/"]}]},{"@type":"ImageObject","inLanguage":"de","@id":"https:\/\/weltlaeden.de\/guestrow\/wir-sind-fairtrade-stadt\/#primaryimage","url":"https:\/\/weltlaeden.de\/guestrow\/wp-content\/uploads\/sites\/161\/2023\/06\/1686734981773-2.jpg","contentUrl":"https:\/\/weltlaeden.de\/guestrow\/wp-content\/uploads\/sites\/161\/2023\/06\/1686734981773-2.jpg","width":600,"height":451,"caption":"fairtrade stadt"},{"@type":"BreadcrumbList","@id":"https:\/\/weltlaeden.de\/guestrow\/wir-sind-fairtrade-stadt\/#breadcrumb","itemListElement":[{"@type":"ListItem","position":1,"name":"Startseite","item":"https:\/\/weltlaeden.de\/guestrow\/"},{"@type":"ListItem","position":2,"name":"G\u00fcstrow ist Fairtrade Stadt!"}]},{"@type":"WebSite","@id":"https:\/\/weltlaeden.de\/guestrow\/#website","url":"https:\/\/weltlaeden.de\/guestrow\/","name":"Weltladen G\u00fcstrow","description":"Faire Produkte seit 1990","potentialAction":[{"@type":"SearchAction","target":{"@type":"EntryPoint","urlTemplate":"https:\/\/weltlaeden.de\/guestrow\/?s={search_term_string}"},"query-input":{"@type":"PropertyValueSpecification","valueRequired":true,"valueName":"search_term_string"}}],"inLanguage":"de"}]}},"_links":{"self":[{"href":"https:\/\/weltlaeden.de\/guestrow\/wp-json\/wp\/v2\/pages\/703","targetHints":{"allow":["GET"]}}],"collection":[{"href":"https:\/\/weltlaeden.de\/guestrow\/wp-json\/wp\/v2\/pages"}],"about":[{"href":"https:\/\/weltlaeden.de\/guestrow\/wp-json\/wp\/v2\/types\/page"}],"author":[{"embeddable":true,"href":"https:\/\/weltlaeden.de\/guestrow\/wp-json\/wp\/v2\/users\/231"}],"replies":[{"embeddable":true,"href":"https:\/\/weltlaeden.de\/guestrow\/wp-json\/wp\/v2\/comments?post=703"}],"version-history":[{"count":15,"href":"https:\/\/weltlaeden.de\/guestrow\/wp-json\/wp\/v2\/pages\/703\/revisions"}],"predecessor-version":[{"id":965,"href":"https:\/\/weltlaeden.de\/guestrow\/wp-json\/wp\/v2\/pages\/703\/revisions\/965"}],"wp:attachment":[{"href":"https:\/\/weltlaeden.de\/guestrow\/wp-json\/wp\/v2\/media?parent=703"}],"curies":[{"name":"wp","href":"https:\/\/api.w.org\/{rel}","templated":true}]}}