{"version":"1.0","provider_name":"Weltladen G\u00fcstrow","provider_url":"https:\/\/weltlaeden.de\/guestrow","title":"Faire Woche 2026 - Weltladen G\u00fcstrow","type":"rich","width":600,"height":338,"html":"<blockquote class=\"wp-embedded-content\" data-secret=\"A5pLdFbjiK\"><a href=\"https:\/\/weltlaeden.de\/guestrow\/termin\/faire-woche-2026\/\">Faire Woche 2026<\/a><\/blockquote><iframe sandbox=\"allow-scripts\" security=\"restricted\" src=\"https:\/\/weltlaeden.de\/guestrow\/termin\/faire-woche-2026\/embed\/#?secret=A5pLdFbjiK\" width=\"600\" height=\"338\" title=\"&#8222;Faire Woche 2026&#8220; &#8211; Weltladen G\u00fcstrow\" data-secret=\"A5pLdFbjiK\" frameborder=\"0\" marginwidth=\"0\" marginheight=\"0\" scrolling=\"no\" class=\"wp-embedded-content\"><\/iframe><script>\n\/*! This file is auto-generated *\/\n!function(d,l){\"use strict\";l.querySelector&&d.addEventListener&&\"undefined\"!=typeof URL&&(d.wp=d.wp||{},d.wp.receiveEmbedMessage||(d.wp.receiveEmbedMessage=function(e){var t=e.data;if((t||t.secret||t.message||t.value)&&!\/[^a-zA-Z0-9]\/.test(t.secret)){for(var s,r,n,a=l.querySelectorAll('iframe[data-secret=\"'+t.secret+'\"]'),o=l.querySelectorAll('blockquote[data-secret=\"'+t.secret+'\"]'),c=new RegExp(\"^https?:$\",\"i\"),i=0;i<o.length;i++)o[i].style.display=\"none\";for(i=0;i<a.length;i++)s=a[i],e.source===s.contentWindow&&(s.removeAttribute(\"style\"),\"height\"===t.message?(1e3<(r=parseInt(t.value,10))?r=1e3:~~r<200&&(r=200),s.height=r):\"link\"===t.message&&(r=new URL(s.getAttribute(\"src\")),n=new URL(t.value),c.test(n.protocol))&&n.host===r.host&&l.activeElement===s&&(d.top.location.href=t.value))}},d.addEventListener(\"message\",d.wp.receiveEmbedMessage,!1),l.addEventListener(\"DOMContentLoaded\",function(){for(var e,t,s=l.querySelectorAll(\"iframe.wp-embedded-content\"),r=0;r<s.length;r++)(t=(e=s[r]).getAttribute(\"data-secret\"))||(t=Math.random().toString(36).substring(2,12),e.src+=\"#?secret=\"+t,e.setAttribute(\"data-secret\",t)),e.contentWindow.postMessage({message:\"ready\",secret:t},\"*\")},!1)))}(window,document);\n<\/script>\n","description":"Fair handeln \u2013 Vielfalt erleben! Unter diesem Motto steht die Faire Woche vom 11. bis 25. September. In diesen zwei Wochen r\u00fccken wir die vielen Facetten von Vielfalt im Fairen Handel in den Mittelpunkt \u2013 mit einem\u00a0besonderen Fokus auf junge Menschen. Wir wollen\u00a0ihre Perspektiven, ihre Lebensrealit\u00e4ten, ihre Rolle f\u00fcr eine vielf\u00e4ltige Zukunft kennenlernen\u00a0und ihnen ein&hellip;"}

Weltladen Güstrow

Faire Woche 2026 - Weltladen Güstrow

<blockquote class="wp-embedded-content" data-secret="A5pLdFbjiK"><a href="https://weltlaeden.de/guestrow/termin/faire-woche-2026/">Faire Woche 2026</a></blockquote><iframe sandbox="allow-scripts" security="restricted" src="https://weltlaeden.de/guestrow/termin/faire-woche-2026/embed/#?secret=A5pLdFbjiK" width="600" height="338" title="&#8222;Faire Woche 2026&#8220; &#8211; Weltladen Güstrow" data-secret="A5pLdFbjiK" frameborder="0" marginwidth="0" marginheight="0" scrolling="no" class="wp-embedded-content"></iframe><script>
/*! This file is auto-generated */
!function(d,l){"use strict";l.querySelector&&d.addEventListener&&"undefined"!=typeof URL&&(d.wp=d.wp||{},d.wp.receiveEmbedMessage||(d.wp.receiveEmbedMessage=function(e){var t=e.data;if((t||t.secret||t.message||t.value)&&!/[^a-zA-Z0-9]/.test(t.secret)){for(var s,r,n,a=l.querySelectorAll('iframe[data-secret="'+t.secret+'"]'),o=l.querySelectorAll('blockquote[data-secret="'+t.secret+'"]'),c=new RegExp("^https?:$","i"),i=0;i<o.length;i++)o[i].style.display="none";for(i=0;i<a.length;i++)s=a[i],e.source===s.contentWindow&&(s.removeAttribute("style"),"height"===t.message?(1e3<(r=parseInt(t.value,10))?r=1e3:~~r<200&&(r=200),s.height=r):"link"===t.message&&(r=new URL(s.getAttribute("src")),n=new URL(t.value),c.test(n.protocol))&&n.host===r.host&&l.activeElement===s&&(d.top.location.href=t.value))}},d.addEventListener("message",d.wp.receiveEmbedMessage,!1),l.addEventListener("DOMContentLoaded",function(){for(var e,t,s=l.querySelectorAll("iframe.wp-embedded-content"),r=0;r<s.length;r++)(t=(e=s[r]).getAttribute("data-secret"))||(t=Math.random().toString(36).substring(2,12),e.src+="#?secret="+t,e.setAttribute("data-secret",t)),e.contentWindow.postMessage({message:"ready",secret:t},"*")},!1)))}(window,document);
</script>

Fair handeln – Vielfalt erleben! Unter diesem Motto steht die Faire Woche vom 11. bis 25. September. In diesen zwei Wochen rücken wir die vielen Facetten von Vielfalt im Fairen Handel in den Mittelpunkt – mit einem besonderen Fokus auf junge Menschen. Wir wollen ihre Perspektiven, ihre Lebensrealitäten, ihre Rolle für eine vielfältige Zukunft kennenlernen und ihnen ein&hellip;
