{"id":559,"date":"2019-07-27T22:27:05","date_gmt":"2019-07-27T20:27:05","guid":{"rendered":"https:\/\/weltlaeden.de\/guentersleben\/?page_id=559"},"modified":"2019-08-04T23:03:30","modified_gmt":"2019-08-04T21:03:30","slug":"satzung-des-vereins-harambee","status":"publish","type":"page","link":"https:\/\/weltlaeden.de\/guentersleben\/satzung-des-vereins-harambee\/","title":{"rendered":"Satzung des Vereins Harambee"},"content":{"rendered":"<div class=\"wpb-content-wrapper\"><p>[vc_row][vc_column][vc_column_text]<\/p>\n<h2><strong>Satzung des Eine-Welt-Vereins &#8222;HARAMBEE&#8220; vom 22.5.2014<\/strong><\/h2>\n<ul>\n<li><strong> 1\u00a0 Name<\/strong><strong><br \/>\n<\/strong>Der Verein f\u00fchrt den Namen Eine-Welt-Verein &#8222;<strong>HARAMBEE<\/strong>&#8220; G\u00fcntersleben. Er soll in das Vereinsregister eingetragen werden. Nach der Eintragung f\u00fchrt der Verein den Namenszusatz e.V.<\/li>\n<li><strong>\u00a7 2\u00a0 Sitz und Gesch\u00e4ftsjahr<\/strong><strong><br \/>\n<\/strong>Der Verein hat seinen Sitz in G\u00fcntersleben.<br \/>\nDas Gesch\u00e4ftsjahr ist das Kalenderjahr.<\/li>\n<li><strong>\u00a7 3\u00a0 Vereinszweck<\/strong><strong><br \/>\n<\/strong>Zweck des Vereins ist die F\u00f6rderung der Entwicklungszusammenarbeit, die F\u00f6rde\u00adrung der internationalen Gesinnung, der Toleranz auf allen Gebieten der Kultur und des V\u00f6lkerverst\u00e4ndigungsgedankens, die F\u00f6rderung der Erziehung, der Volks- und Berufsbildung sowie die F\u00f6rderung mildt\u00e4tiger Zwecke.Die Vereinszwecke werden verwirklicht insbesondere durch die Aufkl\u00e4rungsarbeit \u00fcber die Lebenssituation in der &#8222;Dritten Welt&#8220; und die Verbesserung durch den &#8222;Fairen Handel&#8220;, die F\u00f6rderung von Entwicklungsprojekten und die Unterst\u00fctzung bed\u00fcrftiger Personen in oder aus Entwicklungsl\u00e4ndern.Daneben kann der Verein auch andere steuerbeg\u00fcnstigte K\u00f6rperschaften, K\u00f6rper\u00adschaften des \u00f6ffentlichen Rechts oder auch ausl\u00e4ndischen K\u00f6rperschaften ideell und materiell f\u00f6rdern und so seine genannten Satzungszwecke pflegen und mittelbar er\u00adf\u00fcllen.<\/li>\n<li><strong>\u00a7 4 Gemeinn\u00fctzigkeit<\/strong><strong><br \/>\n<\/strong>Der Verein verfolgt ausschlie\u00dflich und unmittelbar gemeinn\u00fctzige und mildt\u00e4tige Zwecke im Sinne des Abschnittes &#8222;Steuerbeg\u00fcnstigte Zwecke&#8220; der Abgabenordnung.Der Verein ist selbstlos t\u00e4tig; er verfolgt nicht in erster Linie eigenwirtschaftliche Zwe\u00adcke. Mittel des Vereins d\u00fcrfen nur f\u00fcr die satzungsm\u00e4\u00dfigen Zwecke verwendet wer\u00adden. Die Mitglieder erhalten keine Zuwendungen aus Mitteln des Vereins.Es darf keine Person durch Ausgaben, die dem Zweck der K\u00f6rperschaft fremd sind, oder durch unverh\u00e4ltnism\u00e4\u00dfig hohe Verg\u00fctungen beg\u00fcnstigt werden.<strong>\u00a7 5\u00a0 Mitglieder<\/strong><strong><br \/>\n<\/strong>Mitglied des Vereins kann jede nat\u00fcrliche und juristische Person werden.Der Antrag auf Aufnahme in den Verein ist an den Vorstand zu richten. \u00dcber die Auf\u00adnahme entscheidet der Vorstand.<\/p>\n<p>Die Mitgliedschaft endet mit dem Tod, durch Austritt oder Ausschluss aus dem Ver\u00adein. Der Austritt ist schriftlich gegen\u00fcber dem Vorstand zu erkl\u00e4ren. \u00dcber den Aus\u00adschluss entscheidet der Vorstand.<\/p>\n<p>Gegen die Ablehnung der Aufnahme und gegen den Ausschluss kann Berufung zur n\u00e4chsten Mitgliederversammlung eingelegt werden.<\/p>\n<p><strong>\u00a7 6\u00a0 Mitgliedsbeitr\u00e4ge<\/strong><strong><br \/>\n<\/strong>Von den Mitgliedern wird ein Mitgliedsbeitrag erhoben, dessen H\u00f6he und F\u00e4lligkeit die Mitgliederversammlung festsetzt.<\/p>\n<p><strong>\u00a7 7\u00a0 Vorstand<\/strong><br \/>\nDer Vorstand besteht aus dem Vorsitzenden, dem stellvertretenden Vorsitzenden, dem Schriftf\u00fchrer und dem Kassier sowie bis zu drei Beisitzern.<\/p>\n<p>Der Vorstand wird von der Mitgliederversammlung auf zwei Jahre gew\u00e4hlt. Die Vor\u00adstandsmitglieder bleiben auch nach dem Ablauf ihrer Amtszeit bis zur Neuwahl im Amt.<\/p>\n<p><strong>\u00a7 8 Aufgaben des Vorstands<\/strong><strong><br \/>\n<\/strong>Dem Vorstand obliegt die Leitung des Vereins. Er ist f\u00fcr alle Angelegenheiten zu\u00adst\u00e4ndig, die nicht der Mitgliederversammlung vorbehalten sind.<\/p>\n<p>Er hat vor allem folgende Aufgaben:<br \/>\na) Vorbereitung der Mitgliederversammlung und Aufstellung der Tagesordnung,<br \/>\nb) Einberufung der Mitgliederversammlung,<br \/>\nc) Vollzug der Beschl\u00fcsse der Mitgliederversammlung,<br \/>\nd) Verwaltung des Vereinsverm\u00f6gens,<br \/>\ne) Erstellung des Jahres- und Kassenberichts,<br \/>\nf) Beschlussfassung \u00fcber die Aufnahme und den Ausschluss von Vereinsmitgliedern.<br \/>\ng) Der Vorstand ist zu redaktionellen \u00c4nderungen der Satzung und zu \u00c4nderungen, die auf Grund von Beanstandungen des Finanzamts wegen der Erlangung der Ge\u00admeinn\u00fctzigkeit oder des Registergerichts erforderlich sind, erm\u00e4chtigt. <strong><em><u><br \/>\n<\/u><\/em><\/strong><br \/>\nDer Vorsitzende oder der stellvertretende Vorsitzende vertritt zusammen mit einem weiteren Mitglied des Vorstands den Verein gerichtlich und au\u00dfergerichtlich.<\/p>\n<p><strong>\u00a7 9 Mitgliederversammlung<\/strong><strong><br \/>\n<\/strong>Die ordentliche Mitgliederversammlung findet j\u00e4hrlich mindestens einmal statt. Au\u00ad\u00dferdem muss eine Mitgliederversammlung einberufen werden, wenn das Interesse des Vereins es erfordert oder wenn die Einberufung von einem F\u00fcnftel Mitglieder unter Angabe des Zwecks und der Gr\u00fcnde vom Vorstand schriftlich verlangt wird.<\/p>\n<p>Jede Mitgliederversammlung wird vom Vorsitzenden, bei seiner Verhinderung vom stellvertretenden Vorsitzenden, unter Einhaltung einer Frist von zwei Wochen durch schriftliche Einladung einberufen. Dabei ist die vorgesehene Tagesordnung mitzu\u00adteilen.<\/p>\n<p>Aufgaben der Mitgliederversammlung sind:<br \/>\na) die Entgegennahme des Berichts des Vorstands,<br \/>\nb) die Entlastung des Vorstands,<br \/>\nc) die Festsetzung der H\u00f6he des Mitgliedsbeitrags,<br \/>\nd) die Wahl und Abberufung der Vorstandsmitglieder und der Kassenpr\u00fcfer,<br \/>\nf) Befinden \u00fcber Schwerpunkte der Informationsarbeit und m\u00f6glicher Aktionen, <em><br \/>\n<\/em>g) die Beschlussfassung \u00fcber zu unterst\u00fctzende Projekte und Personen sowie der Verteilung der Mittel,<br \/>\nh) die Beschlussfassung \u00fcber \u00c4nderungen der Satzung,<br \/>\ni) die Beschlussfassung \u00fcber die Aufl\u00f6sung des Vereins,<br \/>\nj) die Abstimmung \u00fcber weitere von Vorstand zur Entscheidung vorgelegte Vereins\u00adangelegenheiten.<\/p>\n<p>Beschl\u00fcsse der Mitgliederversammlung werden mit Mehrheit der erschienenen Mit\u00adglieder gefasst. Die Beschlussfassung \u00fcber Satzungs\u00e4nderungen oder die Aufl\u00f6sung des Vereins bedarf der Mehrheit von drei Vierteln der erschienenen Mitglieder.<br \/>\n\u00dcber die Beschl\u00fcsse der Mitgliederversammlung ist ein Protokoll aufzunehmen, das vom Versammlungsleiter und dem Schriftf\u00fchrer zu unterschreiben ist.<strong><em><br \/>\n<\/em><\/strong><em><br \/>\n<\/em><strong>\u00a7 10 Aufl\u00f6sung des Vereines<\/strong><strong><br \/>\n<\/strong>Die Aufl\u00f6sung des Vereins kann nur in einer zu diesem Zweck einberufenen Mitglie\u00adderversammlung beschlossen werden.<\/p>\n<p>Bei Aufl\u00f6sung des Vereins oder bei Wegfall steuerbeg\u00fcnstigter Zwecke f\u00e4llt das Verm\u00f6gen des Vereins an die Initiative Eine Welt W\u00fcrzburg e.V., die es unmittelbar und ausschlie\u00dflich f\u00fcr gemeinn\u00fctzige oder mildt\u00e4tige Zwecke zu verwenden hat.<\/p>\n<p>Beschlossen auf der Mitgliedsversammlung am 13.3.2014<\/li>\n<\/ul>\n<p>Werner Stumpf<br \/>\n1. Vorsitzender<br \/>\n__________<\/p>\n<p>Der Verein wurde am 06.06.2014 in das Vereinsregister beim Amtsgericht W\u00fcrzburg unter Nummer 200825 eingetragen.[\/vc_column_text][\/vc_column][\/vc_row]<\/p>\n<\/div>","protected":false},"excerpt":{"rendered":"<p>[vc_row][vc_column][vc_column_text] Satzung des Eine-Welt-Vereins &#8222;HARAMBEE&#8220; vom 22.5.2014 1\u00a0 Name Der Verein f\u00fchrt den Namen Eine-Welt-Verein &#8222;HARAMBEE&#8220; G\u00fcntersleben. Er soll in das Vereinsregister eingetragen werden. Nach der Eintragung f\u00fchrt der Verein den Namenszusatz e.V. \u00a7 2\u00a0 Sitz und Gesch\u00e4ftsjahr Der Verein hat seinen Sitz in G\u00fcntersleben. Das Gesch\u00e4ftsjahr ist das Kalenderjahr. \u00a7 3\u00a0 Vereinszweck Zweck des&hellip;<\/p>\n","protected":false},"author":152,"featured_media":0,"parent":0,"menu_order":6,"comment_status":"closed","ping_status":"closed","template":"","meta":{"footnotes":""},"class_list":["post-559","page","type-page","status-publish","hentry","description-off"],"yoast_head":"<!-- This site is optimized with the Yoast SEO plugin v26.8 - https:\/\/yoast.com\/product\/yoast-seo-wordpress\/ -->\n<title>Satzung des Vereins Harambee - Weltladen G\u00fcntersleben<\/title>\n<meta name=\"robots\" content=\"index, follow, max-snippet:-1, max-image-preview:large, max-video-preview:-1\" \/>\n<link rel=\"canonical\" href=\"https:\/\/weltlaeden.de\/guentersleben\/satzung-des-vereins-harambee\/\" \/>\n<meta property=\"og:locale\" content=\"de_DE\" \/>\n<meta property=\"og:type\" content=\"article\" \/>\n<meta property=\"og:title\" content=\"Satzung des Vereins Harambee - Weltladen G\u00fcntersleben\" \/>\n<meta property=\"og:description\" content=\"[vc_row][vc_column][vc_column_text] Satzung des Eine-Welt-Vereins &#8222;HARAMBEE&#8220; vom 22.5.2014 1\u00a0 Name Der Verein f\u00fchrt den Namen Eine-Welt-Verein &#8222;HARAMBEE&#8220; G\u00fcntersleben. Er soll in das Vereinsregister eingetragen werden. Nach der Eintragung f\u00fchrt der Verein den Namenszusatz e.V. \u00a7 2\u00a0 Sitz und Gesch\u00e4ftsjahr Der Verein hat seinen Sitz in G\u00fcntersleben. Das Gesch\u00e4ftsjahr ist das Kalenderjahr. \u00a7 3\u00a0 Vereinszweck Zweck des&hellip;\" \/>\n<meta property=\"og:url\" content=\"https:\/\/weltlaeden.de\/guentersleben\/satzung-des-vereins-harambee\/\" \/>\n<meta property=\"og:site_name\" content=\"Weltladen G\u00fcntersleben\" \/>\n<meta property=\"article:modified_time\" content=\"2019-08-04T21:03:30+00:00\" \/>\n<meta name=\"twitter:card\" content=\"summary_large_image\" \/>\n<meta name=\"twitter:label1\" content=\"Gesch\u00e4tzte Lesezeit\" \/>\n\t<meta name=\"twitter:data1\" content=\"4\u00a0Minuten\" \/>\n<script type=\"application\/ld+json\" class=\"yoast-schema-graph\">{\"@context\":\"https:\/\/schema.org\",\"@graph\":[{\"@type\":\"WebPage\",\"@id\":\"https:\/\/weltlaeden.de\/guentersleben\/satzung-des-vereins-harambee\/\",\"url\":\"https:\/\/weltlaeden.de\/guentersleben\/satzung-des-vereins-harambee\/\",\"name\":\"Satzung des Vereins Harambee - Weltladen G\u00fcntersleben\",\"isPartOf\":{\"@id\":\"https:\/\/weltlaeden.de\/guentersleben\/#website\"},\"datePublished\":\"2019-07-27T20:27:05+00:00\",\"dateModified\":\"2019-08-04T21:03:30+00:00\",\"breadcrumb\":{\"@id\":\"https:\/\/weltlaeden.de\/guentersleben\/satzung-des-vereins-harambee\/#breadcrumb\"},\"inLanguage\":\"de\",\"potentialAction\":[{\"@type\":\"ReadAction\",\"target\":[\"https:\/\/weltlaeden.de\/guentersleben\/satzung-des-vereins-harambee\/\"]}]},{\"@type\":\"BreadcrumbList\",\"@id\":\"https:\/\/weltlaeden.de\/guentersleben\/satzung-des-vereins-harambee\/#breadcrumb\",\"itemListElement\":[{\"@type\":\"ListItem\",\"position\":1,\"name\":\"Startseite\",\"item\":\"https:\/\/weltlaeden.de\/guentersleben\/\"},{\"@type\":\"ListItem\",\"position\":2,\"name\":\"Satzung des Vereins Harambee\"}]},{\"@type\":\"WebSite\",\"@id\":\"https:\/\/weltlaeden.de\/guentersleben\/#website\",\"url\":\"https:\/\/weltlaeden.de\/guentersleben\/\",\"name\":\"Weltladen G\u00fcntersleben\",\"description\":\"Faire Produkte seit 1990\",\"potentialAction\":[{\"@type\":\"SearchAction\",\"target\":{\"@type\":\"EntryPoint\",\"urlTemplate\":\"https:\/\/weltlaeden.de\/guentersleben\/?s={search_term_string}\"},\"query-input\":{\"@type\":\"PropertyValueSpecification\",\"valueRequired\":true,\"valueName\":\"search_term_string\"}}],\"inLanguage\":\"de\"}]}<\/script>\n<!-- \/ Yoast SEO plugin. -->","yoast_head_json":{"title":"Satzung des Vereins Harambee - Weltladen G\u00fcntersleben","robots":{"index":"index","follow":"follow","max-snippet":"max-snippet:-1","max-image-preview":"max-image-preview:large","max-video-preview":"max-video-preview:-1"},"canonical":"https:\/\/weltlaeden.de\/guentersleben\/satzung-des-vereins-harambee\/","og_locale":"de_DE","og_type":"article","og_title":"Satzung des Vereins Harambee - Weltladen G\u00fcntersleben","og_description":"[vc_row][vc_column][vc_column_text] Satzung des Eine-Welt-Vereins &#8222;HARAMBEE&#8220; vom 22.5.2014 1\u00a0 Name Der Verein f\u00fchrt den Namen Eine-Welt-Verein &#8222;HARAMBEE&#8220; G\u00fcntersleben. Er soll in das Vereinsregister eingetragen werden. Nach der Eintragung f\u00fchrt der Verein den Namenszusatz e.V. \u00a7 2\u00a0 Sitz und Gesch\u00e4ftsjahr Der Verein hat seinen Sitz in G\u00fcntersleben. Das Gesch\u00e4ftsjahr ist das Kalenderjahr. \u00a7 3\u00a0 Vereinszweck Zweck des&hellip;","og_url":"https:\/\/weltlaeden.de\/guentersleben\/satzung-des-vereins-harambee\/","og_site_name":"Weltladen G\u00fcntersleben","article_modified_time":"2019-08-04T21:03:30+00:00","twitter_card":"summary_large_image","twitter_misc":{"Gesch\u00e4tzte Lesezeit":"4\u00a0Minuten"},"schema":{"@context":"https:\/\/schema.org","@graph":[{"@type":"WebPage","@id":"https:\/\/weltlaeden.de\/guentersleben\/satzung-des-vereins-harambee\/","url":"https:\/\/weltlaeden.de\/guentersleben\/satzung-des-vereins-harambee\/","name":"Satzung des Vereins Harambee - Weltladen G\u00fcntersleben","isPartOf":{"@id":"https:\/\/weltlaeden.de\/guentersleben\/#website"},"datePublished":"2019-07-27T20:27:05+00:00","dateModified":"2019-08-04T21:03:30+00:00","breadcrumb":{"@id":"https:\/\/weltlaeden.de\/guentersleben\/satzung-des-vereins-harambee\/#breadcrumb"},"inLanguage":"de","potentialAction":[{"@type":"ReadAction","target":["https:\/\/weltlaeden.de\/guentersleben\/satzung-des-vereins-harambee\/"]}]},{"@type":"BreadcrumbList","@id":"https:\/\/weltlaeden.de\/guentersleben\/satzung-des-vereins-harambee\/#breadcrumb","itemListElement":[{"@type":"ListItem","position":1,"name":"Startseite","item":"https:\/\/weltlaeden.de\/guentersleben\/"},{"@type":"ListItem","position":2,"name":"Satzung des Vereins Harambee"}]},{"@type":"WebSite","@id":"https:\/\/weltlaeden.de\/guentersleben\/#website","url":"https:\/\/weltlaeden.de\/guentersleben\/","name":"Weltladen G\u00fcntersleben","description":"Faire Produkte seit 1990","potentialAction":[{"@type":"SearchAction","target":{"@type":"EntryPoint","urlTemplate":"https:\/\/weltlaeden.de\/guentersleben\/?s={search_term_string}"},"query-input":{"@type":"PropertyValueSpecification","valueRequired":true,"valueName":"search_term_string"}}],"inLanguage":"de"}]}},"_links":{"self":[{"href":"https:\/\/weltlaeden.de\/guentersleben\/wp-json\/wp\/v2\/pages\/559","targetHints":{"allow":["GET"]}}],"collection":[{"href":"https:\/\/weltlaeden.de\/guentersleben\/wp-json\/wp\/v2\/pages"}],"about":[{"href":"https:\/\/weltlaeden.de\/guentersleben\/wp-json\/wp\/v2\/types\/page"}],"author":[{"embeddable":true,"href":"https:\/\/weltlaeden.de\/guentersleben\/wp-json\/wp\/v2\/users\/152"}],"replies":[{"embeddable":true,"href":"https:\/\/weltlaeden.de\/guentersleben\/wp-json\/wp\/v2\/comments?post=559"}],"version-history":[{"count":9,"href":"https:\/\/weltlaeden.de\/guentersleben\/wp-json\/wp\/v2\/pages\/559\/revisions"}],"predecessor-version":[{"id":792,"href":"https:\/\/weltlaeden.de\/guentersleben\/wp-json\/wp\/v2\/pages\/559\/revisions\/792"}],"wp:attachment":[{"href":"https:\/\/weltlaeden.de\/guentersleben\/wp-json\/wp\/v2\/media?parent=559"}],"curies":[{"name":"wp","href":"https:\/\/api.w.org\/{rel}","templated":true}]}}