{"id":361,"date":"2018-04-05T09:52:53","date_gmt":"2018-04-05T07:52:53","guid":{"rendered":"https:\/\/weltlaeden.de\/guentersleben\/?page_id=361"},"modified":"2019-08-03T22:26:11","modified_gmt":"2019-08-03T20:26:11","slug":"neuigkeiten","status":"publish","type":"page","link":"https:\/\/weltlaeden.de\/guentersleben\/neuigkeiten\/","title":{"rendered":"Neuigkeiten"},"content":{"rendered":"<div class=\"wpb-content-wrapper\"><p>[vc_row][vc_column]<section class=\"items-grid wf-container\"><div class=\"wf-cell wf-1\"><article class=\"post-format-standard\"><div class=\"mini-post-img\"><a class=\"alignleft post-rollover no-avatar\" href=\"https:\/\/weltlaeden.de\/guentersleben\/was-hinter-den-fruechten-steckt\/\"  style=\"width:60px; height: 60px;\" aria-label=\"Post image\"><\/a><\/div><div class=\"post-content\"><a href=\"https:\/\/weltlaeden.de\/guentersleben\/was-hinter-den-fruechten-steckt\/\">Was hinter den Fr\u00fcchten steckt<\/a><p class=\"text-small\">Bananen, Orangen, Ananas und Mangos geh\u00f6ren weltweit zu den beliebtesten Fr\u00fcchten. Doch ihre Produktion ist oft mit schwierigen Arbeitsbedingungen verbunden. weiterlesen&gt;&gt;&gt;<\/p><time class=\"text-secondary\" datetime=\"2026-04-17T22:51:31+02:00\">17. April 2026<\/time><\/div><\/article><\/div><div class=\"wf-cell wf-1\"><article class=\"post-format-standard\"><div class=\"mini-post-img\"><a class=\"alignleft post-rollover no-avatar\" href=\"https:\/\/weltlaeden.de\/guentersleben\/beeindruckender-besuch-der-sherpaschule\/\"  style=\"width:60px; height: 60px;\" aria-label=\"Post image\"><\/a><\/div><div class=\"post-content\"><a href=\"https:\/\/weltlaeden.de\/guentersleben\/beeindruckender-besuch-der-sherpaschule\/\">Beeindruckender Besuch der Sherpaschule<\/a><p class=\"text-small\">Bei der diesj\u00e4hrigen Mitgliederversammlung des Eine-Welt-Vereins Harambee gab es mehrere H\u00f6hepunkte. Eindrucksvoll berichteten Jutta Schaut und Gaby Dr\u00fcppel \u00fcber ihren Besuch der Sherpaschule in Nepal. weiter &gt;&gt;&gt;<\/p><time class=\"text-secondary\" datetime=\"2026-03-28T20:14:39+01:00\">28. M\u00e4rz 2026<\/time><\/div><\/article><\/div><div class=\"wf-cell wf-1\"><article class=\"post-format-standard\"><div class=\"mini-post-img\"><a class=\"alignleft post-rollover no-avatar\" href=\"https:\/\/weltlaeden.de\/guentersleben\/landwirtschaft-brauch-fairness\/\"  style=\"width:60px; height: 60px;\" aria-label=\"Post image\"><\/a><\/div><div class=\"post-content\"><a href=\"https:\/\/weltlaeden.de\/guentersleben\/landwirtschaft-brauch-fairness\/\">Landwirtschaft brauch Fairness<\/a><p class=\"text-small\">Viele Landwirtinnen und Landwirte k\u00f6nnen von ihrer Arbeit kaum leben \u2013 in Deutschland, Europa und weltweit. Gemeinsam mit zahlreichen Organisationen fordern wir deshalb faire, kostendeckende Preise entlang der Lieferketten. weiter &gt;&gt;&gt;<\/p><time class=\"text-secondary\" datetime=\"2026-03-28T20:07:36+01:00\">28. M\u00e4rz 2026<\/time><\/div><\/article><\/div><div class=\"wf-cell wf-1\"><article class=\"post-format-standard\"><div class=\"mini-post-img\"><a class=\"alignleft post-rollover no-avatar\" href=\"https:\/\/weltlaeden.de\/guentersleben\/weltladen-guentersleben-ausgezeichnet\/\"  style=\"width:60px; height: 60px;\" aria-label=\"Post image\"><\/a><\/div><div class=\"post-content\"><a href=\"https:\/\/weltlaeden.de\/guentersleben\/weltladen-guentersleben-ausgezeichnet\/\">Weltladen G\u00fcntersleben ausgezeichnet<\/a><p class=\"text-small\">Gelungene Kooperation der beteiligten Orte bei besonderen Fr\u00fchst\u00fcck.weiterlesen &gt;&gt;&gt; Ver\u00f6ffentlichung des Weltladendachverbandes. weiterlesen &gt;&gt;&gt;<\/p><time class=\"text-secondary\" datetime=\"2025-12-06T22:30:31+01:00\">6. Dezember 2025<\/time><\/div><\/article><\/div><div class=\"wf-cell wf-1\"><article class=\"post-format-standard\"><div class=\"mini-post-img\"><a class=\"alignleft post-rollover no-avatar\" href=\"https:\/\/weltlaeden.de\/guentersleben\/eine-musikalische-reise-durch-die-kulturen\/\"  style=\"width:60px; height: 60px;\" aria-label=\"Post image\"><\/a><\/div><div class=\"post-content\"><a href=\"https:\/\/weltlaeden.de\/guentersleben\/eine-musikalische-reise-durch-die-kulturen\/\">Eine musikalische Reise durch die Kulturen<\/a><p class=\"text-small\">Der Weltmusikchor W\u00fcrzburg gestaltet ein besonderes Event. weiterlesen &gt;&gt;&gt;<\/p><time class=\"text-secondary\" datetime=\"2025-12-06T22:22:39+01:00\">6. Dezember 2025<\/time><\/div><\/article><\/div><div class=\"wf-cell wf-1\"><article class=\"post-format-standard\"><div class=\"mini-post-img\"><a class=\"alignleft post-rollover no-avatar\" href=\"https:\/\/weltlaeden.de\/guentersleben\/nachrichten-aus-der-sherpaschule-dez-2025\/\"  style=\"width:60px; height: 60px;\" aria-label=\"Post image\"><\/a><\/div><div class=\"post-content\"><a href=\"https:\/\/weltlaeden.de\/guentersleben\/nachrichten-aus-der-sherpaschule-dez-2025\/\">Nachrichten aus der Sherpaschule Dez. 2025<\/a><p class=\"text-small\">[vc_row][vc_column][vc_column_text css=&#8220;&#8220;]Die Entwicklung der Sherpaschule: Seite 1 &gt;&gt;&gt; Seite 2 &gt;&gt;&gt;[\/vc_column_text][\/vc_column][\/vc_row]<\/p><time class=\"text-secondary\" datetime=\"2025-11-29T20:19:11+01:00\">29. November 2025<\/time><\/div><\/article><\/div><\/section>[\/vc_column][\/vc_row]<\/p>\n<\/div>","protected":false},"excerpt":{"rendered":"<p>[vc_row][vc_column][\/vc_column][\/vc_row]<\/p>\n","protected":false},"author":1,"featured_media":0,"parent":0,"menu_order":23,"comment_status":"closed","ping_status":"closed","template":"","meta":{"footnotes":""},"class_list":["post-361","page","type-page","status-publish","hentry","description-off"],"yoast_head":"<!-- This site is optimized with the Yoast SEO plugin v26.8 - https:\/\/yoast.com\/product\/yoast-seo-wordpress\/ -->\n<title>Neuigkeiten - Weltladen G\u00fcntersleben<\/title>\n<meta name=\"robots\" content=\"index, follow, max-snippet:-1, max-image-preview:large, max-video-preview:-1\" \/>\n<link rel=\"canonical\" href=\"https:\/\/weltlaeden.de\/guentersleben\/neuigkeiten\/\" \/>\n<meta property=\"og:locale\" content=\"de_DE\" \/>\n<meta property=\"og:type\" content=\"article\" \/>\n<meta property=\"og:title\" content=\"Neuigkeiten - Weltladen G\u00fcntersleben\" \/>\n<meta property=\"og:description\" content=\"[vc_row][vc_column][\/vc_column][\/vc_row]\" \/>\n<meta property=\"og:url\" content=\"https:\/\/weltlaeden.de\/guentersleben\/neuigkeiten\/\" \/>\n<meta property=\"og:site_name\" content=\"Weltladen G\u00fcntersleben\" \/>\n<meta property=\"article:modified_time\" content=\"2019-08-03T20:26:11+00:00\" \/>\n<meta name=\"twitter:card\" content=\"summary_large_image\" \/>\n<script type=\"application\/ld+json\" class=\"yoast-schema-graph\">{\"@context\":\"https:\/\/schema.org\",\"@graph\":[{\"@type\":\"WebPage\",\"@id\":\"https:\/\/weltlaeden.de\/guentersleben\/neuigkeiten\/\",\"url\":\"https:\/\/weltlaeden.de\/guentersleben\/neuigkeiten\/\",\"name\":\"Neuigkeiten - Weltladen G\u00fcntersleben\",\"isPartOf\":{\"@id\":\"https:\/\/weltlaeden.de\/guentersleben\/#website\"},\"datePublished\":\"2018-04-05T07:52:53+00:00\",\"dateModified\":\"2019-08-03T20:26:11+00:00\",\"breadcrumb\":{\"@id\":\"https:\/\/weltlaeden.de\/guentersleben\/neuigkeiten\/#breadcrumb\"},\"inLanguage\":\"de\",\"potentialAction\":[{\"@type\":\"ReadAction\",\"target\":[\"https:\/\/weltlaeden.de\/guentersleben\/neuigkeiten\/\"]}]},{\"@type\":\"BreadcrumbList\",\"@id\":\"https:\/\/weltlaeden.de\/guentersleben\/neuigkeiten\/#breadcrumb\",\"itemListElement\":[{\"@type\":\"ListItem\",\"position\":1,\"name\":\"Startseite\",\"item\":\"https:\/\/weltlaeden.de\/guentersleben\/\"},{\"@type\":\"ListItem\",\"position\":2,\"name\":\"Neuigkeiten\"}]},{\"@type\":\"WebSite\",\"@id\":\"https:\/\/weltlaeden.de\/guentersleben\/#website\",\"url\":\"https:\/\/weltlaeden.de\/guentersleben\/\",\"name\":\"Weltladen G\u00fcntersleben\",\"description\":\"Faire Produkte seit 1990\",\"potentialAction\":[{\"@type\":\"SearchAction\",\"target\":{\"@type\":\"EntryPoint\",\"urlTemplate\":\"https:\/\/weltlaeden.de\/guentersleben\/?s={search_term_string}\"},\"query-input\":{\"@type\":\"PropertyValueSpecification\",\"valueRequired\":true,\"valueName\":\"search_term_string\"}}],\"inLanguage\":\"de\"}]}<\/script>\n<!-- \/ Yoast SEO plugin. -->","yoast_head_json":{"title":"Neuigkeiten - Weltladen G\u00fcntersleben","robots":{"index":"index","follow":"follow","max-snippet":"max-snippet:-1","max-image-preview":"max-image-preview:large","max-video-preview":"max-video-preview:-1"},"canonical":"https:\/\/weltlaeden.de\/guentersleben\/neuigkeiten\/","og_locale":"de_DE","og_type":"article","og_title":"Neuigkeiten - Weltladen G\u00fcntersleben","og_description":"[vc_row][vc_column][\/vc_column][\/vc_row]","og_url":"https:\/\/weltlaeden.de\/guentersleben\/neuigkeiten\/","og_site_name":"Weltladen G\u00fcntersleben","article_modified_time":"2019-08-03T20:26:11+00:00","twitter_card":"summary_large_image","schema":{"@context":"https:\/\/schema.org","@graph":[{"@type":"WebPage","@id":"https:\/\/weltlaeden.de\/guentersleben\/neuigkeiten\/","url":"https:\/\/weltlaeden.de\/guentersleben\/neuigkeiten\/","name":"Neuigkeiten - Weltladen G\u00fcntersleben","isPartOf":{"@id":"https:\/\/weltlaeden.de\/guentersleben\/#website"},"datePublished":"2018-04-05T07:52:53+00:00","dateModified":"2019-08-03T20:26:11+00:00","breadcrumb":{"@id":"https:\/\/weltlaeden.de\/guentersleben\/neuigkeiten\/#breadcrumb"},"inLanguage":"de","potentialAction":[{"@type":"ReadAction","target":["https:\/\/weltlaeden.de\/guentersleben\/neuigkeiten\/"]}]},{"@type":"BreadcrumbList","@id":"https:\/\/weltlaeden.de\/guentersleben\/neuigkeiten\/#breadcrumb","itemListElement":[{"@type":"ListItem","position":1,"name":"Startseite","item":"https:\/\/weltlaeden.de\/guentersleben\/"},{"@type":"ListItem","position":2,"name":"Neuigkeiten"}]},{"@type":"WebSite","@id":"https:\/\/weltlaeden.de\/guentersleben\/#website","url":"https:\/\/weltlaeden.de\/guentersleben\/","name":"Weltladen G\u00fcntersleben","description":"Faire Produkte seit 1990","potentialAction":[{"@type":"SearchAction","target":{"@type":"EntryPoint","urlTemplate":"https:\/\/weltlaeden.de\/guentersleben\/?s={search_term_string}"},"query-input":{"@type":"PropertyValueSpecification","valueRequired":true,"valueName":"search_term_string"}}],"inLanguage":"de"}]}},"_links":{"self":[{"href":"https:\/\/weltlaeden.de\/guentersleben\/wp-json\/wp\/v2\/pages\/361","targetHints":{"allow":["GET"]}}],"collection":[{"href":"https:\/\/weltlaeden.de\/guentersleben\/wp-json\/wp\/v2\/pages"}],"about":[{"href":"https:\/\/weltlaeden.de\/guentersleben\/wp-json\/wp\/v2\/types\/page"}],"author":[{"embeddable":true,"href":"https:\/\/weltlaeden.de\/guentersleben\/wp-json\/wp\/v2\/users\/1"}],"replies":[{"embeddable":true,"href":"https:\/\/weltlaeden.de\/guentersleben\/wp-json\/wp\/v2\/comments?post=361"}],"version-history":[{"count":16,"href":"https:\/\/weltlaeden.de\/guentersleben\/wp-json\/wp\/v2\/pages\/361\/revisions"}],"predecessor-version":[{"id":771,"href":"https:\/\/weltlaeden.de\/guentersleben\/wp-json\/wp\/v2\/pages\/361\/revisions\/771"}],"wp:attachment":[{"href":"https:\/\/weltlaeden.de\/guentersleben\/wp-json\/wp\/v2\/media?parent=361"}],"curies":[{"name":"wp","href":"https:\/\/api.w.org\/{rel}","templated":true}]}}

<div class="wpb-content-wrapper"><p>[vc_row][vc_column]<section class="items-grid wf-container"><div class="wf-cell wf-1"><article class="post-format-standard"><div class="mini-post-img"><a class="alignleft post-rollover no-avatar" href="https://weltlaeden.de/guentersleben/was-hinter-den-fruechten-steckt/"  style="width:60px; height: 60px;" aria-label="Post image"></a></div><div class="post-content"><a href="https://weltlaeden.de/guentersleben/was-hinter-den-fruechten-steckt/">Was hinter den Früchten steckt</a><p class="text-small">Bananen, Orangen, Ananas und Mangos gehören weltweit zu den beliebtesten Früchten. Doch ihre Produktion ist oft mit schwierigen Arbeitsbedingungen verbunden. weiterlesen&gt;&gt;&gt;</p><time class="text-secondary" datetime="2026-04-17T22:51:31+02:00">17. April 2026</time></div></article></div><div class="wf-cell wf-1"><article class="post-format-standard"><div class="mini-post-img"><a class="alignleft post-rollover no-avatar" href="https://weltlaeden.de/guentersleben/beeindruckender-besuch-der-sherpaschule/"  style="width:60px; height: 60px;" aria-label="Post image"></a></div><div class="post-content"><a href="https://weltlaeden.de/guentersleben/beeindruckender-besuch-der-sherpaschule/">Beeindruckender Besuch der Sherpaschule</a><p class="text-small">Bei der diesjährigen Mitgliederversammlung des Eine-Welt-Vereins Harambee gab es mehrere Höhepunkte. Eindrucksvoll berichteten Jutta Schaut und Gaby Drüppel über ihren Besuch der Sherpaschule in Nepal. weiter &gt;&gt;&gt;</p><time class="text-secondary" datetime="2026-03-28T20:14:39+01:00">28. März 2026</time></div></article></div><div class="wf-cell wf-1"><article class="post-format-standard"><div class="mini-post-img"><a class="alignleft post-rollover no-avatar" href="https://weltlaeden.de/guentersleben/landwirtschaft-brauch-fairness/"  style="width:60px; height: 60px;" aria-label="Post image"></a></div><div class="post-content"><a href="https://weltlaeden.de/guentersleben/landwirtschaft-brauch-fairness/">Landwirtschaft brauch Fairness</a><p class="text-small">Viele Landwirtinnen und Landwirte können von ihrer Arbeit kaum leben – in Deutschland, Europa und weltweit. Gemeinsam mit zahlreichen Organisationen fordern wir deshalb faire, kostendeckende Preise entlang der Lieferketten. weiter &gt;&gt;&gt;</p><time class="text-secondary" datetime="2026-03-28T20:07:36+01:00">28. März 2026</time></div></article></div><div class="wf-cell wf-1"><article class="post-format-standard"><div class="mini-post-img"><a class="alignleft post-rollover no-avatar" href="https://weltlaeden.de/guentersleben/weltladen-guentersleben-ausgezeichnet/"  style="width:60px; height: 60px;" aria-label="Post image"></a></div><div class="post-content"><a href="https://weltlaeden.de/guentersleben/weltladen-guentersleben-ausgezeichnet/">Weltladen Güntersleben ausgezeichnet</a><p class="text-small">Gelungene Kooperation der beteiligten Orte bei besonderen Frühstück.weiterlesen &gt;&gt;&gt; Veröffentlichung des Weltladendachverbandes. weiterlesen &gt;&gt;&gt;</p><time class="text-secondary" datetime="2025-12-06T22:30:31+01:00">6. Dezember 2025</time></div></article></div><div class="wf-cell wf-1"><article class="post-format-standard"><div class="mini-post-img"><a class="alignleft post-rollover no-avatar" href="https://weltlaeden.de/guentersleben/eine-musikalische-reise-durch-die-kulturen/"  style="width:60px; height: 60px;" aria-label="Post image"></a></div><div class="post-content"><a href="https://weltlaeden.de/guentersleben/eine-musikalische-reise-durch-die-kulturen/">Eine musikalische Reise durch die Kulturen</a><p class="text-small">Der Weltmusikchor Würzburg gestaltet ein besonderes Event. weiterlesen &gt;&gt;&gt;</p><time class="text-secondary" datetime="2025-12-06T22:22:39+01:00">6. Dezember 2025</time></div></article></div><div class="wf-cell wf-1"><article class="post-format-standard"><div class="mini-post-img"><a class="alignleft post-rollover no-avatar" href="https://weltlaeden.de/guentersleben/nachrichten-aus-der-sherpaschule-dez-2025/"  style="width:60px; height: 60px;" aria-label="Post image"></a></div><div class="post-content"><a href="https://weltlaeden.de/guentersleben/nachrichten-aus-der-sherpaschule-dez-2025/">Nachrichten aus der Sherpaschule Dez. 2025</a><p class="text-small">[vc_row][vc_column][vc_column_text css=&#8220;&#8220;]Die Entwicklung der Sherpaschule: Seite 1 &gt;&gt;&gt; Seite 2 &gt;&gt;&gt;[/vc_column_text][/vc_column][/vc_row]</p><time class="text-secondary" datetime="2025-11-29T20:19:11+01:00">29. November 2025</time></div></article></div></section>[/vc_column][/vc_row]</p>
</div>

<!-- This site is optimized with the Yoast SEO plugin v26.8 - https://yoast.com/product/yoast-seo-wordpress/ -->
<title>Neuigkeiten - Weltladen Güntersleben</title>
<meta name="robots" content="index, follow, max-snippet:-1, max-image-preview:large, max-video-preview:-1" />
<link rel="canonical" href="https://weltlaeden.de/guentersleben/neuigkeiten/" />
<meta property="og:locale" content="de_DE" />
<meta property="og:type" content="article" />
<meta property="og:title" content="Neuigkeiten - Weltladen Güntersleben" />
<meta property="og:description" content="[vc_row][vc_column][/vc_column][/vc_row]" />
<meta property="og:url" content="https://weltlaeden.de/guentersleben/neuigkeiten/" />
<meta property="og:site_name" content="Weltladen Güntersleben" />
<meta property="article:modified_time" content="2019-08-03T20:26:11+00:00" />
<meta name="twitter:card" content="summary_large_image" />
<script type="application/ld+json" class="yoast-schema-graph">{"@context":"https://schema.org","@graph":[{"@type":"WebPage","@id":"https://weltlaeden.de/guentersleben/neuigkeiten/","url":"https://weltlaeden.de/guentersleben/neuigkeiten/","name":"Neuigkeiten - Weltladen Güntersleben","isPartOf":{"@id":"https://weltlaeden.de/guentersleben/#website"},"datePublished":"2018-04-05T07:52:53+00:00","dateModified":"2019-08-03T20:26:11+00:00","breadcrumb":{"@id":"https://weltlaeden.de/guentersleben/neuigkeiten/#breadcrumb"},"inLanguage":"de","potentialAction":[{"@type":"ReadAction","target":["https://weltlaeden.de/guentersleben/neuigkeiten/"]}]},{"@type":"BreadcrumbList","@id":"https://weltlaeden.de/guentersleben/neuigkeiten/#breadcrumb","itemListElement":[{"@type":"ListItem","position":1,"name":"Startseite","item":"https://weltlaeden.de/guentersleben/"},{"@type":"ListItem","position":2,"name":"Neuigkeiten"}]},{"@type":"WebSite","@id":"https://weltlaeden.de/guentersleben/#website","url":"https://weltlaeden.de/guentersleben/","name":"Weltladen Güntersleben","description":"Faire Produkte seit 1990","potentialAction":[{"@type":"SearchAction","target":{"@type":"EntryPoint","urlTemplate":"https://weltlaeden.de/guentersleben/?s={search_term_string}"},"query-input":{"@type":"PropertyValueSpecification","valueRequired":true,"valueName":"search_term_string"}}],"inLanguage":"de"}]}</script>
<!-- / Yoast SEO plugin. -->

Neuigkeiten - Weltladen Güntersleben

Weltladen Güntersleben
