{"id":654,"date":"2025-01-12T15:59:39","date_gmt":"2025-01-12T14:59:39","guid":{"rendered":"https:\/\/weltlaeden.de\/grosskrotzenburg\/?page_id=654"},"modified":"2025-05-05T14:09:52","modified_gmt":"2025-05-05T12:09:52","slug":"projekte","status":"publish","type":"page","link":"https:\/\/weltlaeden.de\/grosskrotzenburg\/projekte\/","title":{"rendered":"Projekte"},"content":{"rendered":"<p>Wir unterst\u00fctzen verschiedene Projekte, hier einige Beispiele:<\/p>\n<h2 class=\"western\"><span style=\"font-family: Arial, sans-serif\"><span style=\"font-size: large\">ACESA-Gruppe des Franziskanergymnasiums Kreuzburg<\/span><\/span><\/h2>\n<p><span style=\"font-family: Arial, sans-serif\">\u00dcber die ACESA-Gruppe des Franziskanergymnasiums Kreuzburg unterst\u00fctzen wir Projekte im Nordosten Brasiliens.<\/span><\/p>\n<p><span style=\"font-family: Arial, sans-serif\">Eines dieser Projekte ist die Manoel-Monteiro-Schule im Bundesstaat Maranhao, die j\u00e4hrlich ca. 80 Jungen und M\u00e4dchen, die bereits eine elementare und eine erste weiterf\u00fchrende Schule absolviert haben, unterrichtet. Die Manoel-Monteiro-Schule erm\u00f6glicht eine dreij\u00e4hrige Ausbildung in klassischen Schulf\u00e4chern neben einer praktischen Ausbildung im Bereich der Agrarwirtschaft.<\/span><\/p>\n<p><span style=\"font-family: Arial, sans-serif\">Von den Spendengeldern werden Investitionen, wie zum Beispiel der aktuelle Neubau von Unterk\u00fcnften f\u00fcr die Sch\u00fclerinnen und Sch\u00fcler, die Anschaffung von Schulmaterialien, aber auch laufende Unterhaltskosten der Schule, Geh\u00e4lter der Lehrenden und schlie\u00dflich auch der Ankauf von Tieren f\u00fcr die Landwirtschaft bestritten.<\/span><\/p>\n<h2 class=\"western\"><span style=\"font-family: Arial, sans-serif\"><span style=\"font-size: large\">Ayudame Hilfe fuer Peru<\/span><\/span><\/h2>\n<p><span style=\"font-family: Arial, sans-serif\">Mit einer Spende in Hoehe von 500,00 Euro unterst\u00fctzten wir den Verein 2011. Genauere Informationen finden Sie \u00fcnter der Homepage von <a href=\"https:\/\/www.ayudame.de\/\">Ayudame<\/a>.<\/span><\/p>\n<h2 class=\"western\"><span style=\"font-family: Arial, sans-serif\">\u00c4thiopisches Hilfsprojekt<\/span><\/h2>\n<p><span style=\"font-family: Arial, sans-serif\">Mit Spenden unterst\u00fctzen wir ein \u00e4thiopisches Hilfsprojekt des Franziskanergymnasiums Kreuzburg, das bed\u00fcrftige Sch\u00fcler und Sch\u00fclerinnen u.a. durch die \u00dcbernahme des Schulgeldes f\u00f6rdert.<\/span><\/p>\n<h2 class=\"western\"><span style=\"font-family: Arial, sans-serif\"><span style=\"font-size: large\">PREDA ein St\u00fcck Philippinen in Deutschland<\/span><\/span><\/h2>\n<p><span style=\"font-family: Arial, sans-serif\">Seit 2014 ist die Theatertournee ein zentrales Element der Projektarbeit des PREDA Freundeskreis e.V. Die philippinischen Jugendlichen sind dabei die Hauptdarsteller*innen und geben mit ihrer mutigen, engagierten und authentischen schauspielerischen Leistung ihre eigenen Lebensgeschichten wieder. Die Schauspieler*innen sind gew\u00f6hnlich zwischen 15 und 25 Jahre alt und engagieren sich in der Jugendorganisation PREDAs. Hier nehmen sie unter anderem an Theatertrainings teil, mit dem Ziel, dass ihre Stimmen auf den B\u00fchnen dieser Welt geh\u00f6rt werden. <a href=\"https:\/\/preda.org\/\">Preda<\/a><\/span><\/p>\n<h2 class=\"western\"><span style=\"font-family: Arial, sans-serif\"><span style=\"font-size: large\">Hospital Guarayos<\/span><\/span><\/h2>\n<p><span style=\"font-family: Arial, sans-serif\">Die Provinz Guarayos ist eine Indio-Region im tropischen Tiefland Boliviens, weit ab von der Zivilisation. Die n\u00e4chstgelegene Gro\u00dfstadt Santa Cruz ist ca. 320 Kilometer entfernt und nur \u00fcber eine einzige Stra\u00dfe, die \u00fcber den Rio Grande f\u00fchrt, zu erreichen.Hier begann die Franziskanerin Schwester Letitia Pallhuber im Rahmen eines Missionsauftrages im Jahr 1957 mit der Gr\u00fcndung ihres \u201eHospital Guarayos\u201c, das ausschlie\u00dflich mit privaten Spenden finanziert wurde. Es versorgt heute ein Einzugsgebiet mit mehr als 40.000 Menschen. Das Krankenhaus ist vom Staat zwar offiziell anerkannt, allerdings flie\u00dfen die Gelder nur sp\u00e4rlich und unregelm\u00e4\u00dfig.<br \/>\nDeshalb ist das \u201eHospital Guarayos\u201c nach wie vor auf Spenden aus Europa angewiesen, da es sich nicht selbst finanzieren kann. <a href=\"https:\/\/www.projekt-guarayos.org\/\">Guarayos<\/a><\/span><\/p>\n<h2 class=\"western\"><span style=\"font-family: Arial, sans-serif\"><span style=\"font-size: large\">Der Taifun Hayan und das Zuckerprojekt<\/span><\/span><\/h2>\n<p><span style=\"font-family: Arial, sans-serif\">Im November 2013 verw\u00fcstete der Taifun Haiyan gro\u00dfe Teile der Region Capiz, im Norden der philippinischen Insel Panay. Die Geschichte des PFTC (Panay Fair Trade Center) auf der Insel Panay ist bis heute sehr stark mit der philippinischen Frauenbewegung verkn\u00fcpft. PFTC verbindet dabei geschickt die Interessen von l\u00e4ndlichen Kleinbauern und st\u00e4dtischen Frauen der Armenviertel. So liefern beispielsweise Kleinbauernkooperativen die Frischbananen, die in der eigenen Verarbeitungsanlage in der Insel-Hauptstadt Ilo Ilo vor allem von Frauen aus den angrenzenden Slums zu Bananenchips weiterverarbeitet werden. Das bedeutet f\u00fcr etwa 50 Frauen und einige M\u00e4nner Arbeit &#8211; unter menschenw\u00fcrdigen Bedingungen.<br \/>\nNeben dem Aufbau genossenschaftlicher Strukturen zur Einkommensverbesserung ist PFTC politisch sehr aktiv, um die verarmte Bev\u00f6lkerung zu st\u00e4rken &#8211; dazu geh\u00f6ren allein erziehende M\u00fctter, Slumbewohner und Kleinbauern. <\/span><\/p>\n<h2 class=\"western\"><span style=\"font-family: Arial, sans-serif\"><span style=\"font-size: large\">Kamerunprojekt<\/span><\/span><\/h2>\n<p><span style=\"font-family: Arial, sans-serif\"><span style=\"font-size: medium\">Die Stadt Banyo liegt im Hochland von Adamaua, einem \u00fcberwiegend muslimischen Landesteil im Norden, an der Grenze zu Nigeria. Trotz der Schulpflicht betr\u00e4gt der Anteil der Analphabeten in Kamerun noch \u00fcber 25 Prozent. Die Einschulungsquote betr\u00e4gt 79 % und ist f\u00fcr afrikanische Verh\u00e4ltnisse hoch, jedoch besteht ein starkes S\u00fcd-Nord-Gef\u00e4lle. Die Franziskaner &#8211; Schwestern betreiben in Banyo eine Grundschule und einen Kindergarten. Beide Einrichtungen werden von Christen und Nichtchristen besucht.F\u00fcr rund 26 \u20ac kann ein Kind in Banyo ein Jahr lang die Schule besuchen.<\/span><\/span><\/p>\n<h2 class=\"western\"><span style=\"font-family: Arial, sans-serif\"><span style=\"font-size: large\">Ghana Projekt Trinkwasser und Kochstellen<\/span><\/span><\/h2>\n<p><span style=\"font-family: Arial, sans-serif\">Seit rund drei\u00dfig Jahren bezieht GLOBO Fair <\/span><span style=\"font-family: Arial, sans-serif\"><span lang=\"en-US\">Trade<\/span><\/span><span style=\"font-family: Arial, sans-serif\"> Bolga-K\u00f6rbe von Flechterinnen aus dem Norden Ghanas. \u00dcber die Jahre hat sich eine vertrauensvolle Partnerschaft entwickelt, aus der immer wieder neue Projekte entstehen, wie j\u00fcngst der Bau von holzsparenden Kochstellen aus Lehm oder die Bohrung eines zentralen neuen Brunnens, der den Frauen lange und beschwerliche Wege spart. Die Auswahl der Werkst\u00e4tten orientiert sich immer an der Situation im jeweiligen Land, insbesondere am Wohl der arbeitenden Menschen und des einzelnen Handwerkbetriebes. Grundlage zur Beurteilung sind die Kriterien der World Fair <\/span><span style=\"font-family: Arial, sans-serif\"><span lang=\"en-US\">Trade<\/span><\/span> <span style=\"font-family: Arial, sans-serif\"><span lang=\"en-US\">Organization<\/span><\/span><span style=\"font-family: Arial, sans-serif\"> (WFTO) und die Konvention des Weltladen-Dachverbandes.<\/span><a href=\"https:\/\/www.globo-fairtrade.com\/blog\/wie-ein-ghana-korb-entsteht\"> GLOBO Wie ein FlechtKorb entsteht<\/a><\/p>\n","protected":false},"excerpt":{"rendered":"<p>Wir unterst\u00fctzen verschiedene Projekte, hier einige Beispiele: ACESA-Gruppe des Franziskanergymnasiums Kreuzburg \u00dcber die ACESA-Gruppe des Franziskanergymnasiums Kreuzburg unterst\u00fctzen wir Projekte im Nordosten Brasiliens. Eines dieser Projekte ist die Manoel-Monteiro-Schule im Bundesstaat Maranhao, die j\u00e4hrlich ca. 80 Jungen und M\u00e4dchen, die bereits eine elementare und eine erste weiterf\u00fchrende Schule absolviert haben, unterrichtet. Die Manoel-Monteiro-Schule erm\u00f6glicht eine&hellip;<\/p>\n","protected":false},"author":330,"featured_media":0,"parent":0,"menu_order":1,"comment_status":"closed","ping_status":"closed","template":"","meta":{"footnotes":""},"class_list":["post-654","page","type-page","status-publish","hentry","description-off"],"yoast_head":"<!-- This site is optimized with the Yoast SEO plugin v26.8 - https:\/\/yoast.com\/product\/yoast-seo-wordpress\/ -->\n<title>Projekte - Weltladen Gro\u00dfkrotzenburg<\/title>\n<meta name=\"robots\" content=\"index, follow, max-snippet:-1, max-image-preview:large, max-video-preview:-1\" \/>\n<link rel=\"canonical\" href=\"https:\/\/weltlaeden.de\/grosskrotzenburg\/projekte\/\" \/>\n<meta property=\"og:locale\" content=\"de_DE\" \/>\n<meta property=\"og:type\" content=\"article\" \/>\n<meta property=\"og:title\" content=\"Projekte - Weltladen Gro\u00dfkrotzenburg\" \/>\n<meta property=\"og:description\" content=\"Wir unterst\u00fctzen verschiedene Projekte, hier einige Beispiele: ACESA-Gruppe des Franziskanergymnasiums Kreuzburg \u00dcber die ACESA-Gruppe des Franziskanergymnasiums Kreuzburg unterst\u00fctzen wir Projekte im Nordosten Brasiliens. Eines dieser Projekte ist die Manoel-Monteiro-Schule im Bundesstaat Maranhao, die j\u00e4hrlich ca. 80 Jungen und M\u00e4dchen, die bereits eine elementare und eine erste weiterf\u00fchrende Schule absolviert haben, unterrichtet. Die Manoel-Monteiro-Schule erm\u00f6glicht eine&hellip;\" \/>\n<meta property=\"og:url\" content=\"https:\/\/weltlaeden.de\/grosskrotzenburg\/projekte\/\" \/>\n<meta property=\"og:site_name\" content=\"Weltladen Gro\u00dfkrotzenburg\" \/>\n<meta property=\"article:modified_time\" content=\"2025-05-05T12:09:52+00:00\" \/>\n<meta name=\"twitter:card\" content=\"summary_large_image\" \/>\n<meta name=\"twitter:label1\" content=\"Gesch\u00e4tzte Lesezeit\" \/>\n\t<meta name=\"twitter:data1\" content=\"4\u00a0Minuten\" \/>\n<script type=\"application\/ld+json\" class=\"yoast-schema-graph\">{\"@context\":\"https:\/\/schema.org\",\"@graph\":[{\"@type\":\"WebPage\",\"@id\":\"https:\/\/weltlaeden.de\/grosskrotzenburg\/projekte\/\",\"url\":\"https:\/\/weltlaeden.de\/grosskrotzenburg\/projekte\/\",\"name\":\"Projekte - Weltladen Gro\u00dfkrotzenburg\",\"isPartOf\":{\"@id\":\"https:\/\/weltlaeden.de\/grosskrotzenburg\/#website\"},\"datePublished\":\"2025-01-12T14:59:39+00:00\",\"dateModified\":\"2025-05-05T12:09:52+00:00\",\"breadcrumb\":{\"@id\":\"https:\/\/weltlaeden.de\/grosskrotzenburg\/projekte\/#breadcrumb\"},\"inLanguage\":\"de\",\"potentialAction\":[{\"@type\":\"ReadAction\",\"target\":[\"https:\/\/weltlaeden.de\/grosskrotzenburg\/projekte\/\"]}]},{\"@type\":\"BreadcrumbList\",\"@id\":\"https:\/\/weltlaeden.de\/grosskrotzenburg\/projekte\/#breadcrumb\",\"itemListElement\":[{\"@type\":\"ListItem\",\"position\":1,\"name\":\"Startseite\",\"item\":\"https:\/\/weltlaeden.de\/grosskrotzenburg\/\"},{\"@type\":\"ListItem\",\"position\":2,\"name\":\"Projekte\"}]},{\"@type\":\"WebSite\",\"@id\":\"https:\/\/weltlaeden.de\/grosskrotzenburg\/#website\",\"url\":\"https:\/\/weltlaeden.de\/grosskrotzenburg\/\",\"name\":\"Weltladen Gro\u00dfkrotzenburg\",\"description\":\"Faire Produkte seit mehr als 30 Jahre\",\"potentialAction\":[{\"@type\":\"SearchAction\",\"target\":{\"@type\":\"EntryPoint\",\"urlTemplate\":\"https:\/\/weltlaeden.de\/grosskrotzenburg\/?s={search_term_string}\"},\"query-input\":{\"@type\":\"PropertyValueSpecification\",\"valueRequired\":true,\"valueName\":\"search_term_string\"}}],\"inLanguage\":\"de\"}]}<\/script>\n<!-- \/ Yoast SEO plugin. -->","yoast_head_json":{"title":"Projekte - Weltladen Gro\u00dfkrotzenburg","robots":{"index":"index","follow":"follow","max-snippet":"max-snippet:-1","max-image-preview":"max-image-preview:large","max-video-preview":"max-video-preview:-1"},"canonical":"https:\/\/weltlaeden.de\/grosskrotzenburg\/projekte\/","og_locale":"de_DE","og_type":"article","og_title":"Projekte - Weltladen Gro\u00dfkrotzenburg","og_description":"Wir unterst\u00fctzen verschiedene Projekte, hier einige Beispiele: ACESA-Gruppe des Franziskanergymnasiums Kreuzburg \u00dcber die ACESA-Gruppe des Franziskanergymnasiums Kreuzburg unterst\u00fctzen wir Projekte im Nordosten Brasiliens. Eines dieser Projekte ist die Manoel-Monteiro-Schule im Bundesstaat Maranhao, die j\u00e4hrlich ca. 80 Jungen und M\u00e4dchen, die bereits eine elementare und eine erste weiterf\u00fchrende Schule absolviert haben, unterrichtet. Die Manoel-Monteiro-Schule erm\u00f6glicht eine&hellip;","og_url":"https:\/\/weltlaeden.de\/grosskrotzenburg\/projekte\/","og_site_name":"Weltladen Gro\u00dfkrotzenburg","article_modified_time":"2025-05-05T12:09:52+00:00","twitter_card":"summary_large_image","twitter_misc":{"Gesch\u00e4tzte Lesezeit":"4\u00a0Minuten"},"schema":{"@context":"https:\/\/schema.org","@graph":[{"@type":"WebPage","@id":"https:\/\/weltlaeden.de\/grosskrotzenburg\/projekte\/","url":"https:\/\/weltlaeden.de\/grosskrotzenburg\/projekte\/","name":"Projekte - Weltladen Gro\u00dfkrotzenburg","isPartOf":{"@id":"https:\/\/weltlaeden.de\/grosskrotzenburg\/#website"},"datePublished":"2025-01-12T14:59:39+00:00","dateModified":"2025-05-05T12:09:52+00:00","breadcrumb":{"@id":"https:\/\/weltlaeden.de\/grosskrotzenburg\/projekte\/#breadcrumb"},"inLanguage":"de","potentialAction":[{"@type":"ReadAction","target":["https:\/\/weltlaeden.de\/grosskrotzenburg\/projekte\/"]}]},{"@type":"BreadcrumbList","@id":"https:\/\/weltlaeden.de\/grosskrotzenburg\/projekte\/#breadcrumb","itemListElement":[{"@type":"ListItem","position":1,"name":"Startseite","item":"https:\/\/weltlaeden.de\/grosskrotzenburg\/"},{"@type":"ListItem","position":2,"name":"Projekte"}]},{"@type":"WebSite","@id":"https:\/\/weltlaeden.de\/grosskrotzenburg\/#website","url":"https:\/\/weltlaeden.de\/grosskrotzenburg\/","name":"Weltladen Gro\u00dfkrotzenburg","description":"Faire Produkte seit mehr als 30 Jahre","potentialAction":[{"@type":"SearchAction","target":{"@type":"EntryPoint","urlTemplate":"https:\/\/weltlaeden.de\/grosskrotzenburg\/?s={search_term_string}"},"query-input":{"@type":"PropertyValueSpecification","valueRequired":true,"valueName":"search_term_string"}}],"inLanguage":"de"}]}},"_links":{"self":[{"href":"https:\/\/weltlaeden.de\/grosskrotzenburg\/wp-json\/wp\/v2\/pages\/654","targetHints":{"allow":["GET"]}}],"collection":[{"href":"https:\/\/weltlaeden.de\/grosskrotzenburg\/wp-json\/wp\/v2\/pages"}],"about":[{"href":"https:\/\/weltlaeden.de\/grosskrotzenburg\/wp-json\/wp\/v2\/types\/page"}],"author":[{"embeddable":true,"href":"https:\/\/weltlaeden.de\/grosskrotzenburg\/wp-json\/wp\/v2\/users\/330"}],"replies":[{"embeddable":true,"href":"https:\/\/weltlaeden.de\/grosskrotzenburg\/wp-json\/wp\/v2\/comments?post=654"}],"version-history":[{"count":8,"href":"https:\/\/weltlaeden.de\/grosskrotzenburg\/wp-json\/wp\/v2\/pages\/654\/revisions"}],"predecessor-version":[{"id":858,"href":"https:\/\/weltlaeden.de\/grosskrotzenburg\/wp-json\/wp\/v2\/pages\/654\/revisions\/858"}],"wp:attachment":[{"href":"https:\/\/weltlaeden.de\/grosskrotzenburg\/wp-json\/wp\/v2\/media?parent=654"}],"curies":[{"name":"wp","href":"https:\/\/api.w.org\/{rel}","templated":true}]}}