{"id":548,"date":"2021-12-16T11:57:27","date_gmt":"2021-12-16T10:57:27","guid":{"rendered":"https:\/\/weltlaeden.de\/grosskrotzenburg\/?page_id=548"},"modified":"2025-03-07T14:39:12","modified_gmt":"2025-03-07T13:39:12","slug":"fairtont-der-weltladen-podcast","status":"publish","type":"page","link":"https:\/\/weltlaeden.de\/grosskrotzenburg\/fairer-handel\/fairtont-der-weltladen-podcast\/","title":{"rendered":"Podcast fairtont."},"content":{"rendered":"<div class=\"wpb-content-wrapper\"><p>[vc_row][vc_column]<div class=\"wl_einzelbild\"><p><img loading=\"lazy\" decoding=\"async\" class=\"alignnone size-full wp-image-776\" src=\"https:\/\/weltlaeden.de\/grosskrotzenburg\/wp-content\/uploads\/sites\/222\/2025\/03\/fairtont__headerbild_website_3000x2000.1200x675.jpg\" alt=\"\" width=\"1013\" height=\"675\" srcset=\"https:\/\/weltlaeden.de\/grosskrotzenburg\/wp-content\/uploads\/sites\/222\/2025\/03\/fairtont__headerbild_website_3000x2000.1200x675.jpg 1013w, https:\/\/weltlaeden.de\/grosskrotzenburg\/wp-content\/uploads\/sites\/222\/2025\/03\/fairtont__headerbild_website_3000x2000.1200x675-300x200.jpg 300w, https:\/\/weltlaeden.de\/grosskrotzenburg\/wp-content\/uploads\/sites\/222\/2025\/03\/fairtont__headerbild_website_3000x2000.1200x675-768x512.jpg 768w\" sizes=\"auto, (max-width: 1013px) 100vw, 1013px\" \/><\/p><\/div>[\/vc_column][\/vc_row][vc_row][vc_column][vc_empty_space][\/vc_column][\/vc_row][vc_row][vc_column][vc_column_text css=&#8220;&#8220;]<\/p>\n<h1>fairtont. Der Weltladen-Podcast<\/h1>\n<p>Fair was?! \u2013 fairtont. Also Fairer Handel f\u00fcr die Ohren. Weltl\u00e4den sind Fachgesch\u00e4fte f\u00fcr Fairen Handel und haben viel zu bieten.<\/p>\n<p>Den Liebhaber*innen und interessierte Menschen erwarten spannende Themen aus der Weltladen-Welt und das seit 2021.<\/p>\n<p>Die Aktuellen und bisherigen Folgen findet ihr auf <strong><a href=\"https:\/\/www.weltladen.de\/ueber-weltlaeden\/fairtont\" target=\"_blank\" rel=\"noopener\">www.weltladen.de\/fairtont<\/a> <\/strong>und auch auf allen \u00fcblichen Podcast-Apps: <a href=\"https:\/\/open.spotify.com\/show\/56fjwxwxkRtWm0bdHDL2n8\" target=\"_blank\" rel=\"noopener\">Spotify<\/a>, <a href=\"https:\/\/podcasts.apple.com\/de\/podcast\/fairtont-der-weltladen-podcast\/id1544866448\" target=\"_blank\" rel=\"noopener\">Apple Podcast<\/a>, <a href=\"https:\/\/castbox.fm\/channel\/5079054?country=de\">castbox<\/a> \u2026[\/vc_column_text][\/vc_column][\/vc_row][vc_row][vc_column][vc_empty_space height=&#8220;12px&#8220;][\/vc_column][\/vc_row]<\/p>\n<\/div>","protected":false},"excerpt":{"rendered":"<p>[vc_row][vc_column][\/vc_column][\/vc_row][vc_row][vc_column][vc_empty_space][\/vc_column][\/vc_row][vc_row][vc_column][vc_column_text css=&#8220;&#8220;] fairtont. Der Weltladen-Podcast Fair was?! \u2013 fairtont. Also Fairer Handel f\u00fcr die Ohren. Weltl\u00e4den sind Fachgesch\u00e4fte f\u00fcr Fairen Handel und haben viel zu bieten. Den Liebhaber*innen und interessierte Menschen erwarten spannende Themen aus der Weltladen-Welt und das seit 2021. Die Aktuellen und bisherigen Folgen findet ihr auf www.weltladen.de\/fairtont und auch auf allen \u00fcblichen&hellip;<\/p>\n","protected":false},"author":14,"featured_media":0,"parent":218,"menu_order":1,"comment_status":"closed","ping_status":"closed","template":"","meta":{"footnotes":""},"class_list":["post-548","page","type-page","status-publish","hentry","description-off"],"yoast_head":"<!-- This site is optimized with the Yoast SEO plugin v26.8 - https:\/\/yoast.com\/product\/yoast-seo-wordpress\/ -->\n<title>Podcast fairtont. - Weltladen Gro\u00dfkrotzenburg<\/title>\n<meta name=\"robots\" content=\"index, follow, max-snippet:-1, max-image-preview:large, max-video-preview:-1\" \/>\n<link rel=\"canonical\" href=\"https:\/\/weltlaeden.de\/grosskrotzenburg\/fairer-handel\/fairtont-der-weltladen-podcast\/\" \/>\n<meta property=\"og:locale\" content=\"de_DE\" \/>\n<meta property=\"og:type\" content=\"article\" \/>\n<meta property=\"og:title\" content=\"Podcast fairtont. - Weltladen Gro\u00dfkrotzenburg\" \/>\n<meta property=\"og:description\" content=\"[vc_row][vc_column][\/vc_column][\/vc_row][vc_row][vc_column][vc_empty_space][\/vc_column][\/vc_row][vc_row][vc_column][vc_column_text css=&#8220;&#8220;] fairtont. Der Weltladen-Podcast Fair was?! \u2013 fairtont. Also Fairer Handel f\u00fcr die Ohren. Weltl\u00e4den sind Fachgesch\u00e4fte f\u00fcr Fairen Handel und haben viel zu bieten. Den Liebhaber*innen und interessierte Menschen erwarten spannende Themen aus der Weltladen-Welt und das seit 2021. Die Aktuellen und bisherigen Folgen findet ihr auf www.weltladen.de\/fairtont und auch auf allen \u00fcblichen&hellip;\" \/>\n<meta property=\"og:url\" content=\"https:\/\/weltlaeden.de\/grosskrotzenburg\/fairer-handel\/fairtont-der-weltladen-podcast\/\" \/>\n<meta property=\"og:site_name\" content=\"Weltladen Gro\u00dfkrotzenburg\" \/>\n<meta property=\"article:modified_time\" content=\"2025-03-07T13:39:12+00:00\" \/>\n<meta property=\"og:image\" content=\"https:\/\/weltlaeden.de\/grosskrotzenburg\/wp-content\/uploads\/sites\/222\/2025\/03\/fairtont__headerbild_website_3000x2000.1200x675.jpg\" \/>\n<meta name=\"twitter:card\" content=\"summary_large_image\" \/>\n<meta name=\"twitter:label1\" content=\"Gesch\u00e4tzte Lesezeit\" \/>\n\t<meta name=\"twitter:data1\" content=\"1\u00a0Minute\" \/>\n<script type=\"application\/ld+json\" class=\"yoast-schema-graph\">{\"@context\":\"https:\/\/schema.org\",\"@graph\":[{\"@type\":\"WebPage\",\"@id\":\"https:\/\/weltlaeden.de\/grosskrotzenburg\/fairer-handel\/fairtont-der-weltladen-podcast\/\",\"url\":\"https:\/\/weltlaeden.de\/grosskrotzenburg\/fairer-handel\/fairtont-der-weltladen-podcast\/\",\"name\":\"Podcast fairtont. - Weltladen Gro\u00dfkrotzenburg\",\"isPartOf\":{\"@id\":\"https:\/\/weltlaeden.de\/grosskrotzenburg\/#website\"},\"primaryImageOfPage\":{\"@id\":\"https:\/\/weltlaeden.de\/grosskrotzenburg\/fairer-handel\/fairtont-der-weltladen-podcast\/#primaryimage\"},\"image\":{\"@id\":\"https:\/\/weltlaeden.de\/grosskrotzenburg\/fairer-handel\/fairtont-der-weltladen-podcast\/#primaryimage\"},\"thumbnailUrl\":\"https:\/\/weltlaeden.de\/grosskrotzenburg\/wp-content\/uploads\/sites\/222\/2025\/03\/fairtont__headerbild_website_3000x2000.1200x675.jpg\",\"datePublished\":\"2021-12-16T10:57:27+00:00\",\"dateModified\":\"2025-03-07T13:39:12+00:00\",\"breadcrumb\":{\"@id\":\"https:\/\/weltlaeden.de\/grosskrotzenburg\/fairer-handel\/fairtont-der-weltladen-podcast\/#breadcrumb\"},\"inLanguage\":\"de\",\"potentialAction\":[{\"@type\":\"ReadAction\",\"target\":[\"https:\/\/weltlaeden.de\/grosskrotzenburg\/fairer-handel\/fairtont-der-weltladen-podcast\/\"]}]},{\"@type\":\"ImageObject\",\"inLanguage\":\"de\",\"@id\":\"https:\/\/weltlaeden.de\/grosskrotzenburg\/fairer-handel\/fairtont-der-weltladen-podcast\/#primaryimage\",\"url\":\"https:\/\/weltlaeden.de\/grosskrotzenburg\/wp-content\/uploads\/sites\/222\/2025\/03\/fairtont__headerbild_website_3000x2000.1200x675.jpg\",\"contentUrl\":\"https:\/\/weltlaeden.de\/grosskrotzenburg\/wp-content\/uploads\/sites\/222\/2025\/03\/fairtont__headerbild_website_3000x2000.1200x675.jpg\",\"width\":1013,\"height\":675},{\"@type\":\"BreadcrumbList\",\"@id\":\"https:\/\/weltlaeden.de\/grosskrotzenburg\/fairer-handel\/fairtont-der-weltladen-podcast\/#breadcrumb\",\"itemListElement\":[{\"@type\":\"ListItem\",\"position\":1,\"name\":\"Startseite\",\"item\":\"https:\/\/weltlaeden.de\/grosskrotzenburg\/\"},{\"@type\":\"ListItem\",\"position\":2,\"name\":\"Fairer Handel\",\"item\":\"https:\/\/weltlaeden.de\/grosskrotzenburg\/fairer-handel\/\"},{\"@type\":\"ListItem\",\"position\":3,\"name\":\"Podcast fairtont.\"}]},{\"@type\":\"WebSite\",\"@id\":\"https:\/\/weltlaeden.de\/grosskrotzenburg\/#website\",\"url\":\"https:\/\/weltlaeden.de\/grosskrotzenburg\/\",\"name\":\"Weltladen Gro\u00dfkrotzenburg\",\"description\":\"Faire Produkte seit mehr als 30 Jahre\",\"potentialAction\":[{\"@type\":\"SearchAction\",\"target\":{\"@type\":\"EntryPoint\",\"urlTemplate\":\"https:\/\/weltlaeden.de\/grosskrotzenburg\/?s={search_term_string}\"},\"query-input\":{\"@type\":\"PropertyValueSpecification\",\"valueRequired\":true,\"valueName\":\"search_term_string\"}}],\"inLanguage\":\"de\"}]}<\/script>\n<!-- \/ Yoast SEO plugin. -->","yoast_head_json":{"title":"Podcast fairtont. - Weltladen Gro\u00dfkrotzenburg","robots":{"index":"index","follow":"follow","max-snippet":"max-snippet:-1","max-image-preview":"max-image-preview:large","max-video-preview":"max-video-preview:-1"},"canonical":"https:\/\/weltlaeden.de\/grosskrotzenburg\/fairer-handel\/fairtont-der-weltladen-podcast\/","og_locale":"de_DE","og_type":"article","og_title":"Podcast fairtont. - Weltladen Gro\u00dfkrotzenburg","og_description":"[vc_row][vc_column][\/vc_column][\/vc_row][vc_row][vc_column][vc_empty_space][\/vc_column][\/vc_row][vc_row][vc_column][vc_column_text css=&#8220;&#8220;] fairtont. Der Weltladen-Podcast Fair was?! \u2013 fairtont. Also Fairer Handel f\u00fcr die Ohren. Weltl\u00e4den sind Fachgesch\u00e4fte f\u00fcr Fairen Handel und haben viel zu bieten. Den Liebhaber*innen und interessierte Menschen erwarten spannende Themen aus der Weltladen-Welt und das seit 2021. Die Aktuellen und bisherigen Folgen findet ihr auf www.weltladen.de\/fairtont und auch auf allen \u00fcblichen&hellip;","og_url":"https:\/\/weltlaeden.de\/grosskrotzenburg\/fairer-handel\/fairtont-der-weltladen-podcast\/","og_site_name":"Weltladen Gro\u00dfkrotzenburg","article_modified_time":"2025-03-07T13:39:12+00:00","og_image":[{"url":"https:\/\/weltlaeden.de\/grosskrotzenburg\/wp-content\/uploads\/sites\/222\/2025\/03\/fairtont__headerbild_website_3000x2000.1200x675.jpg","type":"","width":"","height":""}],"twitter_card":"summary_large_image","twitter_misc":{"Gesch\u00e4tzte Lesezeit":"1\u00a0Minute"},"schema":{"@context":"https:\/\/schema.org","@graph":[{"@type":"WebPage","@id":"https:\/\/weltlaeden.de\/grosskrotzenburg\/fairer-handel\/fairtont-der-weltladen-podcast\/","url":"https:\/\/weltlaeden.de\/grosskrotzenburg\/fairer-handel\/fairtont-der-weltladen-podcast\/","name":"Podcast fairtont. - Weltladen Gro\u00dfkrotzenburg","isPartOf":{"@id":"https:\/\/weltlaeden.de\/grosskrotzenburg\/#website"},"primaryImageOfPage":{"@id":"https:\/\/weltlaeden.de\/grosskrotzenburg\/fairer-handel\/fairtont-der-weltladen-podcast\/#primaryimage"},"image":{"@id":"https:\/\/weltlaeden.de\/grosskrotzenburg\/fairer-handel\/fairtont-der-weltladen-podcast\/#primaryimage"},"thumbnailUrl":"https:\/\/weltlaeden.de\/grosskrotzenburg\/wp-content\/uploads\/sites\/222\/2025\/03\/fairtont__headerbild_website_3000x2000.1200x675.jpg","datePublished":"2021-12-16T10:57:27+00:00","dateModified":"2025-03-07T13:39:12+00:00","breadcrumb":{"@id":"https:\/\/weltlaeden.de\/grosskrotzenburg\/fairer-handel\/fairtont-der-weltladen-podcast\/#breadcrumb"},"inLanguage":"de","potentialAction":[{"@type":"ReadAction","target":["https:\/\/weltlaeden.de\/grosskrotzenburg\/fairer-handel\/fairtont-der-weltladen-podcast\/"]}]},{"@type":"ImageObject","inLanguage":"de","@id":"https:\/\/weltlaeden.de\/grosskrotzenburg\/fairer-handel\/fairtont-der-weltladen-podcast\/#primaryimage","url":"https:\/\/weltlaeden.de\/grosskrotzenburg\/wp-content\/uploads\/sites\/222\/2025\/03\/fairtont__headerbild_website_3000x2000.1200x675.jpg","contentUrl":"https:\/\/weltlaeden.de\/grosskrotzenburg\/wp-content\/uploads\/sites\/222\/2025\/03\/fairtont__headerbild_website_3000x2000.1200x675.jpg","width":1013,"height":675},{"@type":"BreadcrumbList","@id":"https:\/\/weltlaeden.de\/grosskrotzenburg\/fairer-handel\/fairtont-der-weltladen-podcast\/#breadcrumb","itemListElement":[{"@type":"ListItem","position":1,"name":"Startseite","item":"https:\/\/weltlaeden.de\/grosskrotzenburg\/"},{"@type":"ListItem","position":2,"name":"Fairer Handel","item":"https:\/\/weltlaeden.de\/grosskrotzenburg\/fairer-handel\/"},{"@type":"ListItem","position":3,"name":"Podcast fairtont."}]},{"@type":"WebSite","@id":"https:\/\/weltlaeden.de\/grosskrotzenburg\/#website","url":"https:\/\/weltlaeden.de\/grosskrotzenburg\/","name":"Weltladen Gro\u00dfkrotzenburg","description":"Faire Produkte seit mehr als 30 Jahre","potentialAction":[{"@type":"SearchAction","target":{"@type":"EntryPoint","urlTemplate":"https:\/\/weltlaeden.de\/grosskrotzenburg\/?s={search_term_string}"},"query-input":{"@type":"PropertyValueSpecification","valueRequired":true,"valueName":"search_term_string"}}],"inLanguage":"de"}]}},"_links":{"self":[{"href":"https:\/\/weltlaeden.de\/grosskrotzenburg\/wp-json\/wp\/v2\/pages\/548","targetHints":{"allow":["GET"]}}],"collection":[{"href":"https:\/\/weltlaeden.de\/grosskrotzenburg\/wp-json\/wp\/v2\/pages"}],"about":[{"href":"https:\/\/weltlaeden.de\/grosskrotzenburg\/wp-json\/wp\/v2\/types\/page"}],"author":[{"embeddable":true,"href":"https:\/\/weltlaeden.de\/grosskrotzenburg\/wp-json\/wp\/v2\/users\/14"}],"replies":[{"embeddable":true,"href":"https:\/\/weltlaeden.de\/grosskrotzenburg\/wp-json\/wp\/v2\/comments?post=548"}],"version-history":[{"count":11,"href":"https:\/\/weltlaeden.de\/grosskrotzenburg\/wp-json\/wp\/v2\/pages\/548\/revisions"}],"predecessor-version":[{"id":787,"href":"https:\/\/weltlaeden.de\/grosskrotzenburg\/wp-json\/wp\/v2\/pages\/548\/revisions\/787"}],"up":[{"embeddable":true,"href":"https:\/\/weltlaeden.de\/grosskrotzenburg\/wp-json\/wp\/v2\/pages\/218"}],"wp:attachment":[{"href":"https:\/\/weltlaeden.de\/grosskrotzenburg\/wp-json\/wp\/v2\/media?parent=548"}],"curies":[{"name":"wp","href":"https:\/\/api.w.org\/{rel}","templated":true}]}}

<div class="wpb-content-wrapper"><p>[vc_row][vc_column]<div class="wl_einzelbild"><p><img loading="lazy" decoding="async" class="alignnone size-full wp-image-776" src="https://weltlaeden.de/grosskrotzenburg/wp-content/uploads/sites/222/2025/03/fairtont__headerbild_website_3000x2000.1200x675.jpg" alt="" width="1013" height="675" srcset="https://weltlaeden.de/grosskrotzenburg/wp-content/uploads/sites/222/2025/03/fairtont__headerbild_website_3000x2000.1200x675.jpg 1013w, https://weltlaeden.de/grosskrotzenburg/wp-content/uploads/sites/222/2025/03/fairtont__headerbild_website_3000x2000.1200x675-300x200.jpg 300w, https://weltlaeden.de/grosskrotzenburg/wp-content/uploads/sites/222/2025/03/fairtont__headerbild_website_3000x2000.1200x675-768x512.jpg 768w" sizes="auto, (max-width: 1013px) 100vw, 1013px" /></p></div>[/vc_column][/vc_row][vc_row][vc_column][vc_empty_space][/vc_column][/vc_row][vc_row][vc_column][vc_column_text css=&#8220;&#8220;]</p>
<h1>fairtont. Der Weltladen-Podcast</h1>
<p>Fair was?! – fairtont. Also Fairer Handel für die Ohren. Weltläden sind Fachgeschäfte für Fairen Handel und haben viel zu bieten.</p>
<p>Den Liebhaber*innen und interessierte Menschen erwarten spannende Themen aus der Weltladen-Welt und das seit 2021.</p>
<p>Die Aktuellen und bisherigen Folgen findet ihr auf <strong><a href="https://www.weltladen.de/ueber-weltlaeden/fairtont" target="_blank" rel="noopener">www.weltladen.de/fairtont</a> </strong>und auch auf allen üblichen Podcast-Apps: <a href="https://open.spotify.com/show/56fjwxwxkRtWm0bdHDL2n8" target="_blank" rel="noopener">Spotify</a>, <a href="https://podcasts.apple.com/de/podcast/fairtont-der-weltladen-podcast/id1544866448" target="_blank" rel="noopener">Apple Podcast</a>, <a href="https://castbox.fm/channel/5079054?country=de">castbox</a> …[/vc_column_text][/vc_column][/vc_row][vc_row][vc_column][vc_empty_space height=&#8220;12px&#8220;][/vc_column][/vc_row]</p>
</div>

<p>[vc_row][vc_column][/vc_column][/vc_row][vc_row][vc_column][vc_empty_space][/vc_column][/vc_row][vc_row][vc_column][vc_column_text css=&#8220;&#8220;] fairtont. Der Weltladen-Podcast Fair was?! – fairtont. Also Fairer Handel für die Ohren. Weltläden sind Fachgeschäfte für Fairen Handel und haben viel zu bieten. Den Liebhaber*innen und interessierte Menschen erwarten spannende Themen aus der Weltladen-Welt und das seit 2021. Die Aktuellen und bisherigen Folgen findet ihr auf www.weltladen.de/fairtont und auch auf allen üblichen&hellip;</p>

<!-- This site is optimized with the Yoast SEO plugin v26.8 - https://yoast.com/product/yoast-seo-wordpress/ -->
<title>Podcast fairtont. - Weltladen Großkrotzenburg</title>
<meta name="robots" content="index, follow, max-snippet:-1, max-image-preview:large, max-video-preview:-1" />
<link rel="canonical" href="https://weltlaeden.de/grosskrotzenburg/fairer-handel/fairtont-der-weltladen-podcast/" />
<meta property="og:locale" content="de_DE" />
<meta property="og:type" content="article" />
<meta property="og:title" content="Podcast fairtont. - Weltladen Großkrotzenburg" />
<meta property="og:description" content="[vc_row][vc_column][/vc_column][/vc_row][vc_row][vc_column][vc_empty_space][/vc_column][/vc_row][vc_row][vc_column][vc_column_text css=&#8220;&#8220;] fairtont. Der Weltladen-Podcast Fair was?! – fairtont. Also Fairer Handel für die Ohren. Weltläden sind Fachgeschäfte für Fairen Handel und haben viel zu bieten. Den Liebhaber*innen und interessierte Menschen erwarten spannende Themen aus der Weltladen-Welt und das seit 2021. Die Aktuellen und bisherigen Folgen findet ihr auf www.weltladen.de/fairtont und auch auf allen üblichen&hellip;" />
<meta property="og:url" content="https://weltlaeden.de/grosskrotzenburg/fairer-handel/fairtont-der-weltladen-podcast/" />
<meta property="og:site_name" content="Weltladen Großkrotzenburg" />
<meta property="article:modified_time" content="2025-03-07T13:39:12+00:00" />
<meta property="og:image" content="https://weltlaeden.de/grosskrotzenburg/wp-content/uploads/sites/222/2025/03/fairtont__headerbild_website_3000x2000.1200x675.jpg" />
<meta name="twitter:card" content="summary_large_image" />
<meta name="twitter:label1" content="Geschätzte Lesezeit" />
	<meta name="twitter:data1" content="1 Minute" />
<script type="application/ld+json" class="yoast-schema-graph">{"@context":"https://schema.org","@graph":[{"@type":"WebPage","@id":"https://weltlaeden.de/grosskrotzenburg/fairer-handel/fairtont-der-weltladen-podcast/","url":"https://weltlaeden.de/grosskrotzenburg/fairer-handel/fairtont-der-weltladen-podcast/","name":"Podcast fairtont. - Weltladen Großkrotzenburg","isPartOf":{"@id":"https://weltlaeden.de/grosskrotzenburg/#website"},"primaryImageOfPage":{"@id":"https://weltlaeden.de/grosskrotzenburg/fairer-handel/fairtont-der-weltladen-podcast/#primaryimage"},"image":{"@id":"https://weltlaeden.de/grosskrotzenburg/fairer-handel/fairtont-der-weltladen-podcast/#primaryimage"},"thumbnailUrl":"https://weltlaeden.de/grosskrotzenburg/wp-content/uploads/sites/222/2025/03/fairtont__headerbild_website_3000x2000.1200x675.jpg","datePublished":"2021-12-16T10:57:27+00:00","dateModified":"2025-03-07T13:39:12+00:00","breadcrumb":{"@id":"https://weltlaeden.de/grosskrotzenburg/fairer-handel/fairtont-der-weltladen-podcast/#breadcrumb"},"inLanguage":"de","potentialAction":[{"@type":"ReadAction","target":["https://weltlaeden.de/grosskrotzenburg/fairer-handel/fairtont-der-weltladen-podcast/"]}]},{"@type":"ImageObject","inLanguage":"de","@id":"https://weltlaeden.de/grosskrotzenburg/fairer-handel/fairtont-der-weltladen-podcast/#primaryimage","url":"https://weltlaeden.de/grosskrotzenburg/wp-content/uploads/sites/222/2025/03/fairtont__headerbild_website_3000x2000.1200x675.jpg","contentUrl":"https://weltlaeden.de/grosskrotzenburg/wp-content/uploads/sites/222/2025/03/fairtont__headerbild_website_3000x2000.1200x675.jpg","width":1013,"height":675},{"@type":"BreadcrumbList","@id":"https://weltlaeden.de/grosskrotzenburg/fairer-handel/fairtont-der-weltladen-podcast/#breadcrumb","itemListElement":[{"@type":"ListItem","position":1,"name":"Startseite","item":"https://weltlaeden.de/grosskrotzenburg/"},{"@type":"ListItem","position":2,"name":"Fairer Handel","item":"https://weltlaeden.de/grosskrotzenburg/fairer-handel/"},{"@type":"ListItem","position":3,"name":"Podcast fairtont."}]},{"@type":"WebSite","@id":"https://weltlaeden.de/grosskrotzenburg/#website","url":"https://weltlaeden.de/grosskrotzenburg/","name":"Weltladen Großkrotzenburg","description":"Faire Produkte seit mehr als 30 Jahre","potentialAction":[{"@type":"SearchAction","target":{"@type":"EntryPoint","urlTemplate":"https://weltlaeden.de/grosskrotzenburg/?s={search_term_string}"},"query-input":{"@type":"PropertyValueSpecification","valueRequired":true,"valueName":"search_term_string"}}],"inLanguage":"de"}]}</script>
<!-- / Yoast SEO plugin. -->

Podcast fairtont. - Weltladen Großkrotzenburg

[vc_row][vc_column][/vc_column][/vc_row][vc_row][vc_column][vc_empty_space][/vc_column][/vc_row][vc_row][vc_column][vc_column_text css=&#8220;&#8220;] fairtont. Der Weltladen-Podcast Fair was?! – fairtont. Also Fairer Handel für die Ohren. Weltläden sind Fachgeschäfte für Fairen Handel und haben viel zu bieten. Den Liebhaber*innen und interessierte Menschen erwarten spannende Themen aus der Weltladen-Welt und das seit 2021. Die Aktuellen und bisherigen Folgen findet ihr auf www.weltladen.de/fairtont und auch auf allen üblichen&hellip;

Weltladen Großkrotzenburg
