{"id":217,"date":"2016-10-28T13:34:47","date_gmt":"2016-10-28T11:34:47","guid":{"rendered":"https:\/\/wl.heimpixel.de\/vorlage\/produkte\/"},"modified":"2025-03-20T16:32:43","modified_gmt":"2025-03-20T15:32:43","slug":"produkte","status":"publish","type":"page","link":"https:\/\/weltlaeden.de\/grosskrotzenburg\/produkte\/","title":{"rendered":"Produkte"},"content":{"rendered":"<div class=\"wpb-content-wrapper\"><p>[vc_row][vc_column]<div class=\"wl_einzelbild\"><p><\/p><\/div>[vc_empty_space][vc_column_text]<\/p>\n<h1>Unser Sortiment<\/h1>\n<p>[\/vc_column_text][vc_column_text css=&#8220;&#8220;]Im Weltladen Gro\u00dfkrotzenburg finden Sie eine reiche Auswahl an Lebensmitteln, vorwiegend in Bio-Qualit\u00e4t, sowie an hochwertigen Kunsthandwerksprodukten. Das was wir nicht vor Ort haben, k\u00f6nnen wir jederzeit bestellen.[\/vc_column_text][vc_empty_space][vc_row_inner][vc_column_inner width=&#8220;1\/2&#8243;][vc_column_text]<\/p>\n<h2>Lebensmittel<\/h2>\n<p>[\/vc_column_text]<div class=\"wl_einzelbild\"><p><img loading=\"lazy\" decoding=\"async\" class=\"alignnone size-full wp-image-709\" src=\"https:\/\/weltlaeden.de\/grosskrotzenburg\/wp-content\/uploads\/sites\/222\/2025\/01\/IMG_09161.jpg\" alt=\"\" width=\"1008\" height=\"756\" srcset=\"https:\/\/weltlaeden.de\/grosskrotzenburg\/wp-content\/uploads\/sites\/222\/2025\/01\/IMG_09161.jpg 1008w, https:\/\/weltlaeden.de\/grosskrotzenburg\/wp-content\/uploads\/sites\/222\/2025\/01\/IMG_09161-300x225.jpg 300w, https:\/\/weltlaeden.de\/grosskrotzenburg\/wp-content\/uploads\/sites\/222\/2025\/01\/IMG_09161-768x576.jpg 768w\" sizes=\"auto, (max-width: 1008px) 100vw, 1008px\" \/><\/p><\/div>[vc_column_text css=&#8220;&#8220;]Die Auswahl an Kaffee, zum Beispiel, reicht von edlen Espresso-Bohnen \u00fcber Schonkaffees bis hin zu l\u00f6slichem Kaffee in verschiedenen Variationen, sogar ein Getreidekaffee wird angeboten. Bei Tee k\u00f6nnen Sie zwischen unterschiedlichen Schwarz-, Gr\u00fcn-, Rooibos-, Kr\u00e4uter- und Fr\u00fcchteteesorten, lose oder als Teebeutel, w\u00e4hlen, auch Spezialit\u00e4ten wie Wei\u00dfer Tee finden Sie hier. Schokoladenspezialit\u00e4ten, die meisten davon in Bio-Qualit\u00e4t und ohne Zusatz von Emulgatoren, mit Honig, Gew\u00fcrzen und Wein, ebenfalls in breiter Auswahl, geh\u00f6ren auch zu den beliebtesten Produkten im Lebensmittelbereich.<\/p>\n<p>Im Weltladen gibt es ungew\u00f6hnlichen Snacks: Frucht- oder Sesamriegel, Chips aus Maniok oder Quinoa in unterschiedlichen Geschmacksrichtungen.[\/vc_column_text][\/vc_column_inner][vc_column_inner width=&#8220;1\/2&#8243;][vc_column_text]<\/p>\n<h2>Kunsthandwerk &amp; Textilien<\/h2>\n<p>[\/vc_column_text]<div class=\"wl_einzelbild\"><p><img loading=\"lazy\" decoding=\"async\" class=\"alignnone size-full wp-image-710\" src=\"https:\/\/weltlaeden.de\/grosskrotzenburg\/wp-content\/uploads\/sites\/222\/2025\/01\/IMG_09171.jpg\" alt=\"\" width=\"1008\" height=\"756\" srcset=\"https:\/\/weltlaeden.de\/grosskrotzenburg\/wp-content\/uploads\/sites\/222\/2025\/01\/IMG_09171.jpg 1008w, https:\/\/weltlaeden.de\/grosskrotzenburg\/wp-content\/uploads\/sites\/222\/2025\/01\/IMG_09171-300x225.jpg 300w, https:\/\/weltlaeden.de\/grosskrotzenburg\/wp-content\/uploads\/sites\/222\/2025\/01\/IMG_09171-768x576.jpg 768w\" sizes=\"auto, (max-width: 1008px) 100vw, 1008px\" \/><\/p><\/div>[vc_column_text css=&#8220;&#8220;]Das Angebot an (edlen) Kunsthandwerksgegenst\u00e4nden l\u00e4sst sich hier nur andeuten: Es umfasst unter anderem T\u00fccher und Schals in den sch\u00f6nsten Farben und Mustern, aus Seide, Baumwolle, Filz oder Alpaka. Au\u00dfergew\u00f6hnlichen handgefertigten Schmuck aus Silber, aber auch aus Muscheln, Holz, geschmolzenem Glas oder anderen Materialien erg\u00e4nzen die Auswahl. Taschen und K\u00f6rbe, Lederwaren, Gru\u00dfkarten, Alben und viele geschmackvolle Dekorations- und Geschenkartikel geh\u00f6ren ebenfalls zum Programm. Alle diese Kunsthandwerksobjekte spiegeln die Kunstfertigkeit der Produzierenden wider, die kulturelle Vielfalt der Hersteller aus aller Welt wird durch sie unterstrichen.<\/p>\n<p>Alle diese Produkte beziehen wir \u00fcber anerkannte und akkreditierte Importorganisationen des Fairen Handels, die sicherstellen, dass die strengen Kriterien der Weltl\u00e4den eingehalten werden. N\u00e4here Information zu den Lieferanten, zu vielen ihrer Produkte, aber auch zu den Kriterien f\u00fcr Importorganisationen und Weltl\u00e4den finden Sie bei den <a class=\"nav_main\" href=\"https:\/\/weltlaeden.de\/grosskrotzenburg\/fairer-handel\/\">Links<\/a> und nat\u00fcrlich auch im Weltladen.[\/vc_column_text][\/vc_column_inner][\/vc_row_inner][\/vc_column][\/vc_row]<\/p>\n<\/div>","protected":false},"excerpt":{"rendered":"<p>[vc_row][vc_column][vc_empty_space][vc_column_text] Unser Sortiment [\/vc_column_text][vc_column_text css=&#8220;&#8220;]Im Weltladen Gro\u00dfkrotzenburg finden Sie eine reiche Auswahl an Lebensmitteln, vorwiegend in Bio-Qualit\u00e4t, sowie an hochwertigen Kunsthandwerksprodukten. Das was wir nicht vor Ort haben, k\u00f6nnen wir jederzeit bestellen.[\/vc_column_text][vc_empty_space][vc_row_inner][vc_column_inner width=&#8220;1\/2&#8243;][vc_column_text] Lebensmittel [\/vc_column_text][vc_column_text css=&#8220;&#8220;]Die Auswahl an Kaffee, zum Beispiel, reicht von edlen Espresso-Bohnen \u00fcber Schonkaffees bis hin zu l\u00f6slichem Kaffee in verschiedenen Variationen,&hellip;<\/p>\n","protected":false},"author":1,"featured_media":0,"parent":0,"menu_order":6,"comment_status":"closed","ping_status":"closed","template":"","meta":{"footnotes":""},"class_list":["post-217","page","type-page","status-publish","hentry","description-off"],"yoast_head":"<!-- This site is optimized with the Yoast SEO plugin v26.8 - https:\/\/yoast.com\/product\/yoast-seo-wordpress\/ -->\n<title>Produkte - Weltladen Gro\u00dfkrotzenburg<\/title>\n<meta name=\"robots\" content=\"index, follow, max-snippet:-1, max-image-preview:large, max-video-preview:-1\" \/>\n<link rel=\"canonical\" href=\"https:\/\/weltlaeden.de\/grosskrotzenburg\/produkte\/\" \/>\n<meta property=\"og:locale\" content=\"de_DE\" \/>\n<meta property=\"og:type\" content=\"article\" \/>\n<meta property=\"og:title\" content=\"Produkte - Weltladen Gro\u00dfkrotzenburg\" \/>\n<meta property=\"og:description\" content=\"[vc_row][vc_column][vc_empty_space][vc_column_text] Unser Sortiment [\/vc_column_text][vc_column_text css=&#8220;&#8220;]Im Weltladen Gro\u00dfkrotzenburg finden Sie eine reiche Auswahl an Lebensmitteln, vorwiegend in Bio-Qualit\u00e4t, sowie an hochwertigen Kunsthandwerksprodukten. Das was wir nicht vor Ort haben, k\u00f6nnen wir jederzeit bestellen.[\/vc_column_text][vc_empty_space][vc_row_inner][vc_column_inner width=&#8220;1\/2&#8243;][vc_column_text] Lebensmittel [\/vc_column_text][vc_column_text css=&#8220;&#8220;]Die Auswahl an Kaffee, zum Beispiel, reicht von edlen Espresso-Bohnen \u00fcber Schonkaffees bis hin zu l\u00f6slichem Kaffee in verschiedenen Variationen,&hellip;\" \/>\n<meta property=\"og:url\" content=\"https:\/\/weltlaeden.de\/grosskrotzenburg\/produkte\/\" \/>\n<meta property=\"og:site_name\" content=\"Weltladen Gro\u00dfkrotzenburg\" \/>\n<meta property=\"article:modified_time\" content=\"2025-03-20T15:32:43+00:00\" \/>\n<meta property=\"og:image\" content=\"https:\/\/weltlaeden.de\/grosskrotzenburg\/wp-content\/uploads\/sites\/222\/2025\/01\/IMG_09161.jpg\" \/>\n<meta name=\"twitter:card\" content=\"summary_large_image\" \/>\n<meta name=\"twitter:label1\" content=\"Gesch\u00e4tzte Lesezeit\" \/>\n\t<meta name=\"twitter:data1\" content=\"2\u00a0Minuten\" \/>\n<script type=\"application\/ld+json\" class=\"yoast-schema-graph\">{\"@context\":\"https:\/\/schema.org\",\"@graph\":[{\"@type\":\"WebPage\",\"@id\":\"https:\/\/weltlaeden.de\/grosskrotzenburg\/produkte\/\",\"url\":\"https:\/\/weltlaeden.de\/grosskrotzenburg\/produkte\/\",\"name\":\"Produkte - Weltladen Gro\u00dfkrotzenburg\",\"isPartOf\":{\"@id\":\"https:\/\/weltlaeden.de\/grosskrotzenburg\/#website\"},\"primaryImageOfPage\":{\"@id\":\"https:\/\/weltlaeden.de\/grosskrotzenburg\/produkte\/#primaryimage\"},\"image\":{\"@id\":\"https:\/\/weltlaeden.de\/grosskrotzenburg\/produkte\/#primaryimage\"},\"thumbnailUrl\":\"https:\/\/weltlaeden.de\/grosskrotzenburg\/wp-content\/uploads\/sites\/222\/2025\/01\/IMG_09161.jpg\",\"datePublished\":\"2016-10-28T11:34:47+00:00\",\"dateModified\":\"2025-03-20T15:32:43+00:00\",\"breadcrumb\":{\"@id\":\"https:\/\/weltlaeden.de\/grosskrotzenburg\/produkte\/#breadcrumb\"},\"inLanguage\":\"de\",\"potentialAction\":[{\"@type\":\"ReadAction\",\"target\":[\"https:\/\/weltlaeden.de\/grosskrotzenburg\/produkte\/\"]}]},{\"@type\":\"ImageObject\",\"inLanguage\":\"de\",\"@id\":\"https:\/\/weltlaeden.de\/grosskrotzenburg\/produkte\/#primaryimage\",\"url\":\"https:\/\/weltlaeden.de\/grosskrotzenburg\/wp-content\/uploads\/sites\/222\/2025\/01\/IMG_09161.jpg\",\"contentUrl\":\"https:\/\/weltlaeden.de\/grosskrotzenburg\/wp-content\/uploads\/sites\/222\/2025\/01\/IMG_09161.jpg\",\"width\":1008,\"height\":756},{\"@type\":\"BreadcrumbList\",\"@id\":\"https:\/\/weltlaeden.de\/grosskrotzenburg\/produkte\/#breadcrumb\",\"itemListElement\":[{\"@type\":\"ListItem\",\"position\":1,\"name\":\"Startseite\",\"item\":\"https:\/\/weltlaeden.de\/grosskrotzenburg\/\"},{\"@type\":\"ListItem\",\"position\":2,\"name\":\"Produkte\"}]},{\"@type\":\"WebSite\",\"@id\":\"https:\/\/weltlaeden.de\/grosskrotzenburg\/#website\",\"url\":\"https:\/\/weltlaeden.de\/grosskrotzenburg\/\",\"name\":\"Weltladen Gro\u00dfkrotzenburg\",\"description\":\"Faire Produkte seit mehr als 30 Jahre\",\"potentialAction\":[{\"@type\":\"SearchAction\",\"target\":{\"@type\":\"EntryPoint\",\"urlTemplate\":\"https:\/\/weltlaeden.de\/grosskrotzenburg\/?s={search_term_string}\"},\"query-input\":{\"@type\":\"PropertyValueSpecification\",\"valueRequired\":true,\"valueName\":\"search_term_string\"}}],\"inLanguage\":\"de\"}]}<\/script>\n<!-- \/ Yoast SEO plugin. -->","yoast_head_json":{"title":"Produkte - Weltladen Gro\u00dfkrotzenburg","robots":{"index":"index","follow":"follow","max-snippet":"max-snippet:-1","max-image-preview":"max-image-preview:large","max-video-preview":"max-video-preview:-1"},"canonical":"https:\/\/weltlaeden.de\/grosskrotzenburg\/produkte\/","og_locale":"de_DE","og_type":"article","og_title":"Produkte - Weltladen Gro\u00dfkrotzenburg","og_description":"[vc_row][vc_column][vc_empty_space][vc_column_text] Unser Sortiment [\/vc_column_text][vc_column_text css=&#8220;&#8220;]Im Weltladen Gro\u00dfkrotzenburg finden Sie eine reiche Auswahl an Lebensmitteln, vorwiegend in Bio-Qualit\u00e4t, sowie an hochwertigen Kunsthandwerksprodukten. Das was wir nicht vor Ort haben, k\u00f6nnen wir jederzeit bestellen.[\/vc_column_text][vc_empty_space][vc_row_inner][vc_column_inner width=&#8220;1\/2&#8243;][vc_column_text] Lebensmittel [\/vc_column_text][vc_column_text css=&#8220;&#8220;]Die Auswahl an Kaffee, zum Beispiel, reicht von edlen Espresso-Bohnen \u00fcber Schonkaffees bis hin zu l\u00f6slichem Kaffee in verschiedenen Variationen,&hellip;","og_url":"https:\/\/weltlaeden.de\/grosskrotzenburg\/produkte\/","og_site_name":"Weltladen Gro\u00dfkrotzenburg","article_modified_time":"2025-03-20T15:32:43+00:00","og_image":[{"url":"https:\/\/weltlaeden.de\/grosskrotzenburg\/wp-content\/uploads\/sites\/222\/2025\/01\/IMG_09161.jpg","type":"","width":"","height":""}],"twitter_card":"summary_large_image","twitter_misc":{"Gesch\u00e4tzte Lesezeit":"2\u00a0Minuten"},"schema":{"@context":"https:\/\/schema.org","@graph":[{"@type":"WebPage","@id":"https:\/\/weltlaeden.de\/grosskrotzenburg\/produkte\/","url":"https:\/\/weltlaeden.de\/grosskrotzenburg\/produkte\/","name":"Produkte - Weltladen Gro\u00dfkrotzenburg","isPartOf":{"@id":"https:\/\/weltlaeden.de\/grosskrotzenburg\/#website"},"primaryImageOfPage":{"@id":"https:\/\/weltlaeden.de\/grosskrotzenburg\/produkte\/#primaryimage"},"image":{"@id":"https:\/\/weltlaeden.de\/grosskrotzenburg\/produkte\/#primaryimage"},"thumbnailUrl":"https:\/\/weltlaeden.de\/grosskrotzenburg\/wp-content\/uploads\/sites\/222\/2025\/01\/IMG_09161.jpg","datePublished":"2016-10-28T11:34:47+00:00","dateModified":"2025-03-20T15:32:43+00:00","breadcrumb":{"@id":"https:\/\/weltlaeden.de\/grosskrotzenburg\/produkte\/#breadcrumb"},"inLanguage":"de","potentialAction":[{"@type":"ReadAction","target":["https:\/\/weltlaeden.de\/grosskrotzenburg\/produkte\/"]}]},{"@type":"ImageObject","inLanguage":"de","@id":"https:\/\/weltlaeden.de\/grosskrotzenburg\/produkte\/#primaryimage","url":"https:\/\/weltlaeden.de\/grosskrotzenburg\/wp-content\/uploads\/sites\/222\/2025\/01\/IMG_09161.jpg","contentUrl":"https:\/\/weltlaeden.de\/grosskrotzenburg\/wp-content\/uploads\/sites\/222\/2025\/01\/IMG_09161.jpg","width":1008,"height":756},{"@type":"BreadcrumbList","@id":"https:\/\/weltlaeden.de\/grosskrotzenburg\/produkte\/#breadcrumb","itemListElement":[{"@type":"ListItem","position":1,"name":"Startseite","item":"https:\/\/weltlaeden.de\/grosskrotzenburg\/"},{"@type":"ListItem","position":2,"name":"Produkte"}]},{"@type":"WebSite","@id":"https:\/\/weltlaeden.de\/grosskrotzenburg\/#website","url":"https:\/\/weltlaeden.de\/grosskrotzenburg\/","name":"Weltladen Gro\u00dfkrotzenburg","description":"Faire Produkte seit mehr als 30 Jahre","potentialAction":[{"@type":"SearchAction","target":{"@type":"EntryPoint","urlTemplate":"https:\/\/weltlaeden.de\/grosskrotzenburg\/?s={search_term_string}"},"query-input":{"@type":"PropertyValueSpecification","valueRequired":true,"valueName":"search_term_string"}}],"inLanguage":"de"}]}},"_links":{"self":[{"href":"https:\/\/weltlaeden.de\/grosskrotzenburg\/wp-json\/wp\/v2\/pages\/217","targetHints":{"allow":["GET"]}}],"collection":[{"href":"https:\/\/weltlaeden.de\/grosskrotzenburg\/wp-json\/wp\/v2\/pages"}],"about":[{"href":"https:\/\/weltlaeden.de\/grosskrotzenburg\/wp-json\/wp\/v2\/types\/page"}],"author":[{"embeddable":true,"href":"https:\/\/weltlaeden.de\/grosskrotzenburg\/wp-json\/wp\/v2\/users\/1"}],"replies":[{"embeddable":true,"href":"https:\/\/weltlaeden.de\/grosskrotzenburg\/wp-json\/wp\/v2\/comments?post=217"}],"version-history":[{"count":15,"href":"https:\/\/weltlaeden.de\/grosskrotzenburg\/wp-json\/wp\/v2\/pages\/217\/revisions"}],"predecessor-version":[{"id":805,"href":"https:\/\/weltlaeden.de\/grosskrotzenburg\/wp-json\/wp\/v2\/pages\/217\/revisions\/805"}],"wp:attachment":[{"href":"https:\/\/weltlaeden.de\/grosskrotzenburg\/wp-json\/wp\/v2\/media?parent=217"}],"curies":[{"name":"wp","href":"https:\/\/api.w.org\/{rel}","templated":true}]}}