{"id":835,"date":"2022-02-09T17:31:25","date_gmt":"2022-02-09T16:31:25","guid":{"rendered":"https:\/\/weltlaeden.de\/greifswald\/?page_id=835"},"modified":"2026-02-11T17:38:48","modified_gmt":"2026-02-11T16:38:48","slug":"eine-kleine-chronik-des-weltladen-greifswalds","status":"publish","type":"page","link":"https:\/\/weltlaeden.de\/greifswald\/ueber-uns\/eine-kleine-chronik-des-weltladen-greifswalds\/","title":{"rendered":"Eine Chronik des Weltladen Greifswalds"},"content":{"rendered":"<div class=\"wpb-content-wrapper\"><p>[vc_row][vc_column][vc_column_text css=&#8220;&#8220;]<\/p>\n<h2>Eine Chronik des Weltladen Greifswalds<\/h2>\n<p>Die Geschichte des Greifswalder Weltladens beginnt wie die vieler Weltl\u00e4den: 1990 entschlie\u00dft sich die evangelische Studentengemeinde, fair gehandelte Waren im Turm der Jacobi-Kirche anzubieten.<\/p>\n<p>Ende 1991 er\u00f6ffnen die Student:innen ihr eigenes Ladenlokal im Soziokulturellen Zentrum \u201eSt. Spiritus\u201c. Seitdem l\u00e4dt der Weltladen dort zum St\u00f6bern, Staunen, Fragen, Kaufen und Schwatzen ein. Seine Geschichte ist so wechselvoll wie die Laden- Teams, die ihn pr\u00e4gten und pr\u00e4gen. All die Jahre hindurch ist es gelungen, auf \u00fcberwiegend ehrenamtlicher Basis nicht nur den Verkauf im Weltladen sicherzustellen, sondern auch eine Vielzahl von \u00f6ffentlichkeitswirksamen Aktionen, Bildungs- und Auslandsprojekten durchzuf\u00fchren.<\/p>\n<p>&nbsp;<\/p>\n<h4 id=\"1994\">1994<\/h4>\n<p>Der Verein finanziert u.a. mit den bis dahin erwirtschafteten \u00dcbersch\u00fcssen den Bau eines Kindergartens in Nueva Esperanza, einer l\u00e4ndlichen Gemeinde am Unterlauf des Lempaflusses in El Salvador.<\/p>\n<h4 id=\"1995\">1995<\/h4>\n<p>Das nahe bei Nueva Esperanza liegende Dorf Mata de Pi\u00f1a wird Partnergemeinde des Weltladens. Seitdem unterst\u00fctzt der Verein dort Bildungs- und Gesundheitsprojekte. Zun\u00e4chst geht es darum, die Ausbildung der Lehrer:innen zu f\u00f6rdern, die an der Schule von Mata de Pi\u00f1a unterrichten. Au\u00dferdem werden Schulmaterialien finanziert. Von 1998 bis 2006 erhalten 16 Abiturient:innen und 5 Student:innen aus dem Dorf ein Stipendium. F\u00fcr gr\u00f6\u00dfere Bauvorhaben beantragt der Verein F\u00f6rdermittel (1997 Bau der Gesundheitsstation, 2002 Bau des Gemeindehauses, 2010 Erweiterung der Schule und Bau von Latrinen f\u00fcr 40 Familien). Wiederholt leistet der Verein nach Erdbeben und \u00dcberschwemmungen Katastrophenhilfe. Au\u00dferdem wird die Gemeinde darin unterst\u00fctzt, ihre Landschulden abzuzahlen.<\/p>\n<p>&nbsp;<\/p>\n<h4 id=\"2001\">2001<\/h4>\n<p>Im Januar gastiert die Tanzgruppe \u201eXochilt Itsut\u201c aus Nueva Esperanza in Greifswald. Im Herbst werden die ersten Greifswalder \u201eEntwicklungspolitischen Tage\u201c, damals noch GEBIT, heute \u201eWeltwechsel\u201c, aus der Taufe gehoben.<\/p>\n<h4 id=\"2003\">2003<\/h4>\n<p>Die GEBIT (Greifswalder entwicklungspolitische Bildungs- und Informationstage) werden professioneller und haben zum ersten Mal einen klaren inhaltlichen Schwerpunkt: das Thema hei\u00dft \u201eDie arabische Welt\u201c. Das 12k\u00f6pfige Orga- Team hat sich aus Interesse am Thema gefunden, die Koordination l\u00e4uft im Weltladen zusammen.<\/p>\n<h4 id=\"2005-2007\">2005-2007<\/h4>\n<p>Sanierung des \u201eSt. Spiritus\u201c. Das Haus mitsamt dem Weltladen bezieht sein provisorisches Quartier in der Bebelschule am Wall. Die Ladengruppe gestaltet den Kellerraum ansprechend und schaut sich parallel nach einem alternativen Standort um, aber die Mieten f\u00fcr gewerbliche R\u00e4ume sind zu teuer und die gute Zusammenarbeit mit dem \u201eSt. Spiritus\u201c ist ein weiterer wesentlicher Grund, den Umzugsgedanken schlie\u00dflich zu verwerfen.<\/p>\n<p id=\"2006-2008\"><a href=\"https:\/\/weltlaeden.de\/greifswald\/wp-content\/uploads\/sites\/167\/2022\/05\/2005-Jahresbericht.pdf\">2005 Jahresbericht<\/a><\/p>\n<h4>2006<\/h4>\n<p>Die Ladengruppe baut unter Anleitung eines erfahrenen Zimmermanns einen Marktstand und bereichert mit dem auff\u00e4lligen H\u00e4uschen und ausgew\u00e4hlten Fairtrade-Produkten den Greifswalder Weihnachtsmarkt.<\/p>\n<p id=\"2007\"><a href=\"https:\/\/weltlaeden.de\/greifswald\/wp-content\/uploads\/sites\/167\/2022\/05\/2006-Jahresbericht.pdf\">2006 Jahresbericht<\/a><\/p>\n<h4>2007<\/h4>\n<p>Im Herbst wird der Weltladen im sanierten \u201eSt. Spiritus\u201c neu er\u00f6ffnet. Seitdem befindet er sich im Erdeschoss und hat Fenster zur Fu\u00dfg\u00e4ngerzone.<\/p>\n<p><a href=\"https:\/\/weltlaeden.de\/greifswald\/wp-content\/uploads\/sites\/167\/2022\/05\/2007-Jahresbericht.pdf\">2007 Jahresbericht<\/a><\/p>\n<p><a href=\"https:\/\/weltlaeden.de\/greifswald\/wp-content\/uploads\/sites\/167\/2022\/05\/2008-Jahresbericht.pdf\">2008 Jahresbericht<\/a><\/p>\n<p id=\"2010\"><a href=\"https:\/\/weltlaeden.de\/greifswald\/wp-content\/uploads\/sites\/167\/2022\/05\/2009-Jahresbericht.pdf\">2009 Jahresbericht<\/a><\/p>\n<h4>2010<\/h4>\n<p>4 Student:innen aus El Salvador, darunter 2 aus Mata de Pi\u00f1a, kommen nach Greifswald und nehmen am internationalen Studentenfestival GrIStuF teil.<\/p>\n<p id=\"2011\"><a href=\"https:\/\/weltlaeden.de\/greifswald\/wp-content\/uploads\/sites\/167\/2022\/05\/2010-Jahresbericht.pdf\">2010 Jahresbericht<\/a><\/p>\n<h4>2011<\/h4>\n<p>Start des Bildungsprojektes \u201everquer\u201c als eigenst\u00e4ndiges Projekt des Kultur- und Initiativenhaus Greifswald e.V. Projekttag-Angebote wie \u201eEssen macht Hunger\u201c oder \u201eBittere Schokolade\u201c schlie\u00dfen in der Regel einen Besuch im Weltladen ein, wo sich die Sch\u00fcler:innen \u00fcber den Fairen Handel und alternative Einkaufsm\u00f6glichkeiten direkt informieren k\u00f6nnen.<\/p>\n<p id=\"2013\"><a href=\"https:\/\/weltlaeden.de\/greifswald\/wp-content\/uploads\/sites\/167\/2022\/05\/2011-Jahresbericht.pdf\">2011 Jahresbericht<\/a><\/p>\n<p><a href=\"https:\/\/weltlaeden.de\/greifswald\/wp-content\/uploads\/sites\/167\/2022\/05\/2012-Jahresbericht.pdf\">2012 Jahresbericht<\/a><\/p>\n<h4>2013<\/h4>\n<p>Die Greifswalder Martinschule gibt ihren Sch\u00fcler:innen im Rahmen des Projektes \u201eVerantwortung\u201c erstmalig die M\u00f6glichkeit, w\u00e4hrend des Schulalltags in die Arbeit verschiedener Vereine hineinzuschnuppern. Zwischen 2013 und 2016 setzen sich auf diese Weise mehrere Sch\u00fcler:innen mit den ausbeuterischen Arbeitsbedingungen, unter denen viele unserer Produkte hergestellt werden, und mit dem Fairen Handel auseinander.<\/p>\n<p id=\"2014\"><a href=\"https:\/\/weltlaeden.de\/greifswald\/wp-content\/uploads\/sites\/167\/2022\/05\/2013-Jahresbericht.pdf\">2013 Jahresbericht<\/a><\/p>\n<h4>2014<\/h4>\n<p>Der Weltladen beteiligt sich am ersten Klostermarkt auf dem Gel\u00e4nde der Klosterruine Eldena.<\/p>\n<p id=\"2016\"><a href=\"https:\/\/weltlaeden.de\/greifswald\/wp-content\/uploads\/sites\/167\/2022\/05\/2014-Jahresbericht.pdf\">2014 Jahresbericht<\/a><\/p>\n<p><a href=\"https:\/\/weltlaeden.de\/greifswald\/wp-content\/uploads\/sites\/167\/2022\/05\/2015-Jahresbericht.pdf\">2015 Jahresbericht<\/a><\/p>\n<h4>2016<\/h4>\n<p>Der Weltladen wird Einsatzstelle f\u00fcr den Bundesfreiwilligendienst beim Tr\u00e4ger Turbina Pomerania.<\/p>\n<p>Seit M\u00e4rz findet das \u201eInterkulturelle Caf\u00e9\u201c im St. Spiritus statt. An diesem Angebot ist u.a. auch unser Verein beteiligt.<\/p>\n<p>Im Mai startet unter dem Motto \u201eUnternehmen haftbar machen!\u201c die Kampagne, die im Juni 2021 schlie\u00dflich zur Verabschiedung eines nationalen Lieferkettengesetzes f\u00fchrt.<\/p>\n<p>Seit der 25-Jahresfeier im November k\u00f6nnen Freund:innen und Interessierte unsere Vereinsarbeit als F\u00f6rdermitglied finanziell unterst\u00fctzen.<\/p>\n<div data-canvas-width=\"134.7324\"><\/div>\n<p data-canvas-width=\"54.76143999999999\"><a href=\"https:\/\/weltlaeden.de\/greifswald\/wp-content\/uploads\/sites\/167\/2022\/05\/2016-Jahresbericht.pdf\">2016 Jahresbericht<\/a><\/p>\n<p data-canvas-width=\"54.76143999999999\"><a href=\"https:\/\/weltlaeden.de\/greifswald\/wp-content\/uploads\/sites\/167\/2022\/05\/2017-Jahresbericht.pdf\">2017 Jahresbericht<\/a><\/p>\n<p data-canvas-width=\"54.76143999999999\"><a href=\"https:\/\/weltlaeden.de\/greifswald\/wp-content\/uploads\/sites\/167\/2022\/05\/2018-Jahresbericht.pdf\">2018 Jahresbericht<\/a><\/p>\n<p data-canvas-width=\"54.76143999999999\"><a href=\"https:\/\/weltlaeden.de\/greifswald\/wp-content\/uploads\/sites\/167\/2022\/05\/2019-Jahresbericht.pdf\">2019 Jahresbericht<\/a><\/p>\n<h4 data-canvas-width=\"54.76143999999999\">2020<\/h4>\n<div data-canvas-width=\"301.0132799999999\">\n<p>Zu Jahresbeginn wird Greifswald der Titel \u201eFairtrade Town\u201c verliehen. Vereinsmitglieder nehmen regelm\u00e4\u00dfig an den Treffen der Steuerungsgruppe teil und bringen Ideen aktiv ein.<\/p>\n<p>Seit M\u00e4rz 2020 h\u00e4lt die Corona-Pandemie die Welt im Griff und zu dem Zeitpunkt ahnt noch niemand, wie lange und wie nachhaltig das Virus unser Leben beeinflussen wird. Der Weltladen beteiligt sich an der Aktion \u201e#fairwertsteuer\u201c des Weltladen-Dachverbandes: als Beitrag zur globalen Solidarit\u00e4t wird der Differenzbetrag zur abgesenkten Mehrwertsteuer nicht an unsere Kund:innen weitergereicht, sondern \u00fcber den Weltladen-Dachverband an die Produzent:innen vor Ort.<\/p>\n<p>Im Rahmen der Fairen Woche unter dem Motto \u201eFair statt mehr\u201c empf\u00e4ngt der Verein Besucher:innen der Multivisionsshow \u201eWeltreise zu Fair-Trade-Produzent:innen, Naturwundern &amp; Heiligt\u00fcmern\u201c von lobOlmo.<\/p>\n<p>Im November 2020 wird der \u201eGreifswalder St\u00e4dtekaffee\u201c, ein Bio-Kaffee aus Nicaragua, eingef\u00fchrt. Die Marke wird auf Initiative der Stadt Greifswald gemeinsam mit einem \u00f6rtlichen Einzelh\u00e4ndler, der Stadtinformation Greifswald und unserem Verein entwickelt.<\/p>\n<\/div>\n<p><a href=\"https:\/\/weltlaeden.de\/greifswald\/wp-content\/uploads\/sites\/167\/2022\/05\/2020-Jahresbericht.pdf\">2020 Jahresbericht<\/a><\/p>\n<p>&nbsp;<\/p>\n<p><strong>2021<\/strong><\/p>\n<p>Unser Weltladen wird Mitglied im Weltladen-Dachverband.<\/p>\n<p>Im September feiert der Verein mit einem dreit\u00e4gigen Programm aus Vortr\u00e4gen, Ausstellung, Stoffbeuteldruck, kulinarischer Weltreise, Kurzfilmen und einem Ehemaligen-Treffen sein 30j\u00e4hriges Jubil\u00e4um.<\/p>\n<p>Im November organisieren und moderieren Vereinsmitglieder im Rahmen von \u201eWeltwechsel\u201c eine Podiumsdiskussion zum Lieferkettengesetz. Im Podium sitzen ein EU-Abgeordneter, eine Expertin des Forums Fairer Handel, ein Vertreter der Stadt Greifswald und eine Fair-Handels-Akteurin aus Pal\u00e4stina.<\/p>\n<p>Die Nutzung digitaler R\u00e4ume wird allt\u00e4glicher, was letztlich dazu f\u00fchrt, dass Fortbildungen, Veranstaltungen und Vernetzungstreffen viel intensiver wahrgenommen werden als fr\u00fcher, weil lange Anfahrtswege und kostspielige \u00dcbernachtungen entfallen.<\/p>\n<div data-canvas-width=\"301.0132799999999\">\n<p><a href=\"https:\/\/weltlaeden.de\/greifswald\/wp-content\/uploads\/sites\/167\/2022\/07\/Jahresbericht-2021.pdf\">2021 Jahresbericht<\/a><\/p>\n<p>&nbsp;<\/p>\n<p><strong>2022<\/strong><\/p>\n<p>Unsere Webseite bekommt ein komplett neues Outfit, und das Sortiment im Weltladen wird um \u00f6kofaire Textilien erweitert.<\/p>\n<p>Drei Osterhasen gehen vor den Feiertagen in den symbolischen Streik und machen mit Infost\u00e4nden auf die Dumpingpreise im Kakaosektor aufmerksam.<\/p>\n<p>Im November gewinnt unser Verein unter 26 eingereichten Vorschl\u00e4gen den ersten Preis bei der Verleihung des \u201e\u00d6kumenischen F\u00f6rderpreises Eine Welt 2022\u201c in Schwerin.<\/p>\n<p><a href=\"https:\/\/weltlaeden.de\/greifswald\/wp-content\/uploads\/sites\/167\/2023\/05\/Jahresbericht-2022.pdf\">2022 Jahresbericht<\/a><\/p>\n<p><strong>2023<\/strong><\/p>\n<p>Die Stadt Greifswald verteidigt ihren Titel als &#8222;Fairtrade-Town&#8220; erfolgreich. Hervorgehoben wurden dabei insbesondere die Aktivit\u00e4ten im Sportbereich, sowie bei der Beschaffung von Natursteinen.<\/p>\n<p><a href=\"https:\/\/weltlaeden.de\/greifswald\/wp-content\/uploads\/sites\/167\/2026\/01\/Jahresbericht-2023.pdf\">2023 Jahresbericht<\/a><\/p>\n<p><strong>2024<\/strong><\/p>\n<p>Nach fast 30 Jahren Projektpartnerschaft mit Mata de <span class=\"BxUVEf ILfuVd\" lang=\"de\"><span class=\"hgKElc pOOWX\">Pi\u00f1a<\/span><\/span> entschieden wir uns, die finanzielle Unterst\u00fctzung f\u00fcr die Gemeinde in El Salvador nicht mehr im bisherigen Umfang fortzuf\u00fchren. K\u00fcnftig stellen wir einen Sockelbetrag f\u00fcr den Bildungsbereich zur Verf\u00fcgung.<\/p>\n<p><a href=\"https:\/\/weltlaeden.de\/greifswald\/wp-content\/uploads\/sites\/167\/2026\/01\/Jahresbericht-2024.pdf\">2024 Jahresbericht<\/a><\/p>\n<\/div>\n<p>[\/vc_column_text][\/vc_column][\/vc_row]<\/p>\n<\/div>","protected":false},"excerpt":{"rendered":"<p>[vc_row][vc_column][vc_column_text css=&#8220;&#8220;] Eine Chronik des Weltladen Greifswalds Die Geschichte des Greifswalder Weltladens beginnt wie die vieler Weltl\u00e4den: 1990 entschlie\u00dft sich die evangelische Studentengemeinde, fair gehandelte Waren im Turm der Jacobi-Kirche anzubieten. Ende 1991 er\u00f6ffnen die Student:innen ihr eigenes Ladenlokal im Soziokulturellen Zentrum \u201eSt. Spiritus\u201c. Seitdem l\u00e4dt der Weltladen dort zum St\u00f6bern, Staunen, Fragen, Kaufen und&hellip;<\/p>\n","protected":false},"author":239,"featured_media":0,"parent":219,"menu_order":2,"comment_status":"closed","ping_status":"closed","template":"","meta":{"footnotes":""},"class_list":["post-835","page","type-page","status-publish","hentry","description-off"],"yoast_head":"<!-- This site is optimized with the Yoast SEO plugin v26.8 - https:\/\/yoast.com\/product\/yoast-seo-wordpress\/ -->\n<title>Eine Chronik des Weltladen Greifswalds - Weltladen Greifswald<\/title>\n<meta name=\"robots\" content=\"index, follow, max-snippet:-1, max-image-preview:large, max-video-preview:-1\" \/>\n<link rel=\"canonical\" href=\"https:\/\/weltlaeden.de\/greifswald\/ueber-uns\/eine-kleine-chronik-des-weltladen-greifswalds\/\" \/>\n<meta property=\"og:locale\" content=\"de_DE\" \/>\n<meta property=\"og:type\" content=\"article\" \/>\n<meta property=\"og:title\" content=\"Eine Chronik des Weltladen Greifswalds - Weltladen Greifswald\" \/>\n<meta property=\"og:description\" content=\"[vc_row][vc_column][vc_column_text css=&#8220;&#8220;] Eine Chronik des Weltladen Greifswalds Die Geschichte des Greifswalder Weltladens beginnt wie die vieler Weltl\u00e4den: 1990 entschlie\u00dft sich die evangelische Studentengemeinde, fair gehandelte Waren im Turm der Jacobi-Kirche anzubieten. Ende 1991 er\u00f6ffnen die Student:innen ihr eigenes Ladenlokal im Soziokulturellen Zentrum \u201eSt. Spiritus\u201c. Seitdem l\u00e4dt der Weltladen dort zum St\u00f6bern, Staunen, Fragen, Kaufen und&hellip;\" \/>\n<meta property=\"og:url\" content=\"https:\/\/weltlaeden.de\/greifswald\/ueber-uns\/eine-kleine-chronik-des-weltladen-greifswalds\/\" \/>\n<meta property=\"og:site_name\" content=\"Weltladen Greifswald\" \/>\n<meta property=\"article:modified_time\" content=\"2026-02-11T16:38:48+00:00\" \/>\n<meta name=\"twitter:card\" content=\"summary_large_image\" \/>\n<meta name=\"twitter:label1\" content=\"Gesch\u00e4tzte Lesezeit\" \/>\n\t<meta name=\"twitter:data1\" content=\"6\u00a0Minuten\" \/>\n<script type=\"application\/ld+json\" class=\"yoast-schema-graph\">{\"@context\":\"https:\/\/schema.org\",\"@graph\":[{\"@type\":\"WebPage\",\"@id\":\"https:\/\/weltlaeden.de\/greifswald\/ueber-uns\/eine-kleine-chronik-des-weltladen-greifswalds\/\",\"url\":\"https:\/\/weltlaeden.de\/greifswald\/ueber-uns\/eine-kleine-chronik-des-weltladen-greifswalds\/\",\"name\":\"Eine Chronik des Weltladen Greifswalds - Weltladen Greifswald\",\"isPartOf\":{\"@id\":\"https:\/\/weltlaeden.de\/greifswald\/#website\"},\"datePublished\":\"2022-02-09T16:31:25+00:00\",\"dateModified\":\"2026-02-11T16:38:48+00:00\",\"breadcrumb\":{\"@id\":\"https:\/\/weltlaeden.de\/greifswald\/ueber-uns\/eine-kleine-chronik-des-weltladen-greifswalds\/#breadcrumb\"},\"inLanguage\":\"de\",\"potentialAction\":[{\"@type\":\"ReadAction\",\"target\":[\"https:\/\/weltlaeden.de\/greifswald\/ueber-uns\/eine-kleine-chronik-des-weltladen-greifswalds\/\"]}]},{\"@type\":\"BreadcrumbList\",\"@id\":\"https:\/\/weltlaeden.de\/greifswald\/ueber-uns\/eine-kleine-chronik-des-weltladen-greifswalds\/#breadcrumb\",\"itemListElement\":[{\"@type\":\"ListItem\",\"position\":1,\"name\":\"Startseite\",\"item\":\"https:\/\/weltlaeden.de\/greifswald\/\"},{\"@type\":\"ListItem\",\"position\":2,\"name\":\"\u00dcber uns\",\"item\":\"https:\/\/weltlaeden.de\/greifswald\/ueber-uns\/\"},{\"@type\":\"ListItem\",\"position\":3,\"name\":\"Eine Chronik des Weltladen Greifswalds\"}]},{\"@type\":\"WebSite\",\"@id\":\"https:\/\/weltlaeden.de\/greifswald\/#website\",\"url\":\"https:\/\/weltlaeden.de\/greifswald\/\",\"name\":\"Weltladen Greifswald\",\"description\":\"Faire Produkte seit 1990\",\"potentialAction\":[{\"@type\":\"SearchAction\",\"target\":{\"@type\":\"EntryPoint\",\"urlTemplate\":\"https:\/\/weltlaeden.de\/greifswald\/?s={search_term_string}\"},\"query-input\":{\"@type\":\"PropertyValueSpecification\",\"valueRequired\":true,\"valueName\":\"search_term_string\"}}],\"inLanguage\":\"de\"}]}<\/script>\n<!-- \/ Yoast SEO plugin. -->","yoast_head_json":{"title":"Eine Chronik des Weltladen Greifswalds - Weltladen Greifswald","robots":{"index":"index","follow":"follow","max-snippet":"max-snippet:-1","max-image-preview":"max-image-preview:large","max-video-preview":"max-video-preview:-1"},"canonical":"https:\/\/weltlaeden.de\/greifswald\/ueber-uns\/eine-kleine-chronik-des-weltladen-greifswalds\/","og_locale":"de_DE","og_type":"article","og_title":"Eine Chronik des Weltladen Greifswalds - Weltladen Greifswald","og_description":"[vc_row][vc_column][vc_column_text css=&#8220;&#8220;] Eine Chronik des Weltladen Greifswalds Die Geschichte des Greifswalder Weltladens beginnt wie die vieler Weltl\u00e4den: 1990 entschlie\u00dft sich die evangelische Studentengemeinde, fair gehandelte Waren im Turm der Jacobi-Kirche anzubieten. Ende 1991 er\u00f6ffnen die Student:innen ihr eigenes Ladenlokal im Soziokulturellen Zentrum \u201eSt. Spiritus\u201c. Seitdem l\u00e4dt der Weltladen dort zum St\u00f6bern, Staunen, Fragen, Kaufen und&hellip;","og_url":"https:\/\/weltlaeden.de\/greifswald\/ueber-uns\/eine-kleine-chronik-des-weltladen-greifswalds\/","og_site_name":"Weltladen Greifswald","article_modified_time":"2026-02-11T16:38:48+00:00","twitter_card":"summary_large_image","twitter_misc":{"Gesch\u00e4tzte Lesezeit":"6\u00a0Minuten"},"schema":{"@context":"https:\/\/schema.org","@graph":[{"@type":"WebPage","@id":"https:\/\/weltlaeden.de\/greifswald\/ueber-uns\/eine-kleine-chronik-des-weltladen-greifswalds\/","url":"https:\/\/weltlaeden.de\/greifswald\/ueber-uns\/eine-kleine-chronik-des-weltladen-greifswalds\/","name":"Eine Chronik des Weltladen Greifswalds - Weltladen Greifswald","isPartOf":{"@id":"https:\/\/weltlaeden.de\/greifswald\/#website"},"datePublished":"2022-02-09T16:31:25+00:00","dateModified":"2026-02-11T16:38:48+00:00","breadcrumb":{"@id":"https:\/\/weltlaeden.de\/greifswald\/ueber-uns\/eine-kleine-chronik-des-weltladen-greifswalds\/#breadcrumb"},"inLanguage":"de","potentialAction":[{"@type":"ReadAction","target":["https:\/\/weltlaeden.de\/greifswald\/ueber-uns\/eine-kleine-chronik-des-weltladen-greifswalds\/"]}]},{"@type":"BreadcrumbList","@id":"https:\/\/weltlaeden.de\/greifswald\/ueber-uns\/eine-kleine-chronik-des-weltladen-greifswalds\/#breadcrumb","itemListElement":[{"@type":"ListItem","position":1,"name":"Startseite","item":"https:\/\/weltlaeden.de\/greifswald\/"},{"@type":"ListItem","position":2,"name":"\u00dcber uns","item":"https:\/\/weltlaeden.de\/greifswald\/ueber-uns\/"},{"@type":"ListItem","position":3,"name":"Eine Chronik des Weltladen Greifswalds"}]},{"@type":"WebSite","@id":"https:\/\/weltlaeden.de\/greifswald\/#website","url":"https:\/\/weltlaeden.de\/greifswald\/","name":"Weltladen Greifswald","description":"Faire Produkte seit 1990","potentialAction":[{"@type":"SearchAction","target":{"@type":"EntryPoint","urlTemplate":"https:\/\/weltlaeden.de\/greifswald\/?s={search_term_string}"},"query-input":{"@type":"PropertyValueSpecification","valueRequired":true,"valueName":"search_term_string"}}],"inLanguage":"de"}]}},"_links":{"self":[{"href":"https:\/\/weltlaeden.de\/greifswald\/wp-json\/wp\/v2\/pages\/835","targetHints":{"allow":["GET"]}}],"collection":[{"href":"https:\/\/weltlaeden.de\/greifswald\/wp-json\/wp\/v2\/pages"}],"about":[{"href":"https:\/\/weltlaeden.de\/greifswald\/wp-json\/wp\/v2\/types\/page"}],"author":[{"embeddable":true,"href":"https:\/\/weltlaeden.de\/greifswald\/wp-json\/wp\/v2\/users\/239"}],"replies":[{"embeddable":true,"href":"https:\/\/weltlaeden.de\/greifswald\/wp-json\/wp\/v2\/comments?post=835"}],"version-history":[{"count":16,"href":"https:\/\/weltlaeden.de\/greifswald\/wp-json\/wp\/v2\/pages\/835\/revisions"}],"predecessor-version":[{"id":1441,"href":"https:\/\/weltlaeden.de\/greifswald\/wp-json\/wp\/v2\/pages\/835\/revisions\/1441"}],"up":[{"embeddable":true,"href":"https:\/\/weltlaeden.de\/greifswald\/wp-json\/wp\/v2\/pages\/219"}],"wp:attachment":[{"href":"https:\/\/weltlaeden.de\/greifswald\/wp-json\/wp\/v2\/media?parent=835"}],"curies":[{"name":"wp","href":"https:\/\/api.w.org\/{rel}","templated":true}]}}