{"id":1409,"date":"2025-12-23T16:43:35","date_gmt":"2025-12-23T15:43:35","guid":{"rendered":"https:\/\/weltlaeden.de\/greifswald\/ueber-uns\/wo-findet-ihr-uns\/"},"modified":"2026-01-11T18:13:31","modified_gmt":"2026-01-11T17:13:31","slug":"wo-findet-ihr-uns","status":"publish","type":"page","link":"https:\/\/weltlaeden.de\/greifswald\/ueber-uns\/wo-findet-ihr-uns\/","title":{"rendered":"Wo findet ihr uns?"},"content":{"rendered":"<div class=\"wpb-content-wrapper\"><h1>Wo findet ihr uns?<\/h1>\n<p>[vc_column_text]<\/p>\n<h4 id=\"wer-wir-sind\">Kulturzentrum &#8222;St. Spiritus&#8220; in der Hansestadt Greifswald<\/h4>\n<p>Kurz und knapp habt ihr hier unsere Adresse:<\/p>\n<p><strong>Weltblick: Fairer Handel, Bildung, Projekte e.V.<\/strong><br \/>\nc\/o Kulturzentrum &#8222;St. Spiritus&#8220; Lange Stra\u00dfe 49<br \/>\n17489 Greifswald<\/p>\n<p>Der Abschnitt der Langen Stra\u00dfe ist eine Fu\u00dfg\u00e4ngerzone und somit sind wir direkt bis vor die Haust\u00fcr nur zu Fu\u00df und dem Fahrrad zu erreichen.<br \/>\nWollt ihr mehr einkaufen und braucht mehr als zwei R\u00e4der? Dann befinden sich in unmittelbarer N\u00e4he mehrere Parkm\u00f6glichkeiten &#8211; darunter im Parkhaus vom Domcenter direkt gegen\u00fcber.<\/p>\n<p>&nbsp;<\/p>\n<p>[vc_column][vc_empty_space][vc_column_text]<\/p>\n<h1>\u00d6ffnungszeiten<\/h1>\n<p>[\/vc_column_text][vc_column_text css=&#8220;&#8220;]<\/p>\n<h4 id=\"wir-suchen-stetig-verst\u00e4rkung\">An f\u00fcnf Tagen ge\u00f6ffnet!<\/h4>\n<p>Wir f\u00fchren unseren kleinen Weltladen g\u00e4nzlich ehrenamtlich und versuchen so viele \u00d6ffnungszeiten f\u00fcr euch zu erm\u00f6glichen. Sollte es zu kurzfristigen Abweichungen kommen, bitten wir hier um eure Nachsicht.<\/p>\n<p>Ihr k\u00f6nnt uns wie folgt im Gesch\u00e4ft antreffen:<\/p>\n<p>Montag \u00a0 14 &#8211; 18 Uhr<br \/>\nDienstag 12 &#8211; 18 Uhr<br \/>\nMittwoch geschlossen<br \/>\nDonnerstag 12 &#8211; 18 Uhr<br \/>\nFreitag 12 &#8211; 18 Uhr<br \/>\nSamstag 11 &#8211; 14 Uhr<br \/>\nSonntag geschlossen<\/p>\n<p>[vc_row][vc_column][vc_empty_space][vc_column_text]<\/p>\n<\/div>","protected":false},"excerpt":{"rendered":"<p>Wo findet ihr uns? [vc_column_text] Kulturzentrum &#8222;St. Spiritus&#8220; in der Hansestadt Greifswald Kurz und knapp habt ihr hier unsere Adresse: Weltblick: Fairer Handel, Bildung, Projekte e.V. c\/o Kulturzentrum &#8222;St. Spiritus&#8220; Lange Stra\u00dfe 49 17489 Greifswald Der Abschnitt der Langen Stra\u00dfe ist eine Fu\u00dfg\u00e4ngerzone und somit sind wir direkt bis vor die Haust\u00fcr nur zu Fu\u00df&hellip;<\/p>\n","protected":false},"author":239,"featured_media":0,"parent":219,"menu_order":0,"comment_status":"closed","ping_status":"closed","template":"","meta":{"footnotes":""},"class_list":["post-1409","page","type-page","status-publish","hentry","description-off"],"yoast_head":"<!-- This site is optimized with the Yoast SEO plugin v26.8 - https:\/\/yoast.com\/product\/yoast-seo-wordpress\/ -->\n<title>Wo findet ihr uns? - Weltladen Greifswald<\/title>\n<meta name=\"robots\" content=\"index, follow, max-snippet:-1, max-image-preview:large, max-video-preview:-1\" \/>\n<link rel=\"canonical\" href=\"https:\/\/weltlaeden.de\/greifswald\/ueber-uns\/wo-findet-ihr-uns\/\" \/>\n<meta property=\"og:locale\" content=\"de_DE\" \/>\n<meta property=\"og:type\" content=\"article\" \/>\n<meta property=\"og:title\" content=\"Wo findet ihr uns? - Weltladen Greifswald\" \/>\n<meta property=\"og:description\" content=\"Wo findet ihr uns? [vc_column_text] Kulturzentrum &#8222;St. Spiritus&#8220; in der Hansestadt Greifswald Kurz und knapp habt ihr hier unsere Adresse: Weltblick: Fairer Handel, Bildung, Projekte e.V. c\/o Kulturzentrum &#8222;St. Spiritus&#8220; Lange Stra\u00dfe 49 17489 Greifswald Der Abschnitt der Langen Stra\u00dfe ist eine Fu\u00dfg\u00e4ngerzone und somit sind wir direkt bis vor die Haust\u00fcr nur zu Fu\u00df&hellip;\" \/>\n<meta property=\"og:url\" content=\"https:\/\/weltlaeden.de\/greifswald\/ueber-uns\/wo-findet-ihr-uns\/\" \/>\n<meta property=\"og:site_name\" content=\"Weltladen Greifswald\" \/>\n<meta property=\"article:modified_time\" content=\"2026-01-11T17:13:31+00:00\" \/>\n<meta name=\"twitter:card\" content=\"summary_large_image\" \/>\n<meta name=\"twitter:label1\" content=\"Gesch\u00e4tzte Lesezeit\" \/>\n\t<meta name=\"twitter:data1\" content=\"1\u00a0Minute\" \/>\n<script type=\"application\/ld+json\" class=\"yoast-schema-graph\">{\"@context\":\"https:\/\/schema.org\",\"@graph\":[{\"@type\":\"WebPage\",\"@id\":\"https:\/\/weltlaeden.de\/greifswald\/ueber-uns\/wo-findet-ihr-uns\/\",\"url\":\"https:\/\/weltlaeden.de\/greifswald\/ueber-uns\/wo-findet-ihr-uns\/\",\"name\":\"Wo findet ihr uns? - Weltladen Greifswald\",\"isPartOf\":{\"@id\":\"https:\/\/weltlaeden.de\/greifswald\/#website\"},\"datePublished\":\"2025-12-23T15:43:35+00:00\",\"dateModified\":\"2026-01-11T17:13:31+00:00\",\"breadcrumb\":{\"@id\":\"https:\/\/weltlaeden.de\/greifswald\/ueber-uns\/wo-findet-ihr-uns\/#breadcrumb\"},\"inLanguage\":\"de\",\"potentialAction\":[{\"@type\":\"ReadAction\",\"target\":[\"https:\/\/weltlaeden.de\/greifswald\/ueber-uns\/wo-findet-ihr-uns\/\"]}]},{\"@type\":\"BreadcrumbList\",\"@id\":\"https:\/\/weltlaeden.de\/greifswald\/ueber-uns\/wo-findet-ihr-uns\/#breadcrumb\",\"itemListElement\":[{\"@type\":\"ListItem\",\"position\":1,\"name\":\"Startseite\",\"item\":\"https:\/\/weltlaeden.de\/greifswald\/\"},{\"@type\":\"ListItem\",\"position\":2,\"name\":\"\u00dcber uns\",\"item\":\"https:\/\/weltlaeden.de\/greifswald\/ueber-uns\/\"},{\"@type\":\"ListItem\",\"position\":3,\"name\":\"Wo findet ihr uns?\"}]},{\"@type\":\"WebSite\",\"@id\":\"https:\/\/weltlaeden.de\/greifswald\/#website\",\"url\":\"https:\/\/weltlaeden.de\/greifswald\/\",\"name\":\"Weltladen Greifswald\",\"description\":\"Faire Produkte seit 1990\",\"potentialAction\":[{\"@type\":\"SearchAction\",\"target\":{\"@type\":\"EntryPoint\",\"urlTemplate\":\"https:\/\/weltlaeden.de\/greifswald\/?s={search_term_string}\"},\"query-input\":{\"@type\":\"PropertyValueSpecification\",\"valueRequired\":true,\"valueName\":\"search_term_string\"}}],\"inLanguage\":\"de\"}]}<\/script>\n<!-- \/ Yoast SEO plugin. -->","yoast_head_json":{"title":"Wo findet ihr uns? - Weltladen Greifswald","robots":{"index":"index","follow":"follow","max-snippet":"max-snippet:-1","max-image-preview":"max-image-preview:large","max-video-preview":"max-video-preview:-1"},"canonical":"https:\/\/weltlaeden.de\/greifswald\/ueber-uns\/wo-findet-ihr-uns\/","og_locale":"de_DE","og_type":"article","og_title":"Wo findet ihr uns? - Weltladen Greifswald","og_description":"Wo findet ihr uns? [vc_column_text] Kulturzentrum &#8222;St. Spiritus&#8220; in der Hansestadt Greifswald Kurz und knapp habt ihr hier unsere Adresse: Weltblick: Fairer Handel, Bildung, Projekte e.V. c\/o Kulturzentrum &#8222;St. Spiritus&#8220; Lange Stra\u00dfe 49 17489 Greifswald Der Abschnitt der Langen Stra\u00dfe ist eine Fu\u00dfg\u00e4ngerzone und somit sind wir direkt bis vor die Haust\u00fcr nur zu Fu\u00df&hellip;","og_url":"https:\/\/weltlaeden.de\/greifswald\/ueber-uns\/wo-findet-ihr-uns\/","og_site_name":"Weltladen Greifswald","article_modified_time":"2026-01-11T17:13:31+00:00","twitter_card":"summary_large_image","twitter_misc":{"Gesch\u00e4tzte Lesezeit":"1\u00a0Minute"},"schema":{"@context":"https:\/\/schema.org","@graph":[{"@type":"WebPage","@id":"https:\/\/weltlaeden.de\/greifswald\/ueber-uns\/wo-findet-ihr-uns\/","url":"https:\/\/weltlaeden.de\/greifswald\/ueber-uns\/wo-findet-ihr-uns\/","name":"Wo findet ihr uns? - Weltladen Greifswald","isPartOf":{"@id":"https:\/\/weltlaeden.de\/greifswald\/#website"},"datePublished":"2025-12-23T15:43:35+00:00","dateModified":"2026-01-11T17:13:31+00:00","breadcrumb":{"@id":"https:\/\/weltlaeden.de\/greifswald\/ueber-uns\/wo-findet-ihr-uns\/#breadcrumb"},"inLanguage":"de","potentialAction":[{"@type":"ReadAction","target":["https:\/\/weltlaeden.de\/greifswald\/ueber-uns\/wo-findet-ihr-uns\/"]}]},{"@type":"BreadcrumbList","@id":"https:\/\/weltlaeden.de\/greifswald\/ueber-uns\/wo-findet-ihr-uns\/#breadcrumb","itemListElement":[{"@type":"ListItem","position":1,"name":"Startseite","item":"https:\/\/weltlaeden.de\/greifswald\/"},{"@type":"ListItem","position":2,"name":"\u00dcber uns","item":"https:\/\/weltlaeden.de\/greifswald\/ueber-uns\/"},{"@type":"ListItem","position":3,"name":"Wo findet ihr uns?"}]},{"@type":"WebSite","@id":"https:\/\/weltlaeden.de\/greifswald\/#website","url":"https:\/\/weltlaeden.de\/greifswald\/","name":"Weltladen Greifswald","description":"Faire Produkte seit 1990","potentialAction":[{"@type":"SearchAction","target":{"@type":"EntryPoint","urlTemplate":"https:\/\/weltlaeden.de\/greifswald\/?s={search_term_string}"},"query-input":{"@type":"PropertyValueSpecification","valueRequired":true,"valueName":"search_term_string"}}],"inLanguage":"de"}]}},"_links":{"self":[{"href":"https:\/\/weltlaeden.de\/greifswald\/wp-json\/wp\/v2\/pages\/1409","targetHints":{"allow":["GET"]}}],"collection":[{"href":"https:\/\/weltlaeden.de\/greifswald\/wp-json\/wp\/v2\/pages"}],"about":[{"href":"https:\/\/weltlaeden.de\/greifswald\/wp-json\/wp\/v2\/types\/page"}],"author":[{"embeddable":true,"href":"https:\/\/weltlaeden.de\/greifswald\/wp-json\/wp\/v2\/users\/239"}],"replies":[{"embeddable":true,"href":"https:\/\/weltlaeden.de\/greifswald\/wp-json\/wp\/v2\/comments?post=1409"}],"version-history":[{"count":8,"href":"https:\/\/weltlaeden.de\/greifswald\/wp-json\/wp\/v2\/pages\/1409\/revisions"}],"predecessor-version":[{"id":1435,"href":"https:\/\/weltlaeden.de\/greifswald\/wp-json\/wp\/v2\/pages\/1409\/revisions\/1435"}],"up":[{"embeddable":true,"href":"https:\/\/weltlaeden.de\/greifswald\/wp-json\/wp\/v2\/pages\/219"}],"wp:attachment":[{"href":"https:\/\/weltlaeden.de\/greifswald\/wp-json\/wp\/v2\/media?parent=1409"}],"curies":[{"name":"wp","href":"https:\/\/api.w.org\/{rel}","templated":true}]}}