{"version":"1.0","provider_name":"Weltladen Greifswald","provider_url":"https:\/\/weltlaeden.de\/greifswald","title":"Weltladentag 2024 - Weltladen Greifswald","type":"rich","width":600,"height":338,"html":"<blockquote class=\"wp-embedded-content\" data-secret=\"vqRgf7nG3X\"><a href=\"https:\/\/weltlaeden.de\/greifswald\/termin\/weltladentag-2024\/\">Weltladentag 2024<\/a><\/blockquote><iframe sandbox=\"allow-scripts\" security=\"restricted\" src=\"https:\/\/weltlaeden.de\/greifswald\/termin\/weltladentag-2024\/embed\/#?secret=vqRgf7nG3X\" width=\"600\" height=\"338\" title=\"&#8222;Weltladentag 2024&#8220; &#8211; Weltladen Greifswald\" data-secret=\"vqRgf7nG3X\" frameborder=\"0\" marginwidth=\"0\" marginheight=\"0\" scrolling=\"no\" class=\"wp-embedded-content\"><\/iframe><script>\n\/*! This file is auto-generated *\/\n!function(d,l){\"use strict\";l.querySelector&&d.addEventListener&&\"undefined\"!=typeof URL&&(d.wp=d.wp||{},d.wp.receiveEmbedMessage||(d.wp.receiveEmbedMessage=function(e){var t=e.data;if((t||t.secret||t.message||t.value)&&!\/[^a-zA-Z0-9]\/.test(t.secret)){for(var s,r,n,a=l.querySelectorAll('iframe[data-secret=\"'+t.secret+'\"]'),o=l.querySelectorAll('blockquote[data-secret=\"'+t.secret+'\"]'),c=new RegExp(\"^https?:$\",\"i\"),i=0;i<o.length;i++)o[i].style.display=\"none\";for(i=0;i<a.length;i++)s=a[i],e.source===s.contentWindow&&(s.removeAttribute(\"style\"),\"height\"===t.message?(1e3<(r=parseInt(t.value,10))?r=1e3:~~r<200&&(r=200),s.height=r):\"link\"===t.message&&(r=new URL(s.getAttribute(\"src\")),n=new URL(t.value),c.test(n.protocol))&&n.host===r.host&&l.activeElement===s&&(d.top.location.href=t.value))}},d.addEventListener(\"message\",d.wp.receiveEmbedMessage,!1),l.addEventListener(\"DOMContentLoaded\",function(){for(var e,t,s=l.querySelectorAll(\"iframe.wp-embedded-content\"),r=0;r<s.length;r++)(t=(e=s[r]).getAttribute(\"data-secret\"))||(t=Math.random().toString(36).substring(2,12),e.src+=\"#?secret=\"+t,e.setAttribute(\"data-secret\",t)),e.contentWindow.postMessage({message:\"ready\",secret:t},\"*\")},!1)))}(window,document);\n<\/script>\n","thumbnail_url":"https:\/\/weltlaeden.de\/greifswald\/wp-content\/uploads\/sites\/167\/2024\/04\/karussell_1.png","thumbnail_width":1080,"thumbnail_height":1080,"description":"Jedes Jahr ist am 2.Samstag im Mai Weltladentag. Am politischen Aktionstag der Weltl\u00e4den finden bundesweit vielz\u00e4hlige Aktionen statt, um auf ein gemeinsames Anliegen des Fairen Handels aufmerksam zu machen. Dieses Jahr geht es unter dem Motto &#8222;F\u00fcr Klimasch\u00e4den Verantwortung \u00fcbernehmen&#8220; um Klimagerechtigkeit. Kommt vorbei und unterschreibt unsere Forderung f\u00fcr Fairen Handel und mehr Klimagerechtigkeit. Wann:&hellip;"}

Jedes Jahr ist am 2.Samstag im Mai Weltladentag. Am politischen Aktionstag der Weltläden finden bundesweit vielzählige Aktionen statt, um auf ein gemeinsames Anliegen des Fairen Handels aufmerksam zu machen. Dieses Jahr geht es unter dem Motto &#8222;Für Klimaschäden Verantwortung übernehmen&#8220; um Klimagerechtigkeit. Kommt vorbei und unterschreibt unsere Forderung für Fairen Handel und mehr Klimagerechtigkeit. Wann:&hellip;
