{"id":23,"date":"2016-10-14T09:05:21","date_gmt":"2016-10-14T07:05:21","guid":{"rendered":"https:\/\/wl.heimpixel.de\/vorlage\/termine\/"},"modified":"2025-07-07T09:43:04","modified_gmt":"2025-07-07T07:43:04","slug":"termine","status":"publish","type":"page","link":"https:\/\/weltlaeden.de\/goeppingen\/termine\/","title":{"rendered":"Termine"},"content":{"rendered":"<div class=\"wpb-content-wrapper\"><p>[vc_row][vc_column width=&#8220;1\/2&#8243;]<div class=\"wl_einzelbild\"><p><img loading=\"lazy\" decoding=\"async\" class=\"aligncenter size-full wp-image-nsm-3-33\" src=\"https:\/\/weltlaeden.de\/goeppingen\/wp-content\/uploads\/sites\/3\/2018\/07\/pocket-watch-1637396_1920_pixabay.png\" alt=\"\" width=\"787\" height=\"340\" \/><\/p><\/div>[vc_empty_space height=&#8220;30px&#8220;][vc_column_text css=&#8220;&#8220;]<\/p>\n<h2>Faires Fr\u00fchst\u00fcck<\/h2>\n<p>Samstag, 20.09.2025, 09.00-12.00 Uhr<br \/>\nGlobales Klassenzimmer<br \/>\nFreihofstr. 35<br \/>\nG\u00f6ppingen<\/p>\n<p>&nbsp;<\/p>\n<p>&nbsp;<\/p>\n<hr \/>\n<h2><\/h2>\n<h2>Faires Fr\u00fchst\u00fcck<\/h2>\n<p>Samstag, 28.09.2024, 09.00-12.00 Uhr<br \/>\nGlobales Klassenzimmer<br \/>\nFreihofstr. 35<br \/>\nG\u00f6ppingen<\/p>\n<p>&nbsp;<\/p>\n<hr \/>\n<h2><\/h2>\n<h2>Ausstellungser\u00f6ffnung<\/h2>\n<p>Klimakatastrophe als Fluchtursache<br \/>\nMontag, 24.06.2024, 17.30 Uhr<br \/>\nLandratsamt G\u00f6ppingen Foyer<br \/>\nweitere Informationen im Newsletter Juni 2024<\/p>\n<p>&nbsp;<\/p>\n<hr \/>\n<h2><\/h2>\n<h2>Vortrag und Diskussion<\/h2>\n<p>Niemand darf in Sklaverei gehalten werden-<br \/>\nModerne Sklaverei heute?<br \/>\nMittwoch, 13.03.2024, 20.00 Uhr<br \/>\nGlobales Klassenzimmer<br \/>\nFreihofstr. 35, G\u00f6ppingen<\/p>\n<p>&nbsp;<\/p>\n<hr \/>\n<h2><\/h2>\n<p>[\/vc_column_text][vc_empty_space height=&#8220;30px&#8220;][vc_column_text][\/vc_column_text][\/vc_column][vc_column width=&#8220;1\/2&#8243;]<div class=\"wl_einzelbild\"><p><\/p><\/div>[vc_empty_space height=&#8220;30px&#8220;][vc_single_image image=&#8220;481&#8243; img_size=&#8220;2480&#215;1772&#8243;][vc_empty_space height=&#8220;30px&#8220;][\/vc_column][\/vc_row][vc_row][vc_column][vc_column_text css=&#8220;&#8220;]<\/p>\n<hr \/>\n<p>[\/vc_column_text][\/vc_column][\/vc_row]<\/p>\n<\/div>","protected":false},"excerpt":{"rendered":"<p>[vc_row][vc_column width=&#8220;1\/2&#8243;][vc_empty_space height=&#8220;30px&#8220;][vc_column_text css=&#8220;&#8220;] Faires Fr\u00fchst\u00fcck Samstag, 20.09.2025, 09.00-12.00 Uhr Globales Klassenzimmer Freihofstr. 35 G\u00f6ppingen &nbsp; &nbsp; Faires Fr\u00fchst\u00fcck Samstag, 28.09.2024, 09.00-12.00 Uhr Globales Klassenzimmer Freihofstr. 35 G\u00f6ppingen &nbsp; Ausstellungser\u00f6ffnung Klimakatastrophe als Fluchtursache Montag, 24.06.2024, 17.30 Uhr Landratsamt G\u00f6ppingen Foyer weitere Informationen im Newsletter Juni 2024 &nbsp; Vortrag und Diskussion Niemand darf in Sklaverei gehalten&hellip;<\/p>\n","protected":false},"author":1,"featured_media":0,"parent":0,"menu_order":10,"comment_status":"closed","ping_status":"closed","template":"","meta":{"footnotes":""},"class_list":["post-23","page","type-page","status-publish","hentry","description-off"],"yoast_head":"<!-- This site is optimized with the Yoast SEO plugin v26.8 - https:\/\/yoast.com\/product\/yoast-seo-wordpress\/ -->\n<title>Termine - Weltladen G\u00f6ppingen<\/title>\n<meta name=\"robots\" content=\"index, follow, max-snippet:-1, max-image-preview:large, max-video-preview:-1\" \/>\n<link rel=\"canonical\" href=\"https:\/\/weltlaeden.de\/goeppingen\/termine\/\" \/>\n<meta property=\"og:locale\" content=\"de_DE\" \/>\n<meta property=\"og:type\" content=\"article\" \/>\n<meta property=\"og:title\" content=\"Termine - Weltladen G\u00f6ppingen\" \/>\n<meta property=\"og:description\" content=\"[vc_row][vc_column width=&#8220;1\/2&#8243;][vc_empty_space height=&#8220;30px&#8220;][vc_column_text css=&#8220;&#8220;] Faires Fr\u00fchst\u00fcck Samstag, 20.09.2025, 09.00-12.00 Uhr Globales Klassenzimmer Freihofstr. 35 G\u00f6ppingen &nbsp; &nbsp; Faires Fr\u00fchst\u00fcck Samstag, 28.09.2024, 09.00-12.00 Uhr Globales Klassenzimmer Freihofstr. 35 G\u00f6ppingen &nbsp; Ausstellungser\u00f6ffnung Klimakatastrophe als Fluchtursache Montag, 24.06.2024, 17.30 Uhr Landratsamt G\u00f6ppingen Foyer weitere Informationen im Newsletter Juni 2024 &nbsp; Vortrag und Diskussion Niemand darf in Sklaverei gehalten&hellip;\" \/>\n<meta property=\"og:url\" content=\"https:\/\/weltlaeden.de\/goeppingen\/termine\/\" \/>\n<meta property=\"og:site_name\" content=\"Weltladen G\u00f6ppingen\" \/>\n<meta property=\"article:modified_time\" content=\"2025-07-07T07:43:04+00:00\" \/>\n<meta property=\"og:image\" content=\"https:\/\/weltlaeden.de\/goeppingen\/wp-content\/uploads\/sites\/3\/2018\/07\/pocket-watch-1637396_1920_pixabay.png\" \/>\n<meta name=\"twitter:card\" content=\"summary_large_image\" \/>\n<meta name=\"twitter:label1\" content=\"Gesch\u00e4tzte Lesezeit\" \/>\n\t<meta name=\"twitter:data1\" content=\"1\u00a0Minute\" \/>\n<script type=\"application\/ld+json\" class=\"yoast-schema-graph\">{\"@context\":\"https:\/\/schema.org\",\"@graph\":[{\"@type\":\"WebPage\",\"@id\":\"https:\/\/weltlaeden.de\/goeppingen\/termine\/\",\"url\":\"https:\/\/weltlaeden.de\/goeppingen\/termine\/\",\"name\":\"Termine - Weltladen G\u00f6ppingen\",\"isPartOf\":{\"@id\":\"https:\/\/weltlaeden.de\/goeppingen\/#website\"},\"primaryImageOfPage\":{\"@id\":\"https:\/\/weltlaeden.de\/goeppingen\/termine\/#primaryimage\"},\"image\":{\"@id\":\"https:\/\/weltlaeden.de\/goeppingen\/termine\/#primaryimage\"},\"thumbnailUrl\":\"https:\/\/weltlaeden.de\/goeppingen\/wp-content\/uploads\/sites\/3\/2018\/07\/pocket-watch-1637396_1920_pixabay.png\",\"datePublished\":\"2016-10-14T07:05:21+00:00\",\"dateModified\":\"2025-07-07T07:43:04+00:00\",\"breadcrumb\":{\"@id\":\"https:\/\/weltlaeden.de\/goeppingen\/termine\/#breadcrumb\"},\"inLanguage\":\"de\",\"potentialAction\":[{\"@type\":\"ReadAction\",\"target\":[\"https:\/\/weltlaeden.de\/goeppingen\/termine\/\"]}]},{\"@type\":\"ImageObject\",\"inLanguage\":\"de\",\"@id\":\"https:\/\/weltlaeden.de\/goeppingen\/termine\/#primaryimage\",\"url\":\"https:\/\/weltlaeden.de\/goeppingen\/wp-content\/uploads\/sites\/3\/2018\/07\/pocket-watch-1637396_1920_pixabay.png\",\"contentUrl\":\"https:\/\/weltlaeden.de\/goeppingen\/wp-content\/uploads\/sites\/3\/2018\/07\/pocket-watch-1637396_1920_pixabay.png\"},{\"@type\":\"BreadcrumbList\",\"@id\":\"https:\/\/weltlaeden.de\/goeppingen\/termine\/#breadcrumb\",\"itemListElement\":[{\"@type\":\"ListItem\",\"position\":1,\"name\":\"Startseite\",\"item\":\"https:\/\/weltlaeden.de\/goeppingen\/\"},{\"@type\":\"ListItem\",\"position\":2,\"name\":\"Termine\"}]},{\"@type\":\"WebSite\",\"@id\":\"https:\/\/weltlaeden.de\/goeppingen\/#website\",\"url\":\"https:\/\/weltlaeden.de\/goeppingen\/\",\"name\":\"Vorlage\",\"description\":\"40 Jahre Initiative Eine Welt e.V. G\u00f6ppingen  und Weltladen G\u00f6ppingen\",\"potentialAction\":[{\"@type\":\"SearchAction\",\"target\":{\"@type\":\"EntryPoint\",\"urlTemplate\":\"https:\/\/weltlaeden.de\/goeppingen\/?s={search_term_string}\"},\"query-input\":{\"@type\":\"PropertyValueSpecification\",\"valueRequired\":true,\"valueName\":\"search_term_string\"}}],\"inLanguage\":\"de\"}]}<\/script>\n<!-- \/ Yoast SEO plugin. -->","yoast_head_json":{"title":"Termine - Weltladen G\u00f6ppingen","robots":{"index":"index","follow":"follow","max-snippet":"max-snippet:-1","max-image-preview":"max-image-preview:large","max-video-preview":"max-video-preview:-1"},"canonical":"https:\/\/weltlaeden.de\/goeppingen\/termine\/","og_locale":"de_DE","og_type":"article","og_title":"Termine - Weltladen G\u00f6ppingen","og_description":"[vc_row][vc_column width=&#8220;1\/2&#8243;][vc_empty_space height=&#8220;30px&#8220;][vc_column_text css=&#8220;&#8220;] Faires Fr\u00fchst\u00fcck Samstag, 20.09.2025, 09.00-12.00 Uhr Globales Klassenzimmer Freihofstr. 35 G\u00f6ppingen &nbsp; &nbsp; Faires Fr\u00fchst\u00fcck Samstag, 28.09.2024, 09.00-12.00 Uhr Globales Klassenzimmer Freihofstr. 35 G\u00f6ppingen &nbsp; Ausstellungser\u00f6ffnung Klimakatastrophe als Fluchtursache Montag, 24.06.2024, 17.30 Uhr Landratsamt G\u00f6ppingen Foyer weitere Informationen im Newsletter Juni 2024 &nbsp; Vortrag und Diskussion Niemand darf in Sklaverei gehalten&hellip;","og_url":"https:\/\/weltlaeden.de\/goeppingen\/termine\/","og_site_name":"Weltladen G\u00f6ppingen","article_modified_time":"2025-07-07T07:43:04+00:00","og_image":[{"url":"https:\/\/weltlaeden.de\/goeppingen\/wp-content\/uploads\/sites\/3\/2018\/07\/pocket-watch-1637396_1920_pixabay.png","type":"","width":"","height":""}],"twitter_card":"summary_large_image","twitter_misc":{"Gesch\u00e4tzte Lesezeit":"1\u00a0Minute"},"schema":{"@context":"https:\/\/schema.org","@graph":[{"@type":"WebPage","@id":"https:\/\/weltlaeden.de\/goeppingen\/termine\/","url":"https:\/\/weltlaeden.de\/goeppingen\/termine\/","name":"Termine - Weltladen G\u00f6ppingen","isPartOf":{"@id":"https:\/\/weltlaeden.de\/goeppingen\/#website"},"primaryImageOfPage":{"@id":"https:\/\/weltlaeden.de\/goeppingen\/termine\/#primaryimage"},"image":{"@id":"https:\/\/weltlaeden.de\/goeppingen\/termine\/#primaryimage"},"thumbnailUrl":"https:\/\/weltlaeden.de\/goeppingen\/wp-content\/uploads\/sites\/3\/2018\/07\/pocket-watch-1637396_1920_pixabay.png","datePublished":"2016-10-14T07:05:21+00:00","dateModified":"2025-07-07T07:43:04+00:00","breadcrumb":{"@id":"https:\/\/weltlaeden.de\/goeppingen\/termine\/#breadcrumb"},"inLanguage":"de","potentialAction":[{"@type":"ReadAction","target":["https:\/\/weltlaeden.de\/goeppingen\/termine\/"]}]},{"@type":"ImageObject","inLanguage":"de","@id":"https:\/\/weltlaeden.de\/goeppingen\/termine\/#primaryimage","url":"https:\/\/weltlaeden.de\/goeppingen\/wp-content\/uploads\/sites\/3\/2018\/07\/pocket-watch-1637396_1920_pixabay.png","contentUrl":"https:\/\/weltlaeden.de\/goeppingen\/wp-content\/uploads\/sites\/3\/2018\/07\/pocket-watch-1637396_1920_pixabay.png"},{"@type":"BreadcrumbList","@id":"https:\/\/weltlaeden.de\/goeppingen\/termine\/#breadcrumb","itemListElement":[{"@type":"ListItem","position":1,"name":"Startseite","item":"https:\/\/weltlaeden.de\/goeppingen\/"},{"@type":"ListItem","position":2,"name":"Termine"}]},{"@type":"WebSite","@id":"https:\/\/weltlaeden.de\/goeppingen\/#website","url":"https:\/\/weltlaeden.de\/goeppingen\/","name":"Vorlage","description":"40 Jahre Initiative Eine Welt e.V. G\u00f6ppingen  und Weltladen G\u00f6ppingen","potentialAction":[{"@type":"SearchAction","target":{"@type":"EntryPoint","urlTemplate":"https:\/\/weltlaeden.de\/goeppingen\/?s={search_term_string}"},"query-input":{"@type":"PropertyValueSpecification","valueRequired":true,"valueName":"search_term_string"}}],"inLanguage":"de"}]}},"_links":{"self":[{"href":"https:\/\/weltlaeden.de\/goeppingen\/wp-json\/wp\/v2\/pages\/23","targetHints":{"allow":["GET"]}}],"collection":[{"href":"https:\/\/weltlaeden.de\/goeppingen\/wp-json\/wp\/v2\/pages"}],"about":[{"href":"https:\/\/weltlaeden.de\/goeppingen\/wp-json\/wp\/v2\/types\/page"}],"author":[{"embeddable":true,"href":"https:\/\/weltlaeden.de\/goeppingen\/wp-json\/wp\/v2\/users\/1"}],"replies":[{"embeddable":true,"href":"https:\/\/weltlaeden.de\/goeppingen\/wp-json\/wp\/v2\/comments?post=23"}],"version-history":[{"count":47,"href":"https:\/\/weltlaeden.de\/goeppingen\/wp-json\/wp\/v2\/pages\/23\/revisions"}],"predecessor-version":[{"id":1043,"href":"https:\/\/weltlaeden.de\/goeppingen\/wp-json\/wp\/v2\/pages\/23\/revisions\/1043"}],"wp:attachment":[{"href":"https:\/\/weltlaeden.de\/goeppingen\/wp-json\/wp\/v2\/media?parent=23"}],"curies":[{"name":"wp","href":"https:\/\/api.w.org\/{rel}","templated":true}]}}

<div class="wpb-content-wrapper"><p>[vc_row][vc_column width=&#8220;1/2&#8243;]<div class="wl_einzelbild"><p><img loading="lazy" decoding="async" class="aligncenter size-full wp-image-nsm-3-33" src="https://weltlaeden.de/goeppingen/wp-content/uploads/sites/3/2018/07/pocket-watch-1637396_1920_pixabay.png" alt="" width="787" height="340" /></p></div>[vc_empty_space height=&#8220;30px&#8220;][vc_column_text css=&#8220;&#8220;]</p>
<h2>Faires Frühstück</h2>
<p>Samstag, 20.09.2025, 09.00-12.00 Uhr<br />
Globales Klassenzimmer<br />
Freihofstr. 35<br />
Göppingen</p>
<p>&nbsp;</p>
<p>&nbsp;</p>
<hr />
<h2></h2>
<h2>Faires Frühstück</h2>
<p>Samstag, 28.09.2024, 09.00-12.00 Uhr<br />
Globales Klassenzimmer<br />
Freihofstr. 35<br />
Göppingen</p>
<p>&nbsp;</p>
<hr />
<h2></h2>
<h2>Ausstellungseröffnung</h2>
<p>Klimakatastrophe als Fluchtursache<br />
Montag, 24.06.2024, 17.30 Uhr<br />
Landratsamt Göppingen Foyer<br />
weitere Informationen im Newsletter Juni 2024</p>
<p>&nbsp;</p>
<hr />
<h2></h2>
<h2>Vortrag und Diskussion</h2>
<p>Niemand darf in Sklaverei gehalten werden-<br />
Moderne Sklaverei heute?<br />
Mittwoch, 13.03.2024, 20.00 Uhr<br />
Globales Klassenzimmer<br />
Freihofstr. 35, Göppingen</p>
<p>&nbsp;</p>
<hr />
<h2></h2>
<p>[/vc_column_text][vc_empty_space height=&#8220;30px&#8220;][vc_column_text][/vc_column_text][/vc_column][vc_column width=&#8220;1/2&#8243;]<div class="wl_einzelbild"><p></p></div>[vc_empty_space height=&#8220;30px&#8220;][vc_single_image image=&#8220;481&#8243; img_size=&#8220;2480&#215;1772&#8243;][vc_empty_space height=&#8220;30px&#8220;][/vc_column][/vc_row][vc_row][vc_column][vc_column_text css=&#8220;&#8220;]</p>
<hr />
<p>[/vc_column_text][/vc_column][/vc_row]</p>
</div>

<p>[vc_row][vc_column width=&#8220;1/2&#8243;][vc_empty_space height=&#8220;30px&#8220;][vc_column_text css=&#8220;&#8220;] Faires Frühstück Samstag, 20.09.2025, 09.00-12.00 Uhr Globales Klassenzimmer Freihofstr. 35 Göppingen &nbsp; &nbsp; Faires Frühstück Samstag, 28.09.2024, 09.00-12.00 Uhr Globales Klassenzimmer Freihofstr. 35 Göppingen &nbsp; Ausstellungseröffnung Klimakatastrophe als Fluchtursache Montag, 24.06.2024, 17.30 Uhr Landratsamt Göppingen Foyer weitere Informationen im Newsletter Juni 2024 &nbsp; Vortrag und Diskussion Niemand darf in Sklaverei gehalten&hellip;</p>

<!-- This site is optimized with the Yoast SEO plugin v26.8 - https://yoast.com/product/yoast-seo-wordpress/ -->
<title>Termine - Weltladen Göppingen</title>
<meta name="robots" content="index, follow, max-snippet:-1, max-image-preview:large, max-video-preview:-1" />
<link rel="canonical" href="https://weltlaeden.de/goeppingen/termine/" />
<meta property="og:locale" content="de_DE" />
<meta property="og:type" content="article" />
<meta property="og:title" content="Termine - Weltladen Göppingen" />
<meta property="og:description" content="[vc_row][vc_column width=&#8220;1/2&#8243;][vc_empty_space height=&#8220;30px&#8220;][vc_column_text css=&#8220;&#8220;] Faires Frühstück Samstag, 20.09.2025, 09.00-12.00 Uhr Globales Klassenzimmer Freihofstr. 35 Göppingen &nbsp; &nbsp; Faires Frühstück Samstag, 28.09.2024, 09.00-12.00 Uhr Globales Klassenzimmer Freihofstr. 35 Göppingen &nbsp; Ausstellungseröffnung Klimakatastrophe als Fluchtursache Montag, 24.06.2024, 17.30 Uhr Landratsamt Göppingen Foyer weitere Informationen im Newsletter Juni 2024 &nbsp; Vortrag und Diskussion Niemand darf in Sklaverei gehalten&hellip;" />
<meta property="og:url" content="https://weltlaeden.de/goeppingen/termine/" />
<meta property="og:site_name" content="Weltladen Göppingen" />
<meta property="article:modified_time" content="2025-07-07T07:43:04+00:00" />
<meta property="og:image" content="https://weltlaeden.de/goeppingen/wp-content/uploads/sites/3/2018/07/pocket-watch-1637396_1920_pixabay.png" />
<meta name="twitter:card" content="summary_large_image" />
<meta name="twitter:label1" content="Geschätzte Lesezeit" />
	<meta name="twitter:data1" content="1 Minute" />
<script type="application/ld+json" class="yoast-schema-graph">{"@context":"https://schema.org","@graph":[{"@type":"WebPage","@id":"https://weltlaeden.de/goeppingen/termine/","url":"https://weltlaeden.de/goeppingen/termine/","name":"Termine - Weltladen Göppingen","isPartOf":{"@id":"https://weltlaeden.de/goeppingen/#website"},"primaryImageOfPage":{"@id":"https://weltlaeden.de/goeppingen/termine/#primaryimage"},"image":{"@id":"https://weltlaeden.de/goeppingen/termine/#primaryimage"},"thumbnailUrl":"https://weltlaeden.de/goeppingen/wp-content/uploads/sites/3/2018/07/pocket-watch-1637396_1920_pixabay.png","datePublished":"2016-10-14T07:05:21+00:00","dateModified":"2025-07-07T07:43:04+00:00","breadcrumb":{"@id":"https://weltlaeden.de/goeppingen/termine/#breadcrumb"},"inLanguage":"de","potentialAction":[{"@type":"ReadAction","target":["https://weltlaeden.de/goeppingen/termine/"]}]},{"@type":"ImageObject","inLanguage":"de","@id":"https://weltlaeden.de/goeppingen/termine/#primaryimage","url":"https://weltlaeden.de/goeppingen/wp-content/uploads/sites/3/2018/07/pocket-watch-1637396_1920_pixabay.png","contentUrl":"https://weltlaeden.de/goeppingen/wp-content/uploads/sites/3/2018/07/pocket-watch-1637396_1920_pixabay.png"},{"@type":"BreadcrumbList","@id":"https://weltlaeden.de/goeppingen/termine/#breadcrumb","itemListElement":[{"@type":"ListItem","position":1,"name":"Startseite","item":"https://weltlaeden.de/goeppingen/"},{"@type":"ListItem","position":2,"name":"Termine"}]},{"@type":"WebSite","@id":"https://weltlaeden.de/goeppingen/#website","url":"https://weltlaeden.de/goeppingen/","name":"Vorlage","description":"40 Jahre Initiative Eine Welt e.V. Göppingen  und Weltladen Göppingen","potentialAction":[{"@type":"SearchAction","target":{"@type":"EntryPoint","urlTemplate":"https://weltlaeden.de/goeppingen/?s={search_term_string}"},"query-input":{"@type":"PropertyValueSpecification","valueRequired":true,"valueName":"search_term_string"}}],"inLanguage":"de"}]}</script>
<!-- / Yoast SEO plugin. -->

Termine - Weltladen Göppingen

[vc_row][vc_column width=&#8220;1/2&#8243;][vc_empty_space height=&#8220;30px&#8220;][vc_column_text css=&#8220;&#8220;] Faires Frühstück Samstag, 20.09.2025, 09.00-12.00 Uhr Globales Klassenzimmer Freihofstr. 35 Göppingen &nbsp; &nbsp; Faires Frühstück Samstag, 28.09.2024, 09.00-12.00 Uhr Globales Klassenzimmer Freihofstr. 35 Göppingen &nbsp; Ausstellungseröffnung Klimakatastrophe als Fluchtursache Montag, 24.06.2024, 17.30 Uhr Landratsamt Göppingen Foyer weitere Informationen im Newsletter Juni 2024 &nbsp; Vortrag und Diskussion Niemand darf in Sklaverei gehalten&hellip;

Weltladen Göppingen

40 Jahre Initiative Eine Welt e.V. Göppingen  und Weltladen Göppingen
