{"id":936,"date":"2022-04-02T10:00:16","date_gmt":"2022-04-02T08:00:16","guid":{"rendered":"https:\/\/weltlaeden.de\/gifhorn\/?page_id=936"},"modified":"2023-08-15T19:46:21","modified_gmt":"2023-08-15T17:46:21","slug":"spenden","status":"publish","type":"page","link":"https:\/\/weltlaeden.de\/gifhorn\/spenden\/","title":{"rendered":"SPENDENAUFRUF!"},"content":{"rendered":"<p><strong>Unser Fair-Trade-Sortiment soll erweitert werden, Sie k\u00f6nnen helfen!<\/strong><\/p>\n<p><strong>Gemeinsam wachsen: Unterst\u00fctzen Sie den Weltladen Gifhorn!<\/strong><\/p>\n<p><strong>Leisten sie Hilfe bei der Weltladen-Entwicklung!<\/strong><\/p>\n<p><strong>F\u00fcr eine gerechtere Welt einkaufen!<\/strong><\/p>\n<p>_____________________________________________________________<\/p>\n<p><strong>Wie wirkt der Faire Handel am Beispiel der Kooperative in Tansania, die<br \/>\nunseren Zickenkaffee herstellt:<\/strong><\/p>\n<p><em>&#8222;Stell dir vor, du hast eine Arbeit, die dir viel M\u00fche bereitet (Kaffee anbauen), die du aber trotzdem mit Herzblut machst, daf\u00fcr aber super\u00a0 schlecht bezahlt wirst.<br \/>\nStell dir vor, du stellst etwas her, dass Menschen lieben (Kaffee), dass\u00a0 dir aber keinerlei Wertsch\u00e4tzung entgegengebracht wird.<br \/>\nStell dir vor, du brauchst einfach mal eine \u00c4rztin oder einen Arzt. Du hast aber kein Geld, um eine Behandlung zu bekommen.&#8220;<\/em><\/p>\n<p>Der Verein &#8222;W\u00fcrzburger Partnerkaffee&#8220; setzt sich daf\u00fcr ein, dass dies zumindest in einem Teil der Welt anders wird. Im kleinen Dorf Mahenge im S\u00fcdosten Tansanias befindet sich die Kooperative, die unseren Zickenkaffee anbaut.<\/p>\n<p>Fairness bedeutet dabei,<br \/>\n&#8211; einen gerechten Lohn an Kaffeeb\u00e4uerinnen und Kaffeebauern zu zahlen, der weit \u00fcber dem Weltmarktpreis f\u00fcr Rohkaffee liegt,<br \/>\n&#8211; Arbeit zu wertsch\u00e4tzen, indem wir eine Pr\u00e4mie zahlen, die die Kooperativen f\u00fcr Gemeinschaftsprojekte nutzen k\u00f6nnen, wie zum Beispiel zur Verbesserung von Anbaumethoden.<\/p>\n<p>&#8211; zus\u00e4tzlich Geld f\u00fcr Sozialprojekte zu spenden, mit dem in Gesundheit, Ausbildung und Wasserversorgung investiert wird.<\/p>\n<p>Dies alles machst du m\u00f6glich, wenn du unseren Kaffee kaufst. Zus\u00e4tzlich spenden wir f\u00fcr jede verkaufte Packung Kaffee 50 Cent an den Verein <strong>&#8222;Hilfe f\u00fcr die Massai&#8220;<\/strong>, die sich in Tansania daf\u00fcr einsetzen, dass dieses Volk nach ihren \u00dcberlieferungen leben und sich trotzdem an die ge\u00e4nderten Umweltbedingungen anpassen kann und f\u00fcr ihre Kinder eine Perspektive bieten k\u00f6nnen.<\/p>\n<p><strong><img loading=\"lazy\" decoding=\"async\" class=\"alignnone  wp-image-1227\" src=\"https:\/\/weltlaeden.de\/gifhorn\/wp-content\/uploads\/sites\/168\/2023\/08\/zickenkaffee02.jpg\" alt=\"\" width=\"636\" height=\"227\" \/>\u00a0<\/strong><\/p>\n<p>\u00dcber das Konto des Gifhorner Weltladen-Vereins kann bargeldlos eingezahlt werden; Spendenbescheinigungen werden von dort ausgestellt:<\/p>\n<p><strong>Weltladen Gifhorn e.V.<\/strong><br \/>\n<strong>Volksbank BraWo<\/strong><br \/>\n<strong>IBAN DE49 269 910 668 423 520 001<\/strong><br \/>\n<strong>Stichwort \u201eErweiterung\u201c<\/strong><\/p>\n<p>&nbsp;<\/p>\n","protected":false},"excerpt":{"rendered":"<p>Unser Fair-Trade-Sortiment soll erweitert werden, Sie k\u00f6nnen helfen! Gemeinsam wachsen: Unterst\u00fctzen Sie den Weltladen Gifhorn! Leisten sie Hilfe bei der Weltladen-Entwicklung! F\u00fcr eine gerechtere Welt einkaufen! _____________________________________________________________ Wie wirkt der Faire Handel am Beispiel der Kooperative in Tansania, die unseren Zickenkaffee herstellt: &#8222;Stell dir vor, du hast eine Arbeit, die dir viel M\u00fche bereitet (Kaffee&hellip;<\/p>\n","protected":false},"author":244,"featured_media":0,"parent":0,"menu_order":0,"comment_status":"closed","ping_status":"closed","template":"","meta":{"footnotes":""},"class_list":["post-936","page","type-page","status-publish","hentry","description-off"],"yoast_head":"<!-- This site is optimized with the Yoast SEO plugin v26.8 - https:\/\/yoast.com\/product\/yoast-seo-wordpress\/ -->\n<title>SPENDENAUFRUF! - Weltladen Gifhorn<\/title>\n<meta name=\"robots\" content=\"index, follow, max-snippet:-1, max-image-preview:large, max-video-preview:-1\" \/>\n<link rel=\"canonical\" href=\"https:\/\/weltlaeden.de\/gifhorn\/spenden\/\" \/>\n<meta property=\"og:locale\" content=\"de_DE\" \/>\n<meta property=\"og:type\" content=\"article\" \/>\n<meta property=\"og:title\" content=\"SPENDENAUFRUF! - Weltladen Gifhorn\" \/>\n<meta property=\"og:description\" content=\"Unser Fair-Trade-Sortiment soll erweitert werden, Sie k\u00f6nnen helfen! Gemeinsam wachsen: Unterst\u00fctzen Sie den Weltladen Gifhorn! Leisten sie Hilfe bei der Weltladen-Entwicklung! F\u00fcr eine gerechtere Welt einkaufen! _____________________________________________________________ Wie wirkt der Faire Handel am Beispiel der Kooperative in Tansania, die unseren Zickenkaffee herstellt: &#8222;Stell dir vor, du hast eine Arbeit, die dir viel M\u00fche bereitet (Kaffee&hellip;\" \/>\n<meta property=\"og:url\" content=\"https:\/\/weltlaeden.de\/gifhorn\/spenden\/\" \/>\n<meta property=\"og:site_name\" content=\"Weltladen Gifhorn\" \/>\n<meta property=\"article:modified_time\" content=\"2023-08-15T17:46:21+00:00\" \/>\n<meta property=\"og:image\" content=\"https:\/\/weltlaeden.de\/gifhorn\/wp-content\/uploads\/sites\/168\/2023\/08\/zickenkaffee02.jpg\" \/>\n<meta name=\"twitter:card\" content=\"summary_large_image\" \/>\n<meta name=\"twitter:label1\" content=\"Gesch\u00e4tzte Lesezeit\" \/>\n\t<meta name=\"twitter:data1\" content=\"2\u00a0Minuten\" \/>\n<script type=\"application\/ld+json\" class=\"yoast-schema-graph\">{\"@context\":\"https:\/\/schema.org\",\"@graph\":[{\"@type\":\"WebPage\",\"@id\":\"https:\/\/weltlaeden.de\/gifhorn\/spenden\/\",\"url\":\"https:\/\/weltlaeden.de\/gifhorn\/spenden\/\",\"name\":\"SPENDENAUFRUF! - Weltladen Gifhorn\",\"isPartOf\":{\"@id\":\"https:\/\/weltlaeden.de\/gifhorn\/#website\"},\"primaryImageOfPage\":{\"@id\":\"https:\/\/weltlaeden.de\/gifhorn\/spenden\/#primaryimage\"},\"image\":{\"@id\":\"https:\/\/weltlaeden.de\/gifhorn\/spenden\/#primaryimage\"},\"thumbnailUrl\":\"https:\/\/weltlaeden.de\/gifhorn\/wp-content\/uploads\/sites\/168\/2023\/08\/zickenkaffee02.jpg\",\"datePublished\":\"2022-04-02T08:00:16+00:00\",\"dateModified\":\"2023-08-15T17:46:21+00:00\",\"breadcrumb\":{\"@id\":\"https:\/\/weltlaeden.de\/gifhorn\/spenden\/#breadcrumb\"},\"inLanguage\":\"de\",\"potentialAction\":[{\"@type\":\"ReadAction\",\"target\":[\"https:\/\/weltlaeden.de\/gifhorn\/spenden\/\"]}]},{\"@type\":\"ImageObject\",\"inLanguage\":\"de\",\"@id\":\"https:\/\/weltlaeden.de\/gifhorn\/spenden\/#primaryimage\",\"url\":\"\",\"contentUrl\":\"\"},{\"@type\":\"BreadcrumbList\",\"@id\":\"https:\/\/weltlaeden.de\/gifhorn\/spenden\/#breadcrumb\",\"itemListElement\":[{\"@type\":\"ListItem\",\"position\":1,\"name\":\"Startseite\",\"item\":\"https:\/\/weltlaeden.de\/gifhorn\/\"},{\"@type\":\"ListItem\",\"position\":2,\"name\":\"SPENDENAUFRUF!\"}]},{\"@type\":\"WebSite\",\"@id\":\"https:\/\/weltlaeden.de\/gifhorn\/#website\",\"url\":\"https:\/\/weltlaeden.de\/gifhorn\/\",\"name\":\"Weltladen Gifhorn\",\"description\":\"Faire Produkte seit 1990\",\"potentialAction\":[{\"@type\":\"SearchAction\",\"target\":{\"@type\":\"EntryPoint\",\"urlTemplate\":\"https:\/\/weltlaeden.de\/gifhorn\/?s={search_term_string}\"},\"query-input\":{\"@type\":\"PropertyValueSpecification\",\"valueRequired\":true,\"valueName\":\"search_term_string\"}}],\"inLanguage\":\"de\"}]}<\/script>\n<!-- \/ Yoast SEO plugin. -->","yoast_head_json":{"title":"SPENDENAUFRUF! - Weltladen Gifhorn","robots":{"index":"index","follow":"follow","max-snippet":"max-snippet:-1","max-image-preview":"max-image-preview:large","max-video-preview":"max-video-preview:-1"},"canonical":"https:\/\/weltlaeden.de\/gifhorn\/spenden\/","og_locale":"de_DE","og_type":"article","og_title":"SPENDENAUFRUF! - Weltladen Gifhorn","og_description":"Unser Fair-Trade-Sortiment soll erweitert werden, Sie k\u00f6nnen helfen! Gemeinsam wachsen: Unterst\u00fctzen Sie den Weltladen Gifhorn! Leisten sie Hilfe bei der Weltladen-Entwicklung! F\u00fcr eine gerechtere Welt einkaufen! _____________________________________________________________ Wie wirkt der Faire Handel am Beispiel der Kooperative in Tansania, die unseren Zickenkaffee herstellt: &#8222;Stell dir vor, du hast eine Arbeit, die dir viel M\u00fche bereitet (Kaffee&hellip;","og_url":"https:\/\/weltlaeden.de\/gifhorn\/spenden\/","og_site_name":"Weltladen Gifhorn","article_modified_time":"2023-08-15T17:46:21+00:00","og_image":[{"url":"https:\/\/weltlaeden.de\/gifhorn\/wp-content\/uploads\/sites\/168\/2023\/08\/zickenkaffee02.jpg","type":"","width":"","height":""}],"twitter_card":"summary_large_image","twitter_misc":{"Gesch\u00e4tzte Lesezeit":"2\u00a0Minuten"},"schema":{"@context":"https:\/\/schema.org","@graph":[{"@type":"WebPage","@id":"https:\/\/weltlaeden.de\/gifhorn\/spenden\/","url":"https:\/\/weltlaeden.de\/gifhorn\/spenden\/","name":"SPENDENAUFRUF! - Weltladen Gifhorn","isPartOf":{"@id":"https:\/\/weltlaeden.de\/gifhorn\/#website"},"primaryImageOfPage":{"@id":"https:\/\/weltlaeden.de\/gifhorn\/spenden\/#primaryimage"},"image":{"@id":"https:\/\/weltlaeden.de\/gifhorn\/spenden\/#primaryimage"},"thumbnailUrl":"https:\/\/weltlaeden.de\/gifhorn\/wp-content\/uploads\/sites\/168\/2023\/08\/zickenkaffee02.jpg","datePublished":"2022-04-02T08:00:16+00:00","dateModified":"2023-08-15T17:46:21+00:00","breadcrumb":{"@id":"https:\/\/weltlaeden.de\/gifhorn\/spenden\/#breadcrumb"},"inLanguage":"de","potentialAction":[{"@type":"ReadAction","target":["https:\/\/weltlaeden.de\/gifhorn\/spenden\/"]}]},{"@type":"ImageObject","inLanguage":"de","@id":"https:\/\/weltlaeden.de\/gifhorn\/spenden\/#primaryimage","url":"","contentUrl":""},{"@type":"BreadcrumbList","@id":"https:\/\/weltlaeden.de\/gifhorn\/spenden\/#breadcrumb","itemListElement":[{"@type":"ListItem","position":1,"name":"Startseite","item":"https:\/\/weltlaeden.de\/gifhorn\/"},{"@type":"ListItem","position":2,"name":"SPENDENAUFRUF!"}]},{"@type":"WebSite","@id":"https:\/\/weltlaeden.de\/gifhorn\/#website","url":"https:\/\/weltlaeden.de\/gifhorn\/","name":"Weltladen Gifhorn","description":"Faire Produkte seit 1990","potentialAction":[{"@type":"SearchAction","target":{"@type":"EntryPoint","urlTemplate":"https:\/\/weltlaeden.de\/gifhorn\/?s={search_term_string}"},"query-input":{"@type":"PropertyValueSpecification","valueRequired":true,"valueName":"search_term_string"}}],"inLanguage":"de"}]}},"_links":{"self":[{"href":"https:\/\/weltlaeden.de\/gifhorn\/wp-json\/wp\/v2\/pages\/936","targetHints":{"allow":["GET"]}}],"collection":[{"href":"https:\/\/weltlaeden.de\/gifhorn\/wp-json\/wp\/v2\/pages"}],"about":[{"href":"https:\/\/weltlaeden.de\/gifhorn\/wp-json\/wp\/v2\/types\/page"}],"author":[{"embeddable":true,"href":"https:\/\/weltlaeden.de\/gifhorn\/wp-json\/wp\/v2\/users\/244"}],"replies":[{"embeddable":true,"href":"https:\/\/weltlaeden.de\/gifhorn\/wp-json\/wp\/v2\/comments?post=936"}],"version-history":[{"count":9,"href":"https:\/\/weltlaeden.de\/gifhorn\/wp-json\/wp\/v2\/pages\/936\/revisions"}],"predecessor-version":[{"id":1228,"href":"https:\/\/weltlaeden.de\/gifhorn\/wp-json\/wp\/v2\/pages\/936\/revisions\/1228"}],"wp:attachment":[{"href":"https:\/\/weltlaeden.de\/gifhorn\/wp-json\/wp\/v2\/media?parent=936"}],"curies":[{"name":"wp","href":"https:\/\/api.w.org\/{rel}","templated":true}]}}