{"id":589,"date":"2020-06-27T10:57:49","date_gmt":"2020-06-27T08:57:49","guid":{"rendered":"https:\/\/weltlaeden.de\/gelnhausen\/bildungsarbeit\/vortraege\/"},"modified":"2025-04-07T19:49:51","modified_gmt":"2025-04-07T17:49:51","slug":"vortraege","status":"publish","type":"page","link":"https:\/\/weltlaeden.de\/gelnhausen\/bildungsarbeit\/vortraege\/","title":{"rendered":"Vortr\u00e4ge"},"content":{"rendered":"<h1 style=\"text-align: center\"><img loading=\"lazy\" decoding=\"async\" class=\"alignnone size-medium wp-image-1453\" src=\"https:\/\/weltlaeden.de\/gelnhausen\/wp-content\/uploads\/sites\/135\/2025\/04\/Image-3-1-300x225.jpg\" alt=\"\" width=\"300\" height=\"225\" srcset=\"https:\/\/weltlaeden.de\/gelnhausen\/wp-content\/uploads\/sites\/135\/2025\/04\/Image-3-1-300x225.jpg 300w, https:\/\/weltlaeden.de\/gelnhausen\/wp-content\/uploads\/sites\/135\/2025\/04\/Image-3-1-1024x768.jpg 1024w, https:\/\/weltlaeden.de\/gelnhausen\/wp-content\/uploads\/sites\/135\/2025\/04\/Image-3-1-768x576.jpg 768w, https:\/\/weltlaeden.de\/gelnhausen\/wp-content\/uploads\/sites\/135\/2025\/04\/Image-3-1-1536x1152.jpg 1536w, https:\/\/weltlaeden.de\/gelnhausen\/wp-content\/uploads\/sites\/135\/2025\/04\/Image-3-1.jpg 2048w\" sizes=\"auto, (max-width: 300px) 100vw, 300px\" \/><\/h1>\n<h1 style=\"text-align: center\">Vortr\u00e4ge<\/h1>\n<p style=\"text-align: justify\">Information der \u00d6ffentlichkeit \u00fcber den Fairen Handel ist ein zentrales Anliegen des Weltladens. Deshalb bieten wir in loser Folge oder auf Anfrage Vortr\u00e4ge zu ausgew\u00e4hlten Themen an.<\/p>\n<p style=\"text-align: justify\">Am Beispiel eines Produkts, z. B. Kaffee, informieren wir \u00fcber die Wertsch\u00f6pfungskette vom Anbau bis zu den Konsument*innen. Wir beleuchten die Probleme, die sich aus der r\u00fccksichtslosen Ausbeutung von Menschen und Umwelt durch Gro\u00dfkonzerne ergeben, und zeigen L\u00f6sungsm\u00f6glichkeiten und Wege zu einem gerechteren Handel auf.<\/p>\n<p style=\"text-align: justify\">Ebenfalls in loser Folge laden wir externe Referent*innen ein, die besonders authentisch \u00fcber Herkunft und Produktion unserer Produkte informieren. Dabei werden insbesondere die politischen und kulturellen Hintergr\u00fcnde in den Erzeugerl\u00e4ndern beleuchtet und die Lebenswelt der Menschen im globalen S\u00fcden wird erfahrbar.<\/p>\n<p>&nbsp;<\/p>\n","protected":false},"excerpt":{"rendered":"<p>Vortr\u00e4ge Information der \u00d6ffentlichkeit \u00fcber den Fairen Handel ist ein zentrales Anliegen des Weltladens. Deshalb bieten wir in loser Folge oder auf Anfrage Vortr\u00e4ge zu ausgew\u00e4hlten Themen an. Am Beispiel eines Produkts, z. B. Kaffee, informieren wir \u00fcber die Wertsch\u00f6pfungskette vom Anbau bis zu den Konsument*innen. Wir beleuchten die Probleme, die sich aus der r\u00fccksichtslosen&hellip;<\/p>\n","protected":false},"author":197,"featured_media":0,"parent":486,"menu_order":3,"comment_status":"closed","ping_status":"closed","template":"","meta":{"footnotes":""},"class_list":["post-589","page","type-page","status-publish","hentry","description-off"],"yoast_head":"<!-- This site is optimized with the Yoast SEO plugin v26.8 - https:\/\/yoast.com\/product\/yoast-seo-wordpress\/ -->\n<title>Vortr\u00e4ge - Weltladen Gelnhausen<\/title>\n<meta name=\"robots\" content=\"index, follow, max-snippet:-1, max-image-preview:large, max-video-preview:-1\" \/>\n<link rel=\"canonical\" href=\"https:\/\/weltlaeden.de\/gelnhausen\/bildungsarbeit\/vortraege\/\" \/>\n<meta property=\"og:locale\" content=\"de_DE\" \/>\n<meta property=\"og:type\" content=\"article\" \/>\n<meta property=\"og:title\" content=\"Vortr\u00e4ge - Weltladen Gelnhausen\" \/>\n<meta property=\"og:description\" content=\"Vortr\u00e4ge Information der \u00d6ffentlichkeit \u00fcber den Fairen Handel ist ein zentrales Anliegen des Weltladens. Deshalb bieten wir in loser Folge oder auf Anfrage Vortr\u00e4ge zu ausgew\u00e4hlten Themen an. Am Beispiel eines Produkts, z. B. Kaffee, informieren wir \u00fcber die Wertsch\u00f6pfungskette vom Anbau bis zu den Konsument*innen. Wir beleuchten die Probleme, die sich aus der r\u00fccksichtslosen&hellip;\" \/>\n<meta property=\"og:url\" content=\"https:\/\/weltlaeden.de\/gelnhausen\/bildungsarbeit\/vortraege\/\" \/>\n<meta property=\"og:site_name\" content=\"Weltladen Gelnhausen\" \/>\n<meta property=\"article:modified_time\" content=\"2025-04-07T17:49:51+00:00\" \/>\n<meta property=\"og:image\" content=\"https:\/\/weltlaeden.de\/gelnhausen\/wp-content\/uploads\/sites\/135\/2025\/04\/Image-3-1.jpg\" \/>\n\t<meta property=\"og:image:width\" content=\"2048\" \/>\n\t<meta property=\"og:image:height\" content=\"1536\" \/>\n\t<meta property=\"og:image:type\" content=\"image\/jpeg\" \/>\n<meta name=\"twitter:card\" content=\"summary_large_image\" \/>\n<meta name=\"twitter:label1\" content=\"Gesch\u00e4tzte Lesezeit\" \/>\n\t<meta name=\"twitter:data1\" content=\"1\u00a0Minute\" \/>\n<script type=\"application\/ld+json\" class=\"yoast-schema-graph\">{\"@context\":\"https:\/\/schema.org\",\"@graph\":[{\"@type\":\"WebPage\",\"@id\":\"https:\/\/weltlaeden.de\/gelnhausen\/bildungsarbeit\/vortraege\/\",\"url\":\"https:\/\/weltlaeden.de\/gelnhausen\/bildungsarbeit\/vortraege\/\",\"name\":\"Vortr\u00e4ge - Weltladen Gelnhausen\",\"isPartOf\":{\"@id\":\"https:\/\/weltlaeden.de\/gelnhausen\/#website\"},\"primaryImageOfPage\":{\"@id\":\"https:\/\/weltlaeden.de\/gelnhausen\/bildungsarbeit\/vortraege\/#primaryimage\"},\"image\":{\"@id\":\"https:\/\/weltlaeden.de\/gelnhausen\/bildungsarbeit\/vortraege\/#primaryimage\"},\"thumbnailUrl\":\"https:\/\/weltlaeden.de\/gelnhausen\/wp-content\/uploads\/sites\/135\/2025\/04\/Image-3-1-300x225.jpg\",\"datePublished\":\"2020-06-27T08:57:49+00:00\",\"dateModified\":\"2025-04-07T17:49:51+00:00\",\"breadcrumb\":{\"@id\":\"https:\/\/weltlaeden.de\/gelnhausen\/bildungsarbeit\/vortraege\/#breadcrumb\"},\"inLanguage\":\"de\",\"potentialAction\":[{\"@type\":\"ReadAction\",\"target\":[\"https:\/\/weltlaeden.de\/gelnhausen\/bildungsarbeit\/vortraege\/\"]}]},{\"@type\":\"ImageObject\",\"inLanguage\":\"de\",\"@id\":\"https:\/\/weltlaeden.de\/gelnhausen\/bildungsarbeit\/vortraege\/#primaryimage\",\"url\":\"https:\/\/weltlaeden.de\/gelnhausen\/wp-content\/uploads\/sites\/135\/2025\/04\/Image-3-1.jpg\",\"contentUrl\":\"https:\/\/weltlaeden.de\/gelnhausen\/wp-content\/uploads\/sites\/135\/2025\/04\/Image-3-1.jpg\",\"width\":2048,\"height\":1536},{\"@type\":\"BreadcrumbList\",\"@id\":\"https:\/\/weltlaeden.de\/gelnhausen\/bildungsarbeit\/vortraege\/#breadcrumb\",\"itemListElement\":[{\"@type\":\"ListItem\",\"position\":1,\"name\":\"Startseite\",\"item\":\"https:\/\/weltlaeden.de\/gelnhausen\/\"},{\"@type\":\"ListItem\",\"position\":2,\"name\":\"Bildungsarbeit\",\"item\":\"https:\/\/weltlaeden.de\/gelnhausen\/bildungsarbeit\/\"},{\"@type\":\"ListItem\",\"position\":3,\"name\":\"Vortr\u00e4ge\"}]},{\"@type\":\"WebSite\",\"@id\":\"https:\/\/weltlaeden.de\/gelnhausen\/#website\",\"url\":\"https:\/\/weltlaeden.de\/gelnhausen\/\",\"name\":\"Weltladen Gelnhausen\",\"description\":\"Faire Produkte seit 1981\",\"potentialAction\":[{\"@type\":\"SearchAction\",\"target\":{\"@type\":\"EntryPoint\",\"urlTemplate\":\"https:\/\/weltlaeden.de\/gelnhausen\/?s={search_term_string}\"},\"query-input\":{\"@type\":\"PropertyValueSpecification\",\"valueRequired\":true,\"valueName\":\"search_term_string\"}}],\"inLanguage\":\"de\"}]}<\/script>\n<!-- \/ Yoast SEO plugin. -->","yoast_head_json":{"title":"Vortr\u00e4ge - Weltladen Gelnhausen","robots":{"index":"index","follow":"follow","max-snippet":"max-snippet:-1","max-image-preview":"max-image-preview:large","max-video-preview":"max-video-preview:-1"},"canonical":"https:\/\/weltlaeden.de\/gelnhausen\/bildungsarbeit\/vortraege\/","og_locale":"de_DE","og_type":"article","og_title":"Vortr\u00e4ge - Weltladen Gelnhausen","og_description":"Vortr\u00e4ge Information der \u00d6ffentlichkeit \u00fcber den Fairen Handel ist ein zentrales Anliegen des Weltladens. Deshalb bieten wir in loser Folge oder auf Anfrage Vortr\u00e4ge zu ausgew\u00e4hlten Themen an. Am Beispiel eines Produkts, z. B. Kaffee, informieren wir \u00fcber die Wertsch\u00f6pfungskette vom Anbau bis zu den Konsument*innen. Wir beleuchten die Probleme, die sich aus der r\u00fccksichtslosen&hellip;","og_url":"https:\/\/weltlaeden.de\/gelnhausen\/bildungsarbeit\/vortraege\/","og_site_name":"Weltladen Gelnhausen","article_modified_time":"2025-04-07T17:49:51+00:00","og_image":[{"width":2048,"height":1536,"url":"https:\/\/weltlaeden.de\/gelnhausen\/wp-content\/uploads\/sites\/135\/2025\/04\/Image-3-1.jpg","type":"image\/jpeg"}],"twitter_card":"summary_large_image","twitter_misc":{"Gesch\u00e4tzte Lesezeit":"1\u00a0Minute"},"schema":{"@context":"https:\/\/schema.org","@graph":[{"@type":"WebPage","@id":"https:\/\/weltlaeden.de\/gelnhausen\/bildungsarbeit\/vortraege\/","url":"https:\/\/weltlaeden.de\/gelnhausen\/bildungsarbeit\/vortraege\/","name":"Vortr\u00e4ge - Weltladen Gelnhausen","isPartOf":{"@id":"https:\/\/weltlaeden.de\/gelnhausen\/#website"},"primaryImageOfPage":{"@id":"https:\/\/weltlaeden.de\/gelnhausen\/bildungsarbeit\/vortraege\/#primaryimage"},"image":{"@id":"https:\/\/weltlaeden.de\/gelnhausen\/bildungsarbeit\/vortraege\/#primaryimage"},"thumbnailUrl":"https:\/\/weltlaeden.de\/gelnhausen\/wp-content\/uploads\/sites\/135\/2025\/04\/Image-3-1-300x225.jpg","datePublished":"2020-06-27T08:57:49+00:00","dateModified":"2025-04-07T17:49:51+00:00","breadcrumb":{"@id":"https:\/\/weltlaeden.de\/gelnhausen\/bildungsarbeit\/vortraege\/#breadcrumb"},"inLanguage":"de","potentialAction":[{"@type":"ReadAction","target":["https:\/\/weltlaeden.de\/gelnhausen\/bildungsarbeit\/vortraege\/"]}]},{"@type":"ImageObject","inLanguage":"de","@id":"https:\/\/weltlaeden.de\/gelnhausen\/bildungsarbeit\/vortraege\/#primaryimage","url":"https:\/\/weltlaeden.de\/gelnhausen\/wp-content\/uploads\/sites\/135\/2025\/04\/Image-3-1.jpg","contentUrl":"https:\/\/weltlaeden.de\/gelnhausen\/wp-content\/uploads\/sites\/135\/2025\/04\/Image-3-1.jpg","width":2048,"height":1536},{"@type":"BreadcrumbList","@id":"https:\/\/weltlaeden.de\/gelnhausen\/bildungsarbeit\/vortraege\/#breadcrumb","itemListElement":[{"@type":"ListItem","position":1,"name":"Startseite","item":"https:\/\/weltlaeden.de\/gelnhausen\/"},{"@type":"ListItem","position":2,"name":"Bildungsarbeit","item":"https:\/\/weltlaeden.de\/gelnhausen\/bildungsarbeit\/"},{"@type":"ListItem","position":3,"name":"Vortr\u00e4ge"}]},{"@type":"WebSite","@id":"https:\/\/weltlaeden.de\/gelnhausen\/#website","url":"https:\/\/weltlaeden.de\/gelnhausen\/","name":"Weltladen Gelnhausen","description":"Faire Produkte seit 1981","potentialAction":[{"@type":"SearchAction","target":{"@type":"EntryPoint","urlTemplate":"https:\/\/weltlaeden.de\/gelnhausen\/?s={search_term_string}"},"query-input":{"@type":"PropertyValueSpecification","valueRequired":true,"valueName":"search_term_string"}}],"inLanguage":"de"}]}},"_links":{"self":[{"href":"https:\/\/weltlaeden.de\/gelnhausen\/wp-json\/wp\/v2\/pages\/589","targetHints":{"allow":["GET"]}}],"collection":[{"href":"https:\/\/weltlaeden.de\/gelnhausen\/wp-json\/wp\/v2\/pages"}],"about":[{"href":"https:\/\/weltlaeden.de\/gelnhausen\/wp-json\/wp\/v2\/types\/page"}],"author":[{"embeddable":true,"href":"https:\/\/weltlaeden.de\/gelnhausen\/wp-json\/wp\/v2\/users\/197"}],"replies":[{"embeddable":true,"href":"https:\/\/weltlaeden.de\/gelnhausen\/wp-json\/wp\/v2\/comments?post=589"}],"version-history":[{"count":9,"href":"https:\/\/weltlaeden.de\/gelnhausen\/wp-json\/wp\/v2\/pages\/589\/revisions"}],"predecessor-version":[{"id":1455,"href":"https:\/\/weltlaeden.de\/gelnhausen\/wp-json\/wp\/v2\/pages\/589\/revisions\/1455"}],"up":[{"embeddable":true,"href":"https:\/\/weltlaeden.de\/gelnhausen\/wp-json\/wp\/v2\/pages\/486"}],"wp:attachment":[{"href":"https:\/\/weltlaeden.de\/gelnhausen\/wp-json\/wp\/v2\/media?parent=589"}],"curies":[{"name":"wp","href":"https:\/\/api.w.org\/{rel}","templated":true}]}}

Vorträge

<h1 style="text-align: center"><img loading="lazy" decoding="async" class="alignnone size-medium wp-image-1453" src="https://weltlaeden.de/gelnhausen/wp-content/uploads/sites/135/2025/04/Image-3-1-300x225.jpg" alt="" width="300" height="225" srcset="https://weltlaeden.de/gelnhausen/wp-content/uploads/sites/135/2025/04/Image-3-1-300x225.jpg 300w, https://weltlaeden.de/gelnhausen/wp-content/uploads/sites/135/2025/04/Image-3-1-1024x768.jpg 1024w, https://weltlaeden.de/gelnhausen/wp-content/uploads/sites/135/2025/04/Image-3-1-768x576.jpg 768w, https://weltlaeden.de/gelnhausen/wp-content/uploads/sites/135/2025/04/Image-3-1-1536x1152.jpg 1536w, https://weltlaeden.de/gelnhausen/wp-content/uploads/sites/135/2025/04/Image-3-1.jpg 2048w" sizes="auto, (max-width: 300px) 100vw, 300px" /></h1>
<h1 style="text-align: center">Vorträge</h1>
<p style="text-align: justify">Information der Öffentlichkeit über den Fairen Handel ist ein zentrales Anliegen des Weltladens. Deshalb bieten wir in loser Folge oder auf Anfrage Vorträge zu ausgewählten Themen an.</p>
<p style="text-align: justify">Am Beispiel eines Produkts, z. B. Kaffee, informieren wir über die Wertschöpfungskette vom Anbau bis zu den Konsument*innen. Wir beleuchten die Probleme, die sich aus der rücksichtslosen Ausbeutung von Menschen und Umwelt durch Großkonzerne ergeben, und zeigen Lösungsmöglichkeiten und Wege zu einem gerechteren Handel auf.</p>
<p style="text-align: justify">Ebenfalls in loser Folge laden wir externe Referent*innen ein, die besonders authentisch über Herkunft und Produktion unserer Produkte informieren. Dabei werden insbesondere die politischen und kulturellen Hintergründe in den Erzeugerländern beleuchtet und die Lebenswelt der Menschen im globalen Süden wird erfahrbar.</p>
<p>&nbsp;</p>

<p>Vorträge Information der Öffentlichkeit über den Fairen Handel ist ein zentrales Anliegen des Weltladens. Deshalb bieten wir in loser Folge oder auf Anfrage Vorträge zu ausgewählten Themen an. Am Beispiel eines Produkts, z. B. Kaffee, informieren wir über die Wertschöpfungskette vom Anbau bis zu den Konsument*innen. Wir beleuchten die Probleme, die sich aus der rücksichtslosen&hellip;</p>

<!-- This site is optimized with the Yoast SEO plugin v26.8 - https://yoast.com/product/yoast-seo-wordpress/ -->
<title>Vorträge - Weltladen Gelnhausen</title>
<meta name="robots" content="index, follow, max-snippet:-1, max-image-preview:large, max-video-preview:-1" />
<link rel="canonical" href="https://weltlaeden.de/gelnhausen/bildungsarbeit/vortraege/" />
<meta property="og:locale" content="de_DE" />
<meta property="og:type" content="article" />
<meta property="og:title" content="Vorträge - Weltladen Gelnhausen" />
<meta property="og:description" content="Vorträge Information der Öffentlichkeit über den Fairen Handel ist ein zentrales Anliegen des Weltladens. Deshalb bieten wir in loser Folge oder auf Anfrage Vorträge zu ausgewählten Themen an. Am Beispiel eines Produkts, z. B. Kaffee, informieren wir über die Wertschöpfungskette vom Anbau bis zu den Konsument*innen. Wir beleuchten die Probleme, die sich aus der rücksichtslosen&hellip;" />
<meta property="og:url" content="https://weltlaeden.de/gelnhausen/bildungsarbeit/vortraege/" />
<meta property="og:site_name" content="Weltladen Gelnhausen" />
<meta property="article:modified_time" content="2025-04-07T17:49:51+00:00" />
<meta property="og:image" content="https://weltlaeden.de/gelnhausen/wp-content/uploads/sites/135/2025/04/Image-3-1.jpg" />
	<meta property="og:image:width" content="2048" />
	<meta property="og:image:height" content="1536" />
	<meta property="og:image:type" content="image/jpeg" />
<meta name="twitter:card" content="summary_large_image" />
<meta name="twitter:label1" content="Geschätzte Lesezeit" />
	<meta name="twitter:data1" content="1 Minute" />
<script type="application/ld+json" class="yoast-schema-graph">{"@context":"https://schema.org","@graph":[{"@type":"WebPage","@id":"https://weltlaeden.de/gelnhausen/bildungsarbeit/vortraege/","url":"https://weltlaeden.de/gelnhausen/bildungsarbeit/vortraege/","name":"Vorträge - Weltladen Gelnhausen","isPartOf":{"@id":"https://weltlaeden.de/gelnhausen/#website"},"primaryImageOfPage":{"@id":"https://weltlaeden.de/gelnhausen/bildungsarbeit/vortraege/#primaryimage"},"image":{"@id":"https://weltlaeden.de/gelnhausen/bildungsarbeit/vortraege/#primaryimage"},"thumbnailUrl":"https://weltlaeden.de/gelnhausen/wp-content/uploads/sites/135/2025/04/Image-3-1-300x225.jpg","datePublished":"2020-06-27T08:57:49+00:00","dateModified":"2025-04-07T17:49:51+00:00","breadcrumb":{"@id":"https://weltlaeden.de/gelnhausen/bildungsarbeit/vortraege/#breadcrumb"},"inLanguage":"de","potentialAction":[{"@type":"ReadAction","target":["https://weltlaeden.de/gelnhausen/bildungsarbeit/vortraege/"]}]},{"@type":"ImageObject","inLanguage":"de","@id":"https://weltlaeden.de/gelnhausen/bildungsarbeit/vortraege/#primaryimage","url":"https://weltlaeden.de/gelnhausen/wp-content/uploads/sites/135/2025/04/Image-3-1.jpg","contentUrl":"https://weltlaeden.de/gelnhausen/wp-content/uploads/sites/135/2025/04/Image-3-1.jpg","width":2048,"height":1536},{"@type":"BreadcrumbList","@id":"https://weltlaeden.de/gelnhausen/bildungsarbeit/vortraege/#breadcrumb","itemListElement":[{"@type":"ListItem","position":1,"name":"Startseite","item":"https://weltlaeden.de/gelnhausen/"},{"@type":"ListItem","position":2,"name":"Bildungsarbeit","item":"https://weltlaeden.de/gelnhausen/bildungsarbeit/"},{"@type":"ListItem","position":3,"name":"Vorträge"}]},{"@type":"WebSite","@id":"https://weltlaeden.de/gelnhausen/#website","url":"https://weltlaeden.de/gelnhausen/","name":"Weltladen Gelnhausen","description":"Faire Produkte seit 1981","potentialAction":[{"@type":"SearchAction","target":{"@type":"EntryPoint","urlTemplate":"https://weltlaeden.de/gelnhausen/?s={search_term_string}"},"query-input":{"@type":"PropertyValueSpecification","valueRequired":true,"valueName":"search_term_string"}}],"inLanguage":"de"}]}</script>
<!-- / Yoast SEO plugin. -->

Vorträge - Weltladen Gelnhausen

Vorträge Information der Öffentlichkeit über den Fairen Handel ist ein zentrales Anliegen des Weltladens. Deshalb bieten wir in loser Folge oder auf Anfrage Vorträge zu ausgewählten Themen an. Am Beispiel eines Produkts, z. B. Kaffee, informieren wir über die Wertschöpfungskette vom Anbau bis zu den Konsument*innen. Wir beleuchten die Probleme, die sich aus der rücksichtslosen&hellip;
