{"id":486,"date":"2020-06-25T15:32:13","date_gmt":"2020-06-25T13:32:13","guid":{"rendered":"https:\/\/weltlaeden.de\/gelnhausen\/?page_id=486"},"modified":"2020-07-20T23:11:09","modified_gmt":"2020-07-20T21:11:09","slug":"bildungsarbeit","status":"publish","type":"page","link":"https:\/\/weltlaeden.de\/gelnhausen\/bildungsarbeit\/","title":{"rendered":"Bildungsarbeit"},"content":{"rendered":"<div class=\"wpb-content-wrapper\"><p>[vc_row][vc_column][vc_column_text]<\/p>\n<h1 style=\"text-align: center\">Bildungsarbeit<\/h1>\n<p>[\/vc_column_text][vc_column_text]<\/p>\n<p style=\"text-align: justify\">Als Weltladen m\u00f6chten wir nicht nur fair gehandelte Produkte verkaufen, sondern auch \u00fcber Fairen Handel und Nachhaltigkeit informieren. Dazu haben wir verschiedene Bildungsangebote f\u00fcr s\u00e4mtliche Altersklassen entwickelt:<\/p>\n<ul style=\"text-align: justify\">\n<li><a href=\"https:\/\/weltlaeden.de\/gelnhausen\/bildungsarbeit\/projekte-in-schulen\/\"><strong>Projekte in Schulen<\/strong><\/a><\/li>\n<li><strong><a href=\"https:\/\/weltlaeden.de\/gelnhausen\/bildungsarbeit\/weltladen-als-lernort\/\">Weltladen als Lernort<\/a><\/strong><\/li>\n<li><strong><a href=\"https:\/\/weltlaeden.de\/gelnhausen\/bildungsarbeit\/fairer-stadtrundgang\/\">Fairer Stadtrundgang<\/a><\/strong><\/li>\n<li><strong><a href=\"https:\/\/weltlaeden.de\/gelnhausen\/bildungsarbeit\/vortraege\/\">Vortr\u00e4ge<\/a><\/strong><\/li>\n<li><strong><a href=\"https:\/\/weltlaeden.de\/gelnhausen\/bildungsarbeit\/kleidertausch\/\">Kleidertausch<\/a><\/strong><\/li>\n<li><strong><a href=\"https:\/\/weltlaeden.de\/gelnhausen\/bildungsarbeit\/beratung\/\">Beratung<\/a><\/strong><\/li>\n<\/ul>\n<p style=\"text-align: justify\"><strong>Haben Sie Interesse?\u00a0<\/strong><\/p>\n<p style=\"text-align: justify\">Schreiben Sie uns gerne eine Mail an: <strong>bildung@weltladen-gelnhausen.de <\/strong>(Ansprechpartnerin: Dorothee Sch\u00e4fer-Bier)<\/p>\n<p>[\/vc_column_text][\/vc_column][\/vc_row]<\/p>\n<\/div>","protected":false},"excerpt":{"rendered":"<p>[vc_row][vc_column][vc_column_text] Bildungsarbeit [\/vc_column_text][vc_column_text] Als Weltladen m\u00f6chten wir nicht nur fair gehandelte Produkte verkaufen, sondern auch \u00fcber Fairen Handel und Nachhaltigkeit informieren. Dazu haben wir verschiedene Bildungsangebote f\u00fcr s\u00e4mtliche Altersklassen entwickelt: Projekte in Schulen Weltladen als Lernort Fairer Stadtrundgang Vortr\u00e4ge Kleidertausch Beratung Haben Sie Interesse?\u00a0 Schreiben Sie uns gerne eine Mail an: bildung@weltladen-gelnhausen.de (Ansprechpartnerin: Dorothee Sch\u00e4fer-Bier)&hellip;<\/p>\n","protected":false},"author":197,"featured_media":0,"parent":0,"menu_order":4,"comment_status":"closed","ping_status":"closed","template":"","meta":{"footnotes":""},"class_list":["post-486","page","type-page","status-publish","hentry","description-off"],"yoast_head":"<!-- This site is optimized with the Yoast SEO plugin v26.8 - https:\/\/yoast.com\/product\/yoast-seo-wordpress\/ -->\n<title>Bildungsarbeit - Weltladen Gelnhausen<\/title>\n<meta name=\"robots\" content=\"index, follow, max-snippet:-1, max-image-preview:large, max-video-preview:-1\" \/>\n<link rel=\"canonical\" href=\"https:\/\/weltlaeden.de\/gelnhausen\/bildungsarbeit\/\" \/>\n<meta property=\"og:locale\" content=\"de_DE\" \/>\n<meta property=\"og:type\" content=\"article\" \/>\n<meta property=\"og:title\" content=\"Bildungsarbeit - Weltladen Gelnhausen\" \/>\n<meta property=\"og:description\" content=\"[vc_row][vc_column][vc_column_text] Bildungsarbeit [\/vc_column_text][vc_column_text] Als Weltladen m\u00f6chten wir nicht nur fair gehandelte Produkte verkaufen, sondern auch \u00fcber Fairen Handel und Nachhaltigkeit informieren. Dazu haben wir verschiedene Bildungsangebote f\u00fcr s\u00e4mtliche Altersklassen entwickelt: Projekte in Schulen Weltladen als Lernort Fairer Stadtrundgang Vortr\u00e4ge Kleidertausch Beratung Haben Sie Interesse?\u00a0 Schreiben Sie uns gerne eine Mail an: bildung@weltladen-gelnhausen.de (Ansprechpartnerin: Dorothee Sch\u00e4fer-Bier)&hellip;\" \/>\n<meta property=\"og:url\" content=\"https:\/\/weltlaeden.de\/gelnhausen\/bildungsarbeit\/\" \/>\n<meta property=\"og:site_name\" content=\"Weltladen Gelnhausen\" \/>\n<meta property=\"article:modified_time\" content=\"2020-07-20T21:11:09+00:00\" \/>\n<meta name=\"twitter:card\" content=\"summary_large_image\" \/>\n<meta name=\"twitter:label1\" content=\"Gesch\u00e4tzte Lesezeit\" \/>\n\t<meta name=\"twitter:data1\" content=\"1\u00a0Minute\" \/>\n<script type=\"application\/ld+json\" class=\"yoast-schema-graph\">{\"@context\":\"https:\/\/schema.org\",\"@graph\":[{\"@type\":\"WebPage\",\"@id\":\"https:\/\/weltlaeden.de\/gelnhausen\/bildungsarbeit\/\",\"url\":\"https:\/\/weltlaeden.de\/gelnhausen\/bildungsarbeit\/\",\"name\":\"Bildungsarbeit - Weltladen Gelnhausen\",\"isPartOf\":{\"@id\":\"https:\/\/weltlaeden.de\/gelnhausen\/#website\"},\"datePublished\":\"2020-06-25T13:32:13+00:00\",\"dateModified\":\"2020-07-20T21:11:09+00:00\",\"breadcrumb\":{\"@id\":\"https:\/\/weltlaeden.de\/gelnhausen\/bildungsarbeit\/#breadcrumb\"},\"inLanguage\":\"de\",\"potentialAction\":[{\"@type\":\"ReadAction\",\"target\":[\"https:\/\/weltlaeden.de\/gelnhausen\/bildungsarbeit\/\"]}]},{\"@type\":\"BreadcrumbList\",\"@id\":\"https:\/\/weltlaeden.de\/gelnhausen\/bildungsarbeit\/#breadcrumb\",\"itemListElement\":[{\"@type\":\"ListItem\",\"position\":1,\"name\":\"Startseite\",\"item\":\"https:\/\/weltlaeden.de\/gelnhausen\/\"},{\"@type\":\"ListItem\",\"position\":2,\"name\":\"Bildungsarbeit\"}]},{\"@type\":\"WebSite\",\"@id\":\"https:\/\/weltlaeden.de\/gelnhausen\/#website\",\"url\":\"https:\/\/weltlaeden.de\/gelnhausen\/\",\"name\":\"Weltladen Gelnhausen\",\"description\":\"Faire Produkte seit 1981\",\"potentialAction\":[{\"@type\":\"SearchAction\",\"target\":{\"@type\":\"EntryPoint\",\"urlTemplate\":\"https:\/\/weltlaeden.de\/gelnhausen\/?s={search_term_string}\"},\"query-input\":{\"@type\":\"PropertyValueSpecification\",\"valueRequired\":true,\"valueName\":\"search_term_string\"}}],\"inLanguage\":\"de\"}]}<\/script>\n<!-- \/ Yoast SEO plugin. -->","yoast_head_json":{"title":"Bildungsarbeit - Weltladen Gelnhausen","robots":{"index":"index","follow":"follow","max-snippet":"max-snippet:-1","max-image-preview":"max-image-preview:large","max-video-preview":"max-video-preview:-1"},"canonical":"https:\/\/weltlaeden.de\/gelnhausen\/bildungsarbeit\/","og_locale":"de_DE","og_type":"article","og_title":"Bildungsarbeit - Weltladen Gelnhausen","og_description":"[vc_row][vc_column][vc_column_text] Bildungsarbeit [\/vc_column_text][vc_column_text] Als Weltladen m\u00f6chten wir nicht nur fair gehandelte Produkte verkaufen, sondern auch \u00fcber Fairen Handel und Nachhaltigkeit informieren. Dazu haben wir verschiedene Bildungsangebote f\u00fcr s\u00e4mtliche Altersklassen entwickelt: Projekte in Schulen Weltladen als Lernort Fairer Stadtrundgang Vortr\u00e4ge Kleidertausch Beratung Haben Sie Interesse?\u00a0 Schreiben Sie uns gerne eine Mail an: bildung@weltladen-gelnhausen.de (Ansprechpartnerin: Dorothee Sch\u00e4fer-Bier)&hellip;","og_url":"https:\/\/weltlaeden.de\/gelnhausen\/bildungsarbeit\/","og_site_name":"Weltladen Gelnhausen","article_modified_time":"2020-07-20T21:11:09+00:00","twitter_card":"summary_large_image","twitter_misc":{"Gesch\u00e4tzte Lesezeit":"1\u00a0Minute"},"schema":{"@context":"https:\/\/schema.org","@graph":[{"@type":"WebPage","@id":"https:\/\/weltlaeden.de\/gelnhausen\/bildungsarbeit\/","url":"https:\/\/weltlaeden.de\/gelnhausen\/bildungsarbeit\/","name":"Bildungsarbeit - Weltladen Gelnhausen","isPartOf":{"@id":"https:\/\/weltlaeden.de\/gelnhausen\/#website"},"datePublished":"2020-06-25T13:32:13+00:00","dateModified":"2020-07-20T21:11:09+00:00","breadcrumb":{"@id":"https:\/\/weltlaeden.de\/gelnhausen\/bildungsarbeit\/#breadcrumb"},"inLanguage":"de","potentialAction":[{"@type":"ReadAction","target":["https:\/\/weltlaeden.de\/gelnhausen\/bildungsarbeit\/"]}]},{"@type":"BreadcrumbList","@id":"https:\/\/weltlaeden.de\/gelnhausen\/bildungsarbeit\/#breadcrumb","itemListElement":[{"@type":"ListItem","position":1,"name":"Startseite","item":"https:\/\/weltlaeden.de\/gelnhausen\/"},{"@type":"ListItem","position":2,"name":"Bildungsarbeit"}]},{"@type":"WebSite","@id":"https:\/\/weltlaeden.de\/gelnhausen\/#website","url":"https:\/\/weltlaeden.de\/gelnhausen\/","name":"Weltladen Gelnhausen","description":"Faire Produkte seit 1981","potentialAction":[{"@type":"SearchAction","target":{"@type":"EntryPoint","urlTemplate":"https:\/\/weltlaeden.de\/gelnhausen\/?s={search_term_string}"},"query-input":{"@type":"PropertyValueSpecification","valueRequired":true,"valueName":"search_term_string"}}],"inLanguage":"de"}]}},"_links":{"self":[{"href":"https:\/\/weltlaeden.de\/gelnhausen\/wp-json\/wp\/v2\/pages\/486","targetHints":{"allow":["GET"]}}],"collection":[{"href":"https:\/\/weltlaeden.de\/gelnhausen\/wp-json\/wp\/v2\/pages"}],"about":[{"href":"https:\/\/weltlaeden.de\/gelnhausen\/wp-json\/wp\/v2\/types\/page"}],"author":[{"embeddable":true,"href":"https:\/\/weltlaeden.de\/gelnhausen\/wp-json\/wp\/v2\/users\/197"}],"replies":[{"embeddable":true,"href":"https:\/\/weltlaeden.de\/gelnhausen\/wp-json\/wp\/v2\/comments?post=486"}],"version-history":[{"count":10,"href":"https:\/\/weltlaeden.de\/gelnhausen\/wp-json\/wp\/v2\/pages\/486\/revisions"}],"predecessor-version":[{"id":852,"href":"https:\/\/weltlaeden.de\/gelnhausen\/wp-json\/wp\/v2\/pages\/486\/revisions\/852"}],"wp:attachment":[{"href":"https:\/\/weltlaeden.de\/gelnhausen\/wp-json\/wp\/v2\/media?parent=486"}],"curies":[{"name":"wp","href":"https:\/\/api.w.org\/{rel}","templated":true}]}}