{"id":471,"date":"2020-06-25T15:20:44","date_gmt":"2020-06-25T13:20:44","guid":{"rendered":"https:\/\/weltlaeden.de\/gelnhausen\/?page_id=471"},"modified":"2024-02-15T11:39:36","modified_gmt":"2024-02-15T10:39:36","slug":"mitmachen","status":"publish","type":"page","link":"https:\/\/weltlaeden.de\/gelnhausen\/mitmachen\/","title":{"rendered":"Mitmachen"},"content":{"rendered":"<h1 style=\"text-align: center\"><img loading=\"lazy\" decoding=\"async\" class=\"alignnone wp-image-901\" src=\"https:\/\/weltlaeden.de\/gelnhausen\/wp-content\/uploads\/sites\/135\/2020\/07\/weltladen_papiertuete_cashew-1-300x212.jpg\" alt=\"\" width=\"248\" height=\"175\" srcset=\"https:\/\/weltlaeden.de\/gelnhausen\/wp-content\/uploads\/sites\/135\/2020\/07\/weltladen_papiertuete_cashew-1-300x212.jpg 300w, https:\/\/weltlaeden.de\/gelnhausen\/wp-content\/uploads\/sites\/135\/2020\/07\/weltladen_papiertuete_cashew-1-768x542.jpg 768w, https:\/\/weltlaeden.de\/gelnhausen\/wp-content\/uploads\/sites\/135\/2020\/07\/weltladen_papiertuete_cashew-1-1024x723.jpg 1024w, https:\/\/weltlaeden.de\/gelnhausen\/wp-content\/uploads\/sites\/135\/2020\/07\/weltladen_papiertuete_cashew-1.jpg 1920w\" sizes=\"auto, (max-width: 248px) 100vw, 248px\" \/> <img loading=\"lazy\" decoding=\"async\" class=\"alignnone wp-image-918\" src=\"https:\/\/weltlaeden.de\/gelnhausen\/wp-content\/uploads\/sites\/135\/2020\/07\/IMG_E4131-252x300.jpg\" alt=\"\" width=\"147\" height=\"175\" srcset=\"https:\/\/weltlaeden.de\/gelnhausen\/wp-content\/uploads\/sites\/135\/2020\/07\/IMG_E4131-252x300.jpg 252w, https:\/\/weltlaeden.de\/gelnhausen\/wp-content\/uploads\/sites\/135\/2020\/07\/IMG_E4131-768x913.jpg 768w, https:\/\/weltlaeden.de\/gelnhausen\/wp-content\/uploads\/sites\/135\/2020\/07\/IMG_E4131-862x1024.jpg 862w, https:\/\/weltlaeden.de\/gelnhausen\/wp-content\/uploads\/sites\/135\/2020\/07\/IMG_E4131.jpg 1576w\" sizes=\"auto, (max-width: 147px) 100vw, 147px\" \/> <img loading=\"lazy\" decoding=\"async\" class=\"alignnone wp-image-924\" src=\"https:\/\/weltlaeden.de\/gelnhausen\/wp-content\/uploads\/sites\/135\/2020\/07\/IMG_4138-225x300.jpg\" alt=\"\" width=\"131\" height=\"175\" srcset=\"https:\/\/weltlaeden.de\/gelnhausen\/wp-content\/uploads\/sites\/135\/2020\/07\/IMG_4138-225x300.jpg 225w, https:\/\/weltlaeden.de\/gelnhausen\/wp-content\/uploads\/sites\/135\/2020\/07\/IMG_4138-768x1024.jpg 768w, https:\/\/weltlaeden.de\/gelnhausen\/wp-content\/uploads\/sites\/135\/2020\/07\/IMG_4138.jpg 1440w\" sizes=\"auto, (max-width: 131px) 100vw, 131px\" \/> <img loading=\"lazy\" decoding=\"async\" class=\"alignnone wp-image-950\" src=\"https:\/\/weltlaeden.de\/gelnhausen\/wp-content\/uploads\/sites\/135\/2020\/07\/IMG_E4127-2-250x300.jpg\" alt=\"\" width=\"146\" height=\"175\" srcset=\"https:\/\/weltlaeden.de\/gelnhausen\/wp-content\/uploads\/sites\/135\/2020\/07\/IMG_E4127-2-250x300.jpg 250w, https:\/\/weltlaeden.de\/gelnhausen\/wp-content\/uploads\/sites\/135\/2020\/07\/IMG_E4127-2-768x921.jpg 768w, https:\/\/weltlaeden.de\/gelnhausen\/wp-content\/uploads\/sites\/135\/2020\/07\/IMG_E4127-2-854x1024.jpg 854w, https:\/\/weltlaeden.de\/gelnhausen\/wp-content\/uploads\/sites\/135\/2020\/07\/IMG_E4127-2.jpg 1369w\" sizes=\"auto, (max-width: 146px) 100vw, 146px\" \/><\/h1>\n<h1 style=\"text-align: center\">Mitmachen<\/h1>\n<h3 style=\"text-align: left\">Ladendienst<\/h3>\n<p style=\"text-align: justify\">Wir sind eine Gruppe von ca. 20 Menschen, die den Laden ehrenamtlich betreiben. Einmal im Monat treffen wir uns an einem Abend, um alles Organisatorische zu besprechen und\u00a0 auch um als Gruppe zusammenzukommen. Zudem werden dort neue Informationen zu Produkten und zu politischen Hintergr\u00fcnden ausgetauscht. Die Ladendienste sind in eine Vormittags- und Nachmittagsschicht eingeteilt und sollten im Idealfall immer mit zwei Personen besetzt sein. Interessierte, die uns hier unterst\u00fctzen wollen, sind jederzeit willkommen. Einarbeitung erfolgt durch erfahrene Ladendienstler*innen. Jede*r kann dann selbst bestimmen, wie intensiv die Mitarbeit sein soll, also ob ein- oder zweimal die Woche oder eher sporadisch. Auch &#8222;Sonderaufgaben&#8220;, die teilweise au\u00dferhalb der normalen Laden\u00f6ffnungszeiten stattfinden k\u00f6nnen, sind m\u00f6glich, z.B. Lieferungen auspacken, Berichte schreiben f\u00fcr Presse oder Homepage, Verantwortung f\u00fcr einen Sortimentsbereich&#8230;<\/p>\n<h3 style=\"text-align: justify\">Bildungsarbeit<\/h3>\n<p style=\"text-align: justify\">In der Bildungsgruppe arbeiten ca. 10 Personen mit, die teilweise ebenfalls im Ladendienst aktiv sind. Manche arbeiten auch nur in einem Teilbereich der Bildungsarbeit mit &#8211; je nach Interesse. Wir freuen uns immer \u00fcber Mitstreiter*innen, die z.B. gerne f\u00fcr den Fairen Stadtrundgang neue Stationen ausarbeiten und den Rundgang begleiten m\u00f6chten oder die gerne Schulkindern den Fairen Handel nahe bringen w\u00fcrden oder ganz neue Ideen haben.<\/p>\n<h3 style=\"text-align: justify\">Freiwilligendienst und Praktika<\/h3>\n<p style=\"text-align: justify\">F\u00fcr junge Menschen, die sich f\u00fcr nachhaltige und gerechte Wirtschaftsstrukturen sowie den Fairen Handel interessieren, gibt es im Weltladen die M\u00f6glichkeit, ein Freiwilliges \u00d6kologisches Jahr (F\u00d6J), ein Freiwilliges Soziales Schuljahr Hessen (FSSJH) oder ein zwei- bis dreiw\u00f6chiges Sch\u00fclerpraktikum zu absolvieren.<\/p>\n","protected":false},"excerpt":{"rendered":"<p>Mitmachen Ladendienst Wir sind eine Gruppe von ca. 20 Menschen, die den Laden ehrenamtlich betreiben. Einmal im Monat treffen wir uns an einem Abend, um alles Organisatorische zu besprechen und\u00a0 auch um als Gruppe zusammenzukommen. Zudem werden dort neue Informationen zu Produkten und zu politischen Hintergr\u00fcnden ausgetauscht. Die Ladendienste sind in eine Vormittags- und Nachmittagsschicht&hellip;<\/p>\n","protected":false},"author":197,"featured_media":0,"parent":0,"menu_order":7,"comment_status":"closed","ping_status":"closed","template":"","meta":{"footnotes":""},"class_list":["post-471","page","type-page","status-publish","hentry","description-off"],"yoast_head":"<!-- This site is optimized with the Yoast SEO plugin v26.8 - https:\/\/yoast.com\/product\/yoast-seo-wordpress\/ -->\n<title>Mitmachen - Weltladen Gelnhausen<\/title>\n<meta name=\"robots\" content=\"index, follow, max-snippet:-1, max-image-preview:large, max-video-preview:-1\" \/>\n<link rel=\"canonical\" href=\"https:\/\/weltlaeden.de\/gelnhausen\/mitmachen\/\" \/>\n<meta property=\"og:locale\" content=\"de_DE\" \/>\n<meta property=\"og:type\" content=\"article\" \/>\n<meta property=\"og:title\" content=\"Mitmachen - Weltladen Gelnhausen\" \/>\n<meta property=\"og:description\" content=\"Mitmachen Ladendienst Wir sind eine Gruppe von ca. 20 Menschen, die den Laden ehrenamtlich betreiben. Einmal im Monat treffen wir uns an einem Abend, um alles Organisatorische zu besprechen und\u00a0 auch um als Gruppe zusammenzukommen. Zudem werden dort neue Informationen zu Produkten und zu politischen Hintergr\u00fcnden ausgetauscht. Die Ladendienste sind in eine Vormittags- und Nachmittagsschicht&hellip;\" \/>\n<meta property=\"og:url\" content=\"https:\/\/weltlaeden.de\/gelnhausen\/mitmachen\/\" \/>\n<meta property=\"og:site_name\" content=\"Weltladen Gelnhausen\" \/>\n<meta property=\"article:modified_time\" content=\"2024-02-15T10:39:36+00:00\" \/>\n<meta property=\"og:image\" content=\"https:\/\/weltlaeden.de\/gelnhausen\/wp-content\/uploads\/sites\/135\/2020\/07\/weltladen_papiertuete_cashew-1-300x212.jpg\" \/>\n<meta name=\"twitter:card\" content=\"summary_large_image\" \/>\n<meta name=\"twitter:label1\" content=\"Gesch\u00e4tzte Lesezeit\" \/>\n\t<meta name=\"twitter:data1\" content=\"3\u00a0Minuten\" \/>\n<script type=\"application\/ld+json\" class=\"yoast-schema-graph\">{\"@context\":\"https:\/\/schema.org\",\"@graph\":[{\"@type\":\"WebPage\",\"@id\":\"https:\/\/weltlaeden.de\/gelnhausen\/mitmachen\/\",\"url\":\"https:\/\/weltlaeden.de\/gelnhausen\/mitmachen\/\",\"name\":\"Mitmachen - Weltladen Gelnhausen\",\"isPartOf\":{\"@id\":\"https:\/\/weltlaeden.de\/gelnhausen\/#website\"},\"primaryImageOfPage\":{\"@id\":\"https:\/\/weltlaeden.de\/gelnhausen\/mitmachen\/#primaryimage\"},\"image\":{\"@id\":\"https:\/\/weltlaeden.de\/gelnhausen\/mitmachen\/#primaryimage\"},\"thumbnailUrl\":\"https:\/\/weltlaeden.de\/gelnhausen\/wp-content\/uploads\/sites\/135\/2020\/07\/weltladen_papiertuete_cashew-1-300x212.jpg\",\"datePublished\":\"2020-06-25T13:20:44+00:00\",\"dateModified\":\"2024-02-15T10:39:36+00:00\",\"breadcrumb\":{\"@id\":\"https:\/\/weltlaeden.de\/gelnhausen\/mitmachen\/#breadcrumb\"},\"inLanguage\":\"de\",\"potentialAction\":[{\"@type\":\"ReadAction\",\"target\":[\"https:\/\/weltlaeden.de\/gelnhausen\/mitmachen\/\"]}]},{\"@type\":\"ImageObject\",\"inLanguage\":\"de\",\"@id\":\"https:\/\/weltlaeden.de\/gelnhausen\/mitmachen\/#primaryimage\",\"url\":\"https:\/\/weltlaeden.de\/gelnhausen\/wp-content\/uploads\/sites\/135\/2020\/07\/weltladen_papiertuete_cashew-1.jpg\",\"contentUrl\":\"https:\/\/weltlaeden.de\/gelnhausen\/wp-content\/uploads\/sites\/135\/2020\/07\/weltladen_papiertuete_cashew-1.jpg\",\"width\":1920,\"height\":1355},{\"@type\":\"BreadcrumbList\",\"@id\":\"https:\/\/weltlaeden.de\/gelnhausen\/mitmachen\/#breadcrumb\",\"itemListElement\":[{\"@type\":\"ListItem\",\"position\":1,\"name\":\"Startseite\",\"item\":\"https:\/\/weltlaeden.de\/gelnhausen\/\"},{\"@type\":\"ListItem\",\"position\":2,\"name\":\"Mitmachen\"}]},{\"@type\":\"WebSite\",\"@id\":\"https:\/\/weltlaeden.de\/gelnhausen\/#website\",\"url\":\"https:\/\/weltlaeden.de\/gelnhausen\/\",\"name\":\"Weltladen Gelnhausen\",\"description\":\"Faire Produkte seit 1981\",\"potentialAction\":[{\"@type\":\"SearchAction\",\"target\":{\"@type\":\"EntryPoint\",\"urlTemplate\":\"https:\/\/weltlaeden.de\/gelnhausen\/?s={search_term_string}\"},\"query-input\":{\"@type\":\"PropertyValueSpecification\",\"valueRequired\":true,\"valueName\":\"search_term_string\"}}],\"inLanguage\":\"de\"}]}<\/script>\n<!-- \/ Yoast SEO plugin. -->","yoast_head_json":{"title":"Mitmachen - Weltladen Gelnhausen","robots":{"index":"index","follow":"follow","max-snippet":"max-snippet:-1","max-image-preview":"max-image-preview:large","max-video-preview":"max-video-preview:-1"},"canonical":"https:\/\/weltlaeden.de\/gelnhausen\/mitmachen\/","og_locale":"de_DE","og_type":"article","og_title":"Mitmachen - Weltladen Gelnhausen","og_description":"Mitmachen Ladendienst Wir sind eine Gruppe von ca. 20 Menschen, die den Laden ehrenamtlich betreiben. Einmal im Monat treffen wir uns an einem Abend, um alles Organisatorische zu besprechen und\u00a0 auch um als Gruppe zusammenzukommen. Zudem werden dort neue Informationen zu Produkten und zu politischen Hintergr\u00fcnden ausgetauscht. Die Ladendienste sind in eine Vormittags- und Nachmittagsschicht&hellip;","og_url":"https:\/\/weltlaeden.de\/gelnhausen\/mitmachen\/","og_site_name":"Weltladen Gelnhausen","article_modified_time":"2024-02-15T10:39:36+00:00","og_image":[{"url":"https:\/\/weltlaeden.de\/gelnhausen\/wp-content\/uploads\/sites\/135\/2020\/07\/weltladen_papiertuete_cashew-1-300x212.jpg","type":"","width":"","height":""}],"twitter_card":"summary_large_image","twitter_misc":{"Gesch\u00e4tzte Lesezeit":"3\u00a0Minuten"},"schema":{"@context":"https:\/\/schema.org","@graph":[{"@type":"WebPage","@id":"https:\/\/weltlaeden.de\/gelnhausen\/mitmachen\/","url":"https:\/\/weltlaeden.de\/gelnhausen\/mitmachen\/","name":"Mitmachen - Weltladen Gelnhausen","isPartOf":{"@id":"https:\/\/weltlaeden.de\/gelnhausen\/#website"},"primaryImageOfPage":{"@id":"https:\/\/weltlaeden.de\/gelnhausen\/mitmachen\/#primaryimage"},"image":{"@id":"https:\/\/weltlaeden.de\/gelnhausen\/mitmachen\/#primaryimage"},"thumbnailUrl":"https:\/\/weltlaeden.de\/gelnhausen\/wp-content\/uploads\/sites\/135\/2020\/07\/weltladen_papiertuete_cashew-1-300x212.jpg","datePublished":"2020-06-25T13:20:44+00:00","dateModified":"2024-02-15T10:39:36+00:00","breadcrumb":{"@id":"https:\/\/weltlaeden.de\/gelnhausen\/mitmachen\/#breadcrumb"},"inLanguage":"de","potentialAction":[{"@type":"ReadAction","target":["https:\/\/weltlaeden.de\/gelnhausen\/mitmachen\/"]}]},{"@type":"ImageObject","inLanguage":"de","@id":"https:\/\/weltlaeden.de\/gelnhausen\/mitmachen\/#primaryimage","url":"https:\/\/weltlaeden.de\/gelnhausen\/wp-content\/uploads\/sites\/135\/2020\/07\/weltladen_papiertuete_cashew-1.jpg","contentUrl":"https:\/\/weltlaeden.de\/gelnhausen\/wp-content\/uploads\/sites\/135\/2020\/07\/weltladen_papiertuete_cashew-1.jpg","width":1920,"height":1355},{"@type":"BreadcrumbList","@id":"https:\/\/weltlaeden.de\/gelnhausen\/mitmachen\/#breadcrumb","itemListElement":[{"@type":"ListItem","position":1,"name":"Startseite","item":"https:\/\/weltlaeden.de\/gelnhausen\/"},{"@type":"ListItem","position":2,"name":"Mitmachen"}]},{"@type":"WebSite","@id":"https:\/\/weltlaeden.de\/gelnhausen\/#website","url":"https:\/\/weltlaeden.de\/gelnhausen\/","name":"Weltladen Gelnhausen","description":"Faire Produkte seit 1981","potentialAction":[{"@type":"SearchAction","target":{"@type":"EntryPoint","urlTemplate":"https:\/\/weltlaeden.de\/gelnhausen\/?s={search_term_string}"},"query-input":{"@type":"PropertyValueSpecification","valueRequired":true,"valueName":"search_term_string"}}],"inLanguage":"de"}]}},"_links":{"self":[{"href":"https:\/\/weltlaeden.de\/gelnhausen\/wp-json\/wp\/v2\/pages\/471","targetHints":{"allow":["GET"]}}],"collection":[{"href":"https:\/\/weltlaeden.de\/gelnhausen\/wp-json\/wp\/v2\/pages"}],"about":[{"href":"https:\/\/weltlaeden.de\/gelnhausen\/wp-json\/wp\/v2\/types\/page"}],"author":[{"embeddable":true,"href":"https:\/\/weltlaeden.de\/gelnhausen\/wp-json\/wp\/v2\/users\/197"}],"replies":[{"embeddable":true,"href":"https:\/\/weltlaeden.de\/gelnhausen\/wp-json\/wp\/v2\/comments?post=471"}],"version-history":[{"count":21,"href":"https:\/\/weltlaeden.de\/gelnhausen\/wp-json\/wp\/v2\/pages\/471\/revisions"}],"predecessor-version":[{"id":1313,"href":"https:\/\/weltlaeden.de\/gelnhausen\/wp-json\/wp\/v2\/pages\/471\/revisions\/1313"}],"wp:attachment":[{"href":"https:\/\/weltlaeden.de\/gelnhausen\/wp-json\/wp\/v2\/media?parent=471"}],"curies":[{"name":"wp","href":"https:\/\/api.w.org\/{rel}","templated":true}]}}