{"id":217,"date":"2016-10-28T13:34:47","date_gmt":"2016-10-28T11:34:47","guid":{"rendered":"https:\/\/wl.heimpixel.de\/vorlage\/produkte\/"},"modified":"2021-07-01T15:34:51","modified_gmt":"2021-07-01T13:34:51","slug":"produkte","status":"publish","type":"page","link":"https:\/\/weltlaeden.de\/gau-algesheim\/produkte\/","title":{"rendered":"Produkte"},"content":{"rendered":"<div class=\"wpb-content-wrapper\"><p>[vc_row][vc_column]<div class=\"wl_einzelbild\"><p><img loading=\"lazy\" decoding=\"async\" class=\"alignnone wp-image-589 size-full\" src=\"https:\/\/weltlaeden.de\/gau-algesheim\/wp-content\/uploads\/sites\/149\/2020\/10\/DSC_8703-2.jpg\" alt=\"\" width=\"5568\" height=\"3712\" srcset=\"https:\/\/weltlaeden.de\/gau-algesheim\/wp-content\/uploads\/sites\/149\/2020\/10\/DSC_8703-2.jpg 1920w, https:\/\/weltlaeden.de\/gau-algesheim\/wp-content\/uploads\/sites\/149\/2020\/10\/DSC_8703-2-300x200.jpg 300w, https:\/\/weltlaeden.de\/gau-algesheim\/wp-content\/uploads\/sites\/149\/2020\/10\/DSC_8703-2-768x512.jpg 768w, https:\/\/weltlaeden.de\/gau-algesheim\/wp-content\/uploads\/sites\/149\/2020\/10\/DSC_8703-2-1024x683.jpg 1024w\" sizes=\"auto, (max-width: 5568px) 100vw, 5568px\" \/><\/p><\/div>[vc_column_text]<\/p>\n<h1>Unser Sortiment<\/h1>\n<p>[\/vc_column_text][vc_row_inner][vc_column_inner width=&#8220;1\/2&#8243;][vc_column_text]<\/p>\n<h2><strong><span style=\"color: #ff6600\">Lebensmittel (Auswahl)<\/span><\/strong><\/h2>\n<hr \/>\n<p>gr\u00fcner, schwarzer und wei\u00dfer Tee<\/p>\n<p>Rotbuschtee, Kr\u00e4uter- und Gew\u00fcrztee<\/p>\n<p>Schokolade, Schokoaufstrich<\/p>\n<p>Honig<\/p>\n<p>getrocknete Fr\u00fcchte<\/p>\n<p>Pesto, Gew\u00fcrze<\/p>\n<p>Reis, Couscous<\/p>\n<p>Kaffee<\/p>\n<p>Kakao<\/p>\n<p>Zucker<\/p>\n<p>S\u00e4fte<\/p>\n<p>Kekse, N\u00fcsse<\/p>\n<hr \/>\n<p><span style=\"color: #ff6600\">Beispielbilder:<\/span>[\/vc_column_text]<div class=\"wl_einzelbild\"><p><img loading=\"lazy\" decoding=\"async\" class=\"aligncenter size-full wp-image-nsm-3-26\" src=\"https:\/\/weltlaeden.de\/gau-algesheim\/wp-content\/uploads\/sites\/3\/2018\/05\/Lebensmittel_WL-Bornheim-Christian-Schilling.jpg\" alt=\"\" width=\"600\" height=\"402\" \/> <img loading=\"lazy\" decoding=\"async\" class=\"aligncenter wp-image-533\" src=\"https:\/\/weltlaeden.de\/gau-algesheim\/wp-content\/uploads\/sites\/149\/2020\/10\/DSCN3115-300x225.jpg\" alt=\"\" width=\"600\" height=\"450\" srcset=\"https:\/\/weltlaeden.de\/gau-algesheim\/wp-content\/uploads\/sites\/149\/2020\/10\/DSCN3115-300x225.jpg 300w, https:\/\/weltlaeden.de\/gau-algesheim\/wp-content\/uploads\/sites\/149\/2020\/10\/DSCN3115-768x576.jpg 768w, https:\/\/weltlaeden.de\/gau-algesheim\/wp-content\/uploads\/sites\/149\/2020\/10\/DSCN3115-1024x768.jpg 1024w, https:\/\/weltlaeden.de\/gau-algesheim\/wp-content\/uploads\/sites\/149\/2020\/10\/DSCN3115.jpg 1920w\" sizes=\"auto, (max-width: 600px) 100vw, 600px\" \/><img loading=\"lazy\" decoding=\"async\" class=\"aligncenter wp-image-490\" src=\"https:\/\/weltlaeden.de\/gau-algesheim\/wp-content\/uploads\/sites\/149\/2020\/10\/QF_01.jpg\" alt=\"\" width=\"600\" height=\"446\" \/><\/p><\/div>[vc_column_text]Nicht nur zu Weihnachten wird unser Sortiment um saisonale Dekoration und Lebensmittel erg\u00e4nzt, sondern auch zur Oster-, Valentinstag-, Karnevals-, Sommer- und Herbstzeit.<\/p>\n<p>Au\u00dferdem nehmen wir in jedem Jahr Aktionsprodukte aus dem Weltgebetstagsland in unser Sortiment auf.[\/vc_column_text][\/vc_column_inner][vc_column_inner width=&#8220;1\/2&#8243;][vc_column_text]<\/p>\n<h2><strong><span style=\"color: #ff6600\">Kunsthandwerk (Auswahl)<\/span><\/strong><\/h2>\n<hr \/>\n<p>K\u00f6rbe<\/p>\n<p>Taschen<\/p>\n<p>Ketten, Ringe, Anh\u00e4nger, Ohrringe<\/p>\n<p>Kerzen<\/p>\n<p>Geschirr<\/p>\n<p>Geschirrt\u00fccher, Tischdecken<\/p>\n<p>Kinderspielzeug, B\u00e4lle<\/p>\n<p>Musikinstrumente<\/p>\n<p>T\u00fccher und Schals<\/p>\n<p>Musik-CDs<\/p>\n<p>Kisten und K\u00e4stchen<\/p>\n<p>Kosmetik<\/p>\n<hr \/>\n<p>&nbsp;<\/p>\n<p>[\/vc_column_text]<div class=\"wl_einzelbild\"><p><img loading=\"lazy\" decoding=\"async\" class=\"aligncenter wp-image-704\" src=\"https:\/\/weltlaeden.de\/gau-algesheim\/wp-content\/uploads\/sites\/149\/2021\/07\/DSCN3114-300x225.jpg\" alt=\"\" width=\"600\" height=\"450\" srcset=\"https:\/\/weltlaeden.de\/gau-algesheim\/wp-content\/uploads\/sites\/149\/2021\/07\/DSCN3114-300x225.jpg 300w, https:\/\/weltlaeden.de\/gau-algesheim\/wp-content\/uploads\/sites\/149\/2021\/07\/DSCN3114-768x576.jpg 768w, https:\/\/weltlaeden.de\/gau-algesheim\/wp-content\/uploads\/sites\/149\/2021\/07\/DSCN3114-1024x768.jpg 1024w, https:\/\/weltlaeden.de\/gau-algesheim\/wp-content\/uploads\/sites\/149\/2021\/07\/DSCN3114.jpg 1920w\" sizes=\"auto, (max-width: 600px) 100vw, 600px\" \/><img loading=\"lazy\" decoding=\"async\" class=\"aligncenter wp-image-534\" src=\"https:\/\/weltlaeden.de\/gau-algesheim\/wp-content\/uploads\/sites\/149\/2020\/10\/DSCN3113-300x225.jpg\" alt=\"\" width=\"600\" height=\"450\" srcset=\"https:\/\/weltlaeden.de\/gau-algesheim\/wp-content\/uploads\/sites\/149\/2020\/10\/DSCN3113-300x225.jpg 300w, https:\/\/weltlaeden.de\/gau-algesheim\/wp-content\/uploads\/sites\/149\/2020\/10\/DSCN3113-768x576.jpg 768w, https:\/\/weltlaeden.de\/gau-algesheim\/wp-content\/uploads\/sites\/149\/2020\/10\/DSCN3113-1024x768.jpg 1024w, https:\/\/weltlaeden.de\/gau-algesheim\/wp-content\/uploads\/sites\/149\/2020\/10\/DSCN3113.jpg 1920w\" sizes=\"auto, (max-width: 600px) 100vw, 600px\" \/><\/p>\n<p><img loading=\"lazy\" decoding=\"async\" class=\"aligncenter wp-image-703\" src=\"https:\/\/weltlaeden.de\/gau-algesheim\/wp-content\/uploads\/sites\/149\/2021\/07\/DSCN3183-300x225.jpg\" alt=\"\" width=\"600\" height=\"450\" srcset=\"https:\/\/weltlaeden.de\/gau-algesheim\/wp-content\/uploads\/sites\/149\/2021\/07\/DSCN3183-300x225.jpg 300w, https:\/\/weltlaeden.de\/gau-algesheim\/wp-content\/uploads\/sites\/149\/2021\/07\/DSCN3183-768x576.jpg 768w, https:\/\/weltlaeden.de\/gau-algesheim\/wp-content\/uploads\/sites\/149\/2021\/07\/DSCN3183-1024x768.jpg 1024w, https:\/\/weltlaeden.de\/gau-algesheim\/wp-content\/uploads\/sites\/149\/2021\/07\/DSCN3183.jpg 1920w\" sizes=\"auto, (max-width: 600px) 100vw, 600px\" \/><\/p><\/div>[vc_column_text]Sie k\u00f6nnen sich auch einmal eine <strong>individuelle Geschenkbox<\/strong> in unserem Weltladen zusammenstellen (lassen).<\/p>\n<p>Geschenkbox klein: 5,90 \u20ac, gro\u00df 7,90 \u20ac[\/vc_column_text][\/vc_column_inner][\/vc_row_inner][\/vc_column][\/vc_row]<\/p>\n<\/div>","protected":false},"excerpt":{"rendered":"<p>[vc_row][vc_column][vc_column_text] Unser Sortiment [\/vc_column_text][vc_row_inner][vc_column_inner width=&#8220;1\/2&#8243;][vc_column_text] Lebensmittel (Auswahl) gr\u00fcner, schwarzer und wei\u00dfer Tee Rotbuschtee, Kr\u00e4uter- und Gew\u00fcrztee Schokolade, Schokoaufstrich Honig getrocknete Fr\u00fcchte Pesto, Gew\u00fcrze Reis, Couscous Kaffee Kakao Zucker S\u00e4fte Kekse, N\u00fcsse Beispielbilder:[\/vc_column_text][vc_column_text]Nicht nur zu Weihnachten wird unser Sortiment um saisonale Dekoration und Lebensmittel erg\u00e4nzt, sondern auch zur Oster-, Valentinstag-, Karnevals-, Sommer- und Herbstzeit. Au\u00dferdem nehmen&hellip;<\/p>\n","protected":false},"author":1,"featured_media":0,"parent":0,"menu_order":4,"comment_status":"closed","ping_status":"closed","template":"","meta":{"footnotes":""},"class_list":["post-217","page","type-page","status-publish","hentry","description-off"],"yoast_head":"<!-- This site is optimized with the Yoast SEO plugin v26.8 - https:\/\/yoast.com\/product\/yoast-seo-wordpress\/ -->\n<title>Produkte - Weltladen Gau-Algesheim<\/title>\n<meta name=\"robots\" content=\"index, follow, max-snippet:-1, max-image-preview:large, max-video-preview:-1\" \/>\n<link rel=\"canonical\" href=\"https:\/\/weltlaeden.de\/gau-algesheim\/produkte\/\" \/>\n<meta property=\"og:locale\" content=\"de_DE\" \/>\n<meta property=\"og:type\" content=\"article\" \/>\n<meta property=\"og:title\" content=\"Produkte - Weltladen Gau-Algesheim\" \/>\n<meta property=\"og:description\" content=\"[vc_row][vc_column][vc_column_text] Unser Sortiment [\/vc_column_text][vc_row_inner][vc_column_inner width=&#8220;1\/2&#8243;][vc_column_text] Lebensmittel (Auswahl) gr\u00fcner, schwarzer und wei\u00dfer Tee Rotbuschtee, Kr\u00e4uter- und Gew\u00fcrztee Schokolade, Schokoaufstrich Honig getrocknete Fr\u00fcchte Pesto, Gew\u00fcrze Reis, Couscous Kaffee Kakao Zucker S\u00e4fte Kekse, N\u00fcsse Beispielbilder:[\/vc_column_text][vc_column_text]Nicht nur zu Weihnachten wird unser Sortiment um saisonale Dekoration und Lebensmittel erg\u00e4nzt, sondern auch zur Oster-, Valentinstag-, Karnevals-, Sommer- und Herbstzeit. Au\u00dferdem nehmen&hellip;\" \/>\n<meta property=\"og:url\" content=\"https:\/\/weltlaeden.de\/gau-algesheim\/produkte\/\" \/>\n<meta property=\"og:site_name\" content=\"Weltladen Gau-Algesheim\" \/>\n<meta property=\"article:modified_time\" content=\"2021-07-01T13:34:51+00:00\" \/>\n<meta property=\"og:image\" content=\"https:\/\/weltlaeden.de\/gau-algesheim\/wp-content\/uploads\/sites\/149\/2020\/10\/DSC_8703-2.jpg\" \/>\n<meta name=\"twitter:card\" content=\"summary_large_image\" \/>\n<meta name=\"twitter:label1\" content=\"Gesch\u00e4tzte Lesezeit\" \/>\n\t<meta name=\"twitter:data1\" content=\"1\u00a0Minute\" \/>\n<script type=\"application\/ld+json\" class=\"yoast-schema-graph\">{\"@context\":\"https:\/\/schema.org\",\"@graph\":[{\"@type\":\"WebPage\",\"@id\":\"https:\/\/weltlaeden.de\/gau-algesheim\/produkte\/\",\"url\":\"https:\/\/weltlaeden.de\/gau-algesheim\/produkte\/\",\"name\":\"Produkte - Weltladen Gau-Algesheim\",\"isPartOf\":{\"@id\":\"https:\/\/weltlaeden.de\/gau-algesheim\/#website\"},\"primaryImageOfPage\":{\"@id\":\"https:\/\/weltlaeden.de\/gau-algesheim\/produkte\/#primaryimage\"},\"image\":{\"@id\":\"https:\/\/weltlaeden.de\/gau-algesheim\/produkte\/#primaryimage\"},\"thumbnailUrl\":\"https:\/\/weltlaeden.de\/gau-algesheim\/wp-content\/uploads\/sites\/149\/2020\/10\/DSC_8703-2.jpg\",\"datePublished\":\"2016-10-28T11:34:47+00:00\",\"dateModified\":\"2021-07-01T13:34:51+00:00\",\"breadcrumb\":{\"@id\":\"https:\/\/weltlaeden.de\/gau-algesheim\/produkte\/#breadcrumb\"},\"inLanguage\":\"de\",\"potentialAction\":[{\"@type\":\"ReadAction\",\"target\":[\"https:\/\/weltlaeden.de\/gau-algesheim\/produkte\/\"]}]},{\"@type\":\"ImageObject\",\"inLanguage\":\"de\",\"@id\":\"https:\/\/weltlaeden.de\/gau-algesheim\/produkte\/#primaryimage\",\"url\":\"https:\/\/weltlaeden.de\/gau-algesheim\/wp-content\/uploads\/sites\/149\/2020\/10\/DSC_8703-2.jpg\",\"contentUrl\":\"https:\/\/weltlaeden.de\/gau-algesheim\/wp-content\/uploads\/sites\/149\/2020\/10\/DSC_8703-2.jpg\",\"width\":1920,\"height\":1280},{\"@type\":\"BreadcrumbList\",\"@id\":\"https:\/\/weltlaeden.de\/gau-algesheim\/produkte\/#breadcrumb\",\"itemListElement\":[{\"@type\":\"ListItem\",\"position\":1,\"name\":\"Startseite\",\"item\":\"https:\/\/weltlaeden.de\/gau-algesheim\/\"},{\"@type\":\"ListItem\",\"position\":2,\"name\":\"Produkte\"}]},{\"@type\":\"WebSite\",\"@id\":\"https:\/\/weltlaeden.de\/gau-algesheim\/#website\",\"url\":\"https:\/\/weltlaeden.de\/gau-algesheim\/\",\"name\":\"Weltladen Gau-Algesheim\",\"description\":\"Fairer Handel in Gau-Algesheim seit 1986\",\"potentialAction\":[{\"@type\":\"SearchAction\",\"target\":{\"@type\":\"EntryPoint\",\"urlTemplate\":\"https:\/\/weltlaeden.de\/gau-algesheim\/?s={search_term_string}\"},\"query-input\":{\"@type\":\"PropertyValueSpecification\",\"valueRequired\":true,\"valueName\":\"search_term_string\"}}],\"inLanguage\":\"de\"}]}<\/script>\n<!-- \/ Yoast SEO plugin. -->","yoast_head_json":{"title":"Produkte - Weltladen Gau-Algesheim","robots":{"index":"index","follow":"follow","max-snippet":"max-snippet:-1","max-image-preview":"max-image-preview:large","max-video-preview":"max-video-preview:-1"},"canonical":"https:\/\/weltlaeden.de\/gau-algesheim\/produkte\/","og_locale":"de_DE","og_type":"article","og_title":"Produkte - Weltladen Gau-Algesheim","og_description":"[vc_row][vc_column][vc_column_text] Unser Sortiment [\/vc_column_text][vc_row_inner][vc_column_inner width=&#8220;1\/2&#8243;][vc_column_text] Lebensmittel (Auswahl) gr\u00fcner, schwarzer und wei\u00dfer Tee Rotbuschtee, Kr\u00e4uter- und Gew\u00fcrztee Schokolade, Schokoaufstrich Honig getrocknete Fr\u00fcchte Pesto, Gew\u00fcrze Reis, Couscous Kaffee Kakao Zucker S\u00e4fte Kekse, N\u00fcsse Beispielbilder:[\/vc_column_text][vc_column_text]Nicht nur zu Weihnachten wird unser Sortiment um saisonale Dekoration und Lebensmittel erg\u00e4nzt, sondern auch zur Oster-, Valentinstag-, Karnevals-, Sommer- und Herbstzeit. Au\u00dferdem nehmen&hellip;","og_url":"https:\/\/weltlaeden.de\/gau-algesheim\/produkte\/","og_site_name":"Weltladen Gau-Algesheim","article_modified_time":"2021-07-01T13:34:51+00:00","og_image":[{"url":"https:\/\/weltlaeden.de\/gau-algesheim\/wp-content\/uploads\/sites\/149\/2020\/10\/DSC_8703-2.jpg","type":"","width":"","height":""}],"twitter_card":"summary_large_image","twitter_misc":{"Gesch\u00e4tzte Lesezeit":"1\u00a0Minute"},"schema":{"@context":"https:\/\/schema.org","@graph":[{"@type":"WebPage","@id":"https:\/\/weltlaeden.de\/gau-algesheim\/produkte\/","url":"https:\/\/weltlaeden.de\/gau-algesheim\/produkte\/","name":"Produkte - Weltladen Gau-Algesheim","isPartOf":{"@id":"https:\/\/weltlaeden.de\/gau-algesheim\/#website"},"primaryImageOfPage":{"@id":"https:\/\/weltlaeden.de\/gau-algesheim\/produkte\/#primaryimage"},"image":{"@id":"https:\/\/weltlaeden.de\/gau-algesheim\/produkte\/#primaryimage"},"thumbnailUrl":"https:\/\/weltlaeden.de\/gau-algesheim\/wp-content\/uploads\/sites\/149\/2020\/10\/DSC_8703-2.jpg","datePublished":"2016-10-28T11:34:47+00:00","dateModified":"2021-07-01T13:34:51+00:00","breadcrumb":{"@id":"https:\/\/weltlaeden.de\/gau-algesheim\/produkte\/#breadcrumb"},"inLanguage":"de","potentialAction":[{"@type":"ReadAction","target":["https:\/\/weltlaeden.de\/gau-algesheim\/produkte\/"]}]},{"@type":"ImageObject","inLanguage":"de","@id":"https:\/\/weltlaeden.de\/gau-algesheim\/produkte\/#primaryimage","url":"https:\/\/weltlaeden.de\/gau-algesheim\/wp-content\/uploads\/sites\/149\/2020\/10\/DSC_8703-2.jpg","contentUrl":"https:\/\/weltlaeden.de\/gau-algesheim\/wp-content\/uploads\/sites\/149\/2020\/10\/DSC_8703-2.jpg","width":1920,"height":1280},{"@type":"BreadcrumbList","@id":"https:\/\/weltlaeden.de\/gau-algesheim\/produkte\/#breadcrumb","itemListElement":[{"@type":"ListItem","position":1,"name":"Startseite","item":"https:\/\/weltlaeden.de\/gau-algesheim\/"},{"@type":"ListItem","position":2,"name":"Produkte"}]},{"@type":"WebSite","@id":"https:\/\/weltlaeden.de\/gau-algesheim\/#website","url":"https:\/\/weltlaeden.de\/gau-algesheim\/","name":"Weltladen Gau-Algesheim","description":"Fairer Handel in Gau-Algesheim seit 1986","potentialAction":[{"@type":"SearchAction","target":{"@type":"EntryPoint","urlTemplate":"https:\/\/weltlaeden.de\/gau-algesheim\/?s={search_term_string}"},"query-input":{"@type":"PropertyValueSpecification","valueRequired":true,"valueName":"search_term_string"}}],"inLanguage":"de"}]}},"_links":{"self":[{"href":"https:\/\/weltlaeden.de\/gau-algesheim\/wp-json\/wp\/v2\/pages\/217","targetHints":{"allow":["GET"]}}],"collection":[{"href":"https:\/\/weltlaeden.de\/gau-algesheim\/wp-json\/wp\/v2\/pages"}],"about":[{"href":"https:\/\/weltlaeden.de\/gau-algesheim\/wp-json\/wp\/v2\/types\/page"}],"author":[{"embeddable":true,"href":"https:\/\/weltlaeden.de\/gau-algesheim\/wp-json\/wp\/v2\/users\/1"}],"replies":[{"embeddable":true,"href":"https:\/\/weltlaeden.de\/gau-algesheim\/wp-json\/wp\/v2\/comments?post=217"}],"version-history":[{"count":18,"href":"https:\/\/weltlaeden.de\/gau-algesheim\/wp-json\/wp\/v2\/pages\/217\/revisions"}],"predecessor-version":[{"id":512,"href":"https:\/\/weltlaeden.de\/gau-algesheim\/wp-json\/wp\/v2\/pages\/217\/revisions\/512"}],"wp:attachment":[{"href":"https:\/\/weltlaeden.de\/gau-algesheim\/wp-json\/wp\/v2\/media?parent=217"}],"curies":[{"name":"wp","href":"https:\/\/api.w.org\/{rel}","templated":true}]}}