{"version":"1.0","provider_name":"Weltladen Freising","provider_url":"https:\/\/weltlaeden.de\/freising","title":"Die neue Freisinger Stadtschokolade ist da! - Weltladen Freising","type":"rich","width":600,"height":338,"html":"<blockquote class=\"wp-embedded-content\" data-secret=\"ye2Iq67LPM\"><a href=\"https:\/\/weltlaeden.de\/freising\/die-neue-freisinger-stadtschokolade-ist-da\/\">Die neue Freisinger Stadtschokolade ist da!<\/a><\/blockquote><iframe sandbox=\"allow-scripts\" security=\"restricted\" src=\"https:\/\/weltlaeden.de\/freising\/die-neue-freisinger-stadtschokolade-ist-da\/embed\/#?secret=ye2Iq67LPM\" width=\"600\" height=\"338\" title=\"&#8222;Die neue Freisinger Stadtschokolade ist da!&#8220; &#8211; Weltladen Freising\" data-secret=\"ye2Iq67LPM\" frameborder=\"0\" marginwidth=\"0\" marginheight=\"0\" scrolling=\"no\" class=\"wp-embedded-content\"><\/iframe><script>\n\/*! This file is auto-generated *\/\n!function(d,l){\"use strict\";l.querySelector&&d.addEventListener&&\"undefined\"!=typeof URL&&(d.wp=d.wp||{},d.wp.receiveEmbedMessage||(d.wp.receiveEmbedMessage=function(e){var t=e.data;if((t||t.secret||t.message||t.value)&&!\/[^a-zA-Z0-9]\/.test(t.secret)){for(var s,r,n,a=l.querySelectorAll('iframe[data-secret=\"'+t.secret+'\"]'),o=l.querySelectorAll('blockquote[data-secret=\"'+t.secret+'\"]'),c=new RegExp(\"^https?:$\",\"i\"),i=0;i<o.length;i++)o[i].style.display=\"none\";for(i=0;i<a.length;i++)s=a[i],e.source===s.contentWindow&&(s.removeAttribute(\"style\"),\"height\"===t.message?(1e3<(r=parseInt(t.value,10))?r=1e3:~~r<200&&(r=200),s.height=r):\"link\"===t.message&&(r=new URL(s.getAttribute(\"src\")),n=new URL(t.value),c.test(n.protocol))&&n.host===r.host&&l.activeElement===s&&(d.top.location.href=t.value))}},d.addEventListener(\"message\",d.wp.receiveEmbedMessage,!1),l.addEventListener(\"DOMContentLoaded\",function(){for(var e,t,s=l.querySelectorAll(\"iframe.wp-embedded-content\"),r=0;r<s.length;r++)(t=(e=s[r]).getAttribute(\"data-secret\"))||(t=Math.random().toString(36).substring(2,12),e.src+=\"#?secret=\"+t,e.setAttribute(\"data-secret\",t)),e.contentWindow.postMessage({message:\"ready\",secret:t},\"*\")},!1)))}(window,document);\n<\/script>\n","thumbnail_url":"https:\/\/weltlaeden.de\/freising\/wp-content\/uploads\/sites\/48\/2023\/06\/DSC_0813-Praesentation_mitOB-ub-scaled.jpg","thumbnail_width":1620,"thumbnail_height":1080,"description":"Im Amtsgerichtsgarten haben am 26. Mai Mitglieder der Agenda21-Gruppe \u201eFaires Forum\u201c gemeinsam mit Oberb\u00fcrgermeister Tobias Eschenbacher die neue S\u00fc\u00dfigkeit vorgestellt. Sie eignet sich exzellent als wohltuender Genuss zwischendurch, als Geschenk oder Mitbringsel f\u00fcr Freisinger G\u00e4ste \u2013 und ihr Kauf tut ganz im Sinne des Fairtrade-Gedanken auch noch etwas Gutes. &nbsp; Warum ist es uns so&hellip;"}

Im Amtsgerichtsgarten haben am 26. Mai Mitglieder der Agenda21-Gruppe „Faires Forum“ gemeinsam mit Oberbürgermeister Tobias Eschenbacher die neue Süßigkeit vorgestellt. Sie eignet sich exzellent als wohltuender Genuss zwischendurch, als Geschenk oder Mitbringsel für Freisinger Gäste – und ihr Kauf tut ganz im Sinne des Fairtrade-Gedanken auch noch etwas Gutes. &nbsp; Warum ist es uns so&hellip;
