{"id":20,"date":"2016-10-14T09:05:21","date_gmt":"2016-10-14T07:05:21","guid":{"rendered":"https:\/\/wl.heimpixel.de\/vorlage\/weltladen-musterdorf\/"},"modified":"2024-12-02T19:38:20","modified_gmt":"2024-12-02T18:38:20","slug":"weltladen-musterdorf","status":"publish","type":"page","link":"https:\/\/weltlaeden.de\/flensburg\/","title":{"rendered":"Weltladen Flensburg"},"content":{"rendered":"<div class=\"wpb-content-wrapper\"><p>[vc_row][vc_column]<div class=\"wl_einzelbild\"><p><img loading=\"lazy\" decoding=\"async\" class=\"alignnone wp-image-620 size-full\" src=\"https:\/\/weltlaeden.de\/flensburg\/wp-content\/uploads\/sites\/76\/2024\/12\/Startseiten-Bild_2100px.jpg\" alt=\"\" width=\"2200\" height=\"766\" srcset=\"https:\/\/weltlaeden.de\/flensburg\/wp-content\/uploads\/sites\/76\/2024\/12\/Startseiten-Bild_2100px.jpg 2200w, https:\/\/weltlaeden.de\/flensburg\/wp-content\/uploads\/sites\/76\/2024\/12\/Startseiten-Bild_2100px-300x104.jpg 300w, https:\/\/weltlaeden.de\/flensburg\/wp-content\/uploads\/sites\/76\/2024\/12\/Startseiten-Bild_2100px-1024x357.jpg 1024w, https:\/\/weltlaeden.de\/flensburg\/wp-content\/uploads\/sites\/76\/2024\/12\/Startseiten-Bild_2100px-768x267.jpg 768w, https:\/\/weltlaeden.de\/flensburg\/wp-content\/uploads\/sites\/76\/2024\/12\/Startseiten-Bild_2100px-1536x535.jpg 1536w, https:\/\/weltlaeden.de\/flensburg\/wp-content\/uploads\/sites\/76\/2024\/12\/Startseiten-Bild_2100px-2048x713.jpg 2048w\" sizes=\"auto, (max-width: 2200px) 100vw, 2200px\" \/><\/p><\/div>[vc_column_text]<\/p>\n<h1 style=\"text-align: left\">Willkommen im Weltladen Flensburg !<\/h1>\n<p>[\/vc_column_text][vc_column_text]Hier bist Du genau richtig, wenn Du dich f\u00fcr den Fairen Handel interessierst. Auf dieser Seite kannst Du dich \u00fcber unsere Produkte, Handelspartner und alle m\u00f6glichen Themen rund um den Fairen Handel informieren.<\/p>\n<p align=\"left\">Im Weltladen selbst findest Du eine Reihe von fair gehandelten Produkten. Bei uns kannst Du Lebensmittel, wie Schokolade mit Kakao aus der Dominikanischen Republik, einen leckeren Pfeffer-Mix aus Indien und Quinoa aus Bolivien finden. Au\u00dferdem f\u00fchren wir auch viele verschiedene kunsthandwerkliche Produkte, wie allerlei Filzprodukte, Taschen und Klangschalen oder Kerzen aus Palmwachs. Am besten, Du schaust einfach mal bei uns vorbei. Du findest den kleinen Laden an der Fu\u00dfg\u00e4ngerzone am Nordermarkt. Wir freuen uns auf Dich!<\/p>\n<h4 align=\"left\"><em>Aktuell suchen wir f\u00fcr den Verkauf nette Mitarbeiter\/innen, die sich ehrenamtlich 4 Stunden in der Woche\/Monat engagieren wollen. <\/em><\/h4>\n<h4 align=\"left\"><em>Zum Beispiel von Montag &#8211; Freitag von 10.00 &#8211; 14.00 Uhr oder von 14.00 &#8211; 18.00 Uhr.<br \/>\n<\/em><\/h4>\n<h4 align=\"left\"><em>Gerne auch Samstag von 10.00 &#8211; 13.00 Uhr .<\/em><\/h4>\n<h4 align=\"left\"><em>Meldet Euch im Weltladen<\/em><em>\u00a0 <\/em><\/h4>\n<h4 align=\"left\"><em>Wir freuen uns auf Dich.<\/em><\/h4>\n<p>[\/vc_column_text][vc_empty_space height=&#8220;30px&#8220;][\/vc_column][\/vc_row][vc_row][vc_column][vc_column_text]<\/p>\n<h2>Was Sie auf dieser Website finden:<\/h2>\n<p>[\/vc_column_text][vc_empty_space height=&#8220;20px&#8220;][vc_row_inner][vc_column_inner width=&#8220;1\/4&#8243;]<div class=\"wl_einzelbild\"><p><img loading=\"lazy\" decoding=\"async\" class=\"alignleft size-thumbnail wp-image-nsm-3-15\" src=\"https:\/\/weltlaeden.de\/flensburg\/wp-content\/uploads\/sites\/3\/2016\/11\/FairerHandel_ElPuente_Fingerpuppen_EccoExe_Peru-150x150.jpg\" alt=\"\" width=\"150\" height=\"150\" \/><\/p><\/div>[\/vc_column_inner][vc_column_inner width=&#8220;3\/4&#8243;][vc_column_text]<\/p>\n<h3>Fairer Handel<\/h3>\n<p>Was meint Fairer Handel \u00fcberhaupt? Welche Kriterien m\u00fcssen eingehalten werden und wer \u00fcberpr\u00fcft diese? <a href=\"https:\/\/weltlaeden.de\/flensburg\/fairer-handel\/\">Erfahren Sie mehr &#8230;<\/a>[\/vc_column_text][\/vc_column_inner][\/vc_row_inner][vc_separator][vc_row_inner][vc_column_inner width=&#8220;1\/4&#8243;]<div class=\"wl_einzelbild\"><p><img loading=\"lazy\" decoding=\"async\" class=\"wp-image-414 size-thumbnail alignleft\" src=\"https:\/\/weltlaeden.de\/flensburg\/wp-content\/uploads\/sites\/76\/2019\/02\/DSC06862-150x150.jpg\" alt=\"\" width=\"150\" height=\"150\" \/><\/p><\/div>[\/vc_column_inner][vc_column_inner width=&#8220;3\/4&#8243;][vc_column_text]<\/p>\n<h3>Produkte<\/h3>\n<p>Unsere Produkte im Weltladen sind nat\u00fcrlich alle aus Fairem Handel, dennoch kommen sie von unterschiedlichen Fair-Handels-Importeuren. <a href=\"https:\/\/weltlaeden.de\/flensburg\/produkte\/\">Hier zeigen wir Ihnen unser Sortiment &#8230;<\/a>[\/vc_column_text][\/vc_column_inner][\/vc_row_inner][vc_separator][vc_row_inner][vc_column_inner width=&#8220;1\/4&#8243;]<div class=\"wl_einzelbild\"><p><img loading=\"lazy\" decoding=\"async\" class=\"wp-image-602 alignleft\" src=\"https:\/\/weltlaeden.de\/flensburg\/wp-content\/uploads\/sites\/76\/2020\/11\/DSC04929-kl-low-258x300.jpg\" alt=\"\" width=\"150\" height=\"174\" srcset=\"https:\/\/weltlaeden.de\/flensburg\/wp-content\/uploads\/sites\/76\/2020\/11\/DSC04929-kl-low-258x300.jpg 258w, https:\/\/weltlaeden.de\/flensburg\/wp-content\/uploads\/sites\/76\/2020\/11\/DSC04929-kl-low-768x894.jpg 768w, https:\/\/weltlaeden.de\/flensburg\/wp-content\/uploads\/sites\/76\/2020\/11\/DSC04929-kl-low-880x1024.jpg 880w, https:\/\/weltlaeden.de\/flensburg\/wp-content\/uploads\/sites\/76\/2020\/11\/DSC04929-kl-low.jpg 1024w\" sizes=\"auto, (max-width: 150px) 100vw, 150px\" \/><\/p><\/div>[\/vc_column_inner][vc_column_inner width=&#8220;3\/4&#8243;][vc_column_text]<\/p>\n<h3>\u00dcber uns<\/h3>\n<p>Wer wir sind, warum wir uns f\u00fcr Fairen Handel engagieren und wie man bei uns mitmachen kann &#8211; <a href=\"https:\/\/weltlaeden.de\/flensburg\/ueber-uns\/\">hier stellen wir uns vor &#8230;<\/a>[\/vc_column_text][\/vc_column_inner][\/vc_row_inner][vc_separator][vc_row_inner][vc_column_inner width=&#8220;1\/4&#8243;]<div class=\"wl_einzelbild\"><p><img loading=\"lazy\" decoding=\"async\" class=\"alignleft size-full wp-image-nsm-3-35\" src=\"https:\/\/weltlaeden.de\/flensburg\/wp-content\/uploads\/sites\/3\/2018\/08\/pocket-watch-1637396_1920_150x150.png\" alt=\"\" width=\"150\" height=\"150\" \/><\/p><\/div>[\/vc_column_inner][vc_column_inner width=&#8220;3\/4&#8243;][vc_column_text]<\/p>\n<h3>Termine<\/h3>\n<p>Bei uns ist immer etwas los! Wir treffen uns regelm\u00e4\u00dfig zu Teamsitzungen und Fortbildungen, organisieren aber auch immer mal wieder eine Veranstaltung zum Fairen Handel und verwandten Themen. <a href=\"https:\/\/weltlaeden.de\/flensburg\/termine\/\">Hier erfahren Sie was bei uns los ist \u2026<\/a><br \/>\n[\/vc_column_text][\/vc_column_inner][\/vc_row_inner][vc_separator][vc_empty_space][\/vc_column][\/vc_row][vc_row][vc_column][vc_column_text]<\/p>\n<h2>Aktuelle Produkte zum Herbst<\/h2>\n<p>[\/vc_column_text]<!-- This slideshow output is generated with Advanced post slider a multipurpose responsive WordPress slideshow plugin - http:\/\/www.wpcue.com\/wordpress-plugins\/advanced-post-slider\/ -->\r\n<style>\r\n#advps_container1 .bx-wrapper .bx-viewport {\r\n\t\tbackground:#ffffff;\r\n}\r\n#advps_container1 .bx-wrapper .bx-pager{\r\n\ttext-align: right;\r\n\tpadding-right:5px;\r\n}\r\n#advps_container1 .bx-wrapper .bx-pager\r\n{\r\n\tbottom:-35px;\r\n\tz-index:999;\r\n}\r\n#advps_container1 .bx-wrapper .bx-controls-auto\r\n{\r\n\tbottom:6px;\r\n}\r\n#advps_container1 .bx-wrapper .bx-controls.bx-has-controls-auto.bx-has-pager .bx-pager {\r\n\ttext-align: right;\r\n}\r\n#advps_container1 .bx-wrapper .bx-controls-auto {\r\n\tz-index:99999;\r\n\ttext-align:center;width:100%;}\r\n\r\n#advps_container1 .bx-wrapper .bx-pager.bx-default-pager a {\r\n\tbackground: #666;\r\n\ttext-indent: -9999px;\r\n\tdisplay: block;\r\n\twidth: 10px;\r\n\theight: 10px;\r\n\tmargin: 0 5px;\r\n\toutline: 0;\r\n\t-moz-border-radius: 5px;\r\n\t-webkit-border-radius: 5px;\r\n\tborder-radius: 5px;\r\n\ttext-align:left;\r\n}\r\n#advps_container1 .bx-wrapper .bx-pager.bx-default-pager a:hover,\r\n#advps_container1 .bx-wrapper .bx-pager.bx-default-pager a.active {\r\n\tbackground: #000;\r\n}\r\n\r\n\/* thumbnail pager*\/\r\n#advps_container1 #bx-pager\r\n{\r\n\twidth:100%;\r\n\tposition:absolute;\r\n\tbottom:-35px;\r\n    text-align: right;\r\n\tz-index: 9999;\r\n}\r\n#advps_container1 #bx-pager a img\r\n{\r\n\tborder: 1px solid #CCCCCC;\r\n    padding: 3px;\r\n}\r\n#advps_container1 #bx-pager a:hover img, #advps_container1 #bx-pager a.active img\r\n{\r\n\tborder: 1px solid #666666;\r\n}\r\n\/* medai queries *\/\r\n#advps_container1 .advs-title,#advps_container1 .advs-title a\r\n{\r\n\tfont-size:20px;\r\n\tline-height:26px;\r\n}\r\n#advps_container1 .advps-slide p\r\n{\r\n\tfont-size:15px;\r\n\tline-height:22px;\r\n}\r\n@media screen and (max-width: 1024px){\r\n\t#advps_container1 .advs-title,#advps_container1 .advs-title a\r\n\t{\r\n\t\tfont-size:16px;\r\n\t\tline-height:26px;\r\n\t}\r\n\t#advps_container1 .advps-slide p\r\n\t{\r\n\t\tfont-size:15px;\r\n\t\tline-height:22px;\r\n\t}\r\n}\r\n@media screen and (max-width: 768px){\r\n\t#advps_container1 h2.advs-title, #advps_container1 h2.advs-title a\r\n\t{\r\n\t\tfont-size:16px;\r\n\t\tline-height:20px;\r\n\t}\r\n\t#advps_container1 .advps-slide p\r\n\t{\r\n\t\tfont-size:14px;\r\n\t\tline-height:18px;\r\n\t}\r\n}\r\n@media screen and (max-width: 650px){\r\n\t#advps_container1 h2.advs-title, #advps_container1 h2.advs-title a\r\n\t{\r\n\t\tfont-size:15px;\r\n\t\tline-height:18px;\r\n\t}\r\n\t#advps_container1 .advps-slide p\r\n\t{\r\n\t\tfont-size:13px;\r\n\t\tline-height:15px;\r\n\t}\r\n}\r\n@media screen and (max-width: 480px){\r\n\t#advps_container1 h2.advs-title, #advps_container1 h2.advs-title a\r\n\t{\r\n\t\tfont-size:13px;\r\n\t\tline-height:14px;\r\n\t}\r\n\t#advps_container1 .advps-slide p\r\n\t{\r\n\t\tfont-size:12px;\r\n\t\tline-height:13px;\r\n\t}\r\n}\r\n@media screen and (max-width: 320px){\r\n\t#advps_container1 h2.advs-title, #advps_container1 h2.advs-title a\r\n\t{\r\n\t\tfont-size:12px;\r\n\t\tline-height:13px;\r\n\t}\r\n\t#advps_container1 .advps-slide p\r\n\t{\r\n\t\tfont-size:11px;\r\n\t\tline-height:12px;\r\n\t}\r\n}\r\n<\/style>\r\n<script type=\"text\/javascript\">\r\n\t\tjQuery(document).ready(function($){\r\n\t\t\t$('#advpsslideshow_1').bxSlider({\r\n\t\t\t\tuseCSS:1,\r\n\t\t\t\tslideMargin: 0,\r\n\t\t\t\tspeed: 2000,\t\t\t\t\r\n\t\t\t\t\t\t\t\tmode: 'fade',\r\n\t\t\t\t\t\t\t\t\t\t\t\tauto: 1,\r\n\t\t\t\tautoHover: 1,\r\n\t\t\t\tpause: 10000,\r\n\t\t\t\teasing: 'linear',\r\n\t\t\t\tcontrols: 0,\r\n\t\t\t\tpager: 1,\r\n  \t\t\t\tautoControls: 0\t\t\t\t\t\t\t});\r\n\t\t\t\t\t\t\t$(\"#advpsslideshow_1 .advs-title a\").hover(function(){\r\n\t\t\t\t\t$(this).css('color','#5e5e5e');\r\n\t\t\t\t},function(){\r\n\t\t\t\t\t$(this).css('color','#ff7c00');\r\n\t\t\t\t});\r\n\t\t\t\t\t\t$(\"#advpsslideshow_1 .advps-slide\").hover(function(){\r\n\t\t\t\t  \t\t\t},function(){\r\n\t\t\t\t\t\t\t});\r\n\t\t});\r\n\t<\/script>\r\n<div id=\"advps_container1\" class=\"advps-slide-container\" style=\"overflow:hidden;max-width:1000px;\">\r\n \r\n  <div id=\"advpsslideshow_1\">\r\n        <div class=\"advps-slide\">\r\n\t<a target=\"_blank\" href=\"\" >      <img loading=\"lazy\" decoding=\"async\" width=\"1024\" height=\"683\" src=\"https:\/\/weltlaeden.de\/flensburg\/wp-content\/uploads\/sites\/76\/2019\/02\/DSC02062.jpg\" class=\"attachment-full size-full wp-post-image\" alt=\"\" srcset=\"https:\/\/weltlaeden.de\/flensburg\/wp-content\/uploads\/sites\/76\/2019\/02\/DSC02062.jpg 1024w, https:\/\/weltlaeden.de\/flensburg\/wp-content\/uploads\/sites\/76\/2019\/02\/DSC02062-300x200.jpg 300w, https:\/\/weltlaeden.de\/flensburg\/wp-content\/uploads\/sites\/76\/2019\/02\/DSC02062-768x512.jpg 768w\" sizes=\"auto, (max-width: 1024px) 100vw, 1024px\" \/>      <\/a>       \r\n      <div class=\"advps-excerpt-one\" style=\"width:27%;height:100%;top:0; right:0;\">\r\n      \t<div class=\"advps-overlay-one\" style=\"background-color:#ffffff; -moz-opacity:0.97;filter:alpha(opacity=97);opacity:0.97;\"><\/div>\r\n        <div class=\"advps-excerpt-block-one\" style=\"text-align:left;color:#383838;-moz-opacity:1;filter:alpha(opacity=100);opacity:1;\">        \r\n        <h2 class=\"advs-title\" style=\"margin:5px 0px 10px 0px;color:#ff7c00\"><a target=\"_blank\" href=\"\" style=\"margin:5px 0px 10px 0px;color:#ff7c00\" >Sckokolade<\/a><\/h2>\r\n          \r\n                    <\/div>\r\n      <\/div>\r\n    <\/div>\r\n        <div class=\"advps-slide\">\r\n\t<a target=\"_blank\" href=\"\" >      <img loading=\"lazy\" decoding=\"async\" width=\"1920\" height=\"983\" src=\"https:\/\/weltlaeden.de\/flensburg\/wp-content\/uploads\/sites\/76\/2019\/11\/DSC01401.jpg\" class=\"attachment-full size-full wp-post-image\" alt=\"\" srcset=\"https:\/\/weltlaeden.de\/flensburg\/wp-content\/uploads\/sites\/76\/2019\/11\/DSC01401.jpg 1920w, https:\/\/weltlaeden.de\/flensburg\/wp-content\/uploads\/sites\/76\/2019\/11\/DSC01401-300x154.jpg 300w, https:\/\/weltlaeden.de\/flensburg\/wp-content\/uploads\/sites\/76\/2019\/11\/DSC01401-768x393.jpg 768w, https:\/\/weltlaeden.de\/flensburg\/wp-content\/uploads\/sites\/76\/2019\/11\/DSC01401-1024x524.jpg 1024w\" sizes=\"auto, (max-width: 1920px) 100vw, 1920px\" \/>      <\/a>       \r\n      <div class=\"advps-excerpt-one\" style=\"width:27%;height:100%;top:0; right:0;\">\r\n      \t<div class=\"advps-overlay-one\" style=\"background-color:#ffffff; -moz-opacity:0.97;filter:alpha(opacity=97);opacity:0.97;\"><\/div>\r\n        <div class=\"advps-excerpt-block-one\" style=\"text-align:left;color:#383838;-moz-opacity:1;filter:alpha(opacity=100);opacity:1;\">        \r\n        <h2 class=\"advs-title\" style=\"margin:5px 0px 10px 0px;color:#ff7c00\"><a target=\"_blank\" href=\"\" style=\"margin:5px 0px 10px 0px;color:#ff7c00\" >Neue Weine aus Chile<\/a><\/h2>\r\n          \r\n                    <\/div>\r\n      <\/div>\r\n    <\/div>\r\n        <div class=\"advps-slide\">\r\n\t<a target=\"_blank\" href=\"\" >      <img loading=\"lazy\" decoding=\"async\" width=\"1920\" height=\"1362\" src=\"https:\/\/weltlaeden.de\/flensburg\/wp-content\/uploads\/sites\/76\/2019\/11\/DSC01402.jpg\" class=\"attachment-full size-full wp-post-image\" alt=\"\" srcset=\"https:\/\/weltlaeden.de\/flensburg\/wp-content\/uploads\/sites\/76\/2019\/11\/DSC01402.jpg 1920w, https:\/\/weltlaeden.de\/flensburg\/wp-content\/uploads\/sites\/76\/2019\/11\/DSC01402-300x213.jpg 300w, https:\/\/weltlaeden.de\/flensburg\/wp-content\/uploads\/sites\/76\/2019\/11\/DSC01402-768x545.jpg 768w, https:\/\/weltlaeden.de\/flensburg\/wp-content\/uploads\/sites\/76\/2019\/11\/DSC01402-1024x727.jpg 1024w\" sizes=\"auto, (max-width: 1920px) 100vw, 1920px\" \/>      <\/a>       \r\n      <div class=\"advps-excerpt-one\" style=\"width:27%;height:100%;top:0; right:0;\">\r\n      \t<div class=\"advps-overlay-one\" style=\"background-color:#ffffff; -moz-opacity:0.97;filter:alpha(opacity=97);opacity:0.97;\"><\/div>\r\n        <div class=\"advps-excerpt-block-one\" style=\"text-align:left;color:#383838;-moz-opacity:1;filter:alpha(opacity=100);opacity:1;\">        \r\n        <h2 class=\"advs-title\" style=\"margin:5px 0px 10px 0px;color:#ff7c00\"><a target=\"_blank\" href=\"\" style=\"margin:5px 0px 10px 0px;color:#ff7c00\" >Edle Verf\u00fchrungen<\/a><\/h2>\r\n          \r\n                    <\/div>\r\n      <\/div>\r\n    <\/div>\r\n        <div class=\"advps-slide\">\r\n\t<a target=\"_blank\" href=\"http:\/\/beispiel.com\" >      <img loading=\"lazy\" decoding=\"async\" width=\"640\" height=\"407\" src=\"https:\/\/weltlaeden.de\/flensburg\/wp-content\/uploads\/sites\/76\/2019\/02\/DSC09972.jpg\" class=\"attachment-full size-full wp-post-image\" alt=\"\" srcset=\"https:\/\/weltlaeden.de\/flensburg\/wp-content\/uploads\/sites\/76\/2019\/02\/DSC09972.jpg 640w, https:\/\/weltlaeden.de\/flensburg\/wp-content\/uploads\/sites\/76\/2019\/02\/DSC09972-300x191.jpg 300w\" sizes=\"auto, (max-width: 640px) 100vw, 640px\" \/>      <\/a>       \r\n      <div class=\"advps-excerpt-one\" style=\"width:27%;height:100%;top:0; right:0;\">\r\n      \t<div class=\"advps-overlay-one\" style=\"background-color:#ffffff; -moz-opacity:0.97;filter:alpha(opacity=97);opacity:0.97;\"><\/div>\r\n        <div class=\"advps-excerpt-block-one\" style=\"text-align:left;color:#383838;-moz-opacity:1;filter:alpha(opacity=100);opacity:1;\">        \r\n        <h2 class=\"advs-title\" style=\"margin:5px 0px 10px 0px;color:#ff7c00\"><a target=\"_blank\" href=\"http:\/\/beispiel.com\" style=\"margin:5px 0px 10px 0px;color:#ff7c00\" >Filzblumen das ganze Jahr<\/a><\/h2>\r\n          \r\n                    <\/div>\r\n      <\/div>\r\n    <\/div>\r\n        <div class=\"advps-slide\">\r\n\t<a target=\"_blank\" href=\"\" >      <img loading=\"lazy\" decoding=\"async\" width=\"574\" height=\"733\" src=\"https:\/\/weltlaeden.de\/flensburg\/wp-content\/uploads\/sites\/76\/2017\/04\/DSC01406-kl.jpg\" class=\"attachment-full size-full wp-post-image\" alt=\"\" srcset=\"https:\/\/weltlaeden.de\/flensburg\/wp-content\/uploads\/sites\/76\/2017\/04\/DSC01406-kl.jpg 574w, https:\/\/weltlaeden.de\/flensburg\/wp-content\/uploads\/sites\/76\/2017\/04\/DSC01406-kl-235x300.jpg 235w\" sizes=\"auto, (max-width: 574px) 100vw, 574px\" \/>      <\/a>       \r\n      <div class=\"advps-excerpt-one\" style=\"width:27%;height:100%;top:0; right:0;\">\r\n      \t<div class=\"advps-overlay-one\" style=\"background-color:#ffffff; -moz-opacity:0.97;filter:alpha(opacity=97);opacity:0.97;\"><\/div>\r\n        <div class=\"advps-excerpt-block-one\" style=\"text-align:left;color:#383838;-moz-opacity:1;filter:alpha(opacity=100);opacity:1;\">        \r\n        <h2 class=\"advs-title\" style=\"margin:5px 0px 10px 0px;color:#ff7c00\"><a target=\"_blank\" href=\"\" style=\"margin:5px 0px 10px 0px;color:#ff7c00\" >Produkt des Monats:<\/a><\/h2>\r\n          \r\n            <p>Sonnenglas f\u00fcr den Abend.<\/p>\n        <\/div>\r\n      <\/div>\r\n    <\/div>\r\n      <\/div>\r\n  <\/div><!-- end advps-slide-container -->\r\n<!-- \/ Advanced post slider a multipurpose responsive slideshow plugin -->\r\n[\/vc_column][\/vc_row][vc_row][vc_column][vc_column_text]<\/p>\n<h2>Neuigkeiten<\/h2>\n<p>[\/vc_column_text]<a href=\"https:\/\/weltlaeden.de\/flensburg\/neuigkeiten\" class=\"btn-shortcode dt-btn-s dt-btn default-btn-color default-btn-hover-color default-btn-bg-color default-btn-bg-hover-color\" target=\"_blank\" id=\"dt-btn-1\" rel=\"noopener\"><span>Alle Neuigkeiten<\/span><\/a>[\/vc_column][\/vc_row][vc_row][vc_column][\/vc_column][\/vc_row][vc_row][vc_column][\/vc_column][\/vc_row][vc_row][vc_column][\/vc_column][\/vc_row][vc_row][vc_column][\/vc_column][\/vc_row][vc_row][vc_column][\/vc_column][\/vc_row][vc_row][vc_column][\/vc_column][\/vc_row][vc_row][vc_column][\/vc_column][\/vc_row][vc_row][vc_column][\/vc_column][\/vc_row][vc_row][vc_column][\/vc_column][\/vc_row][vc_row][vc_column][\/vc_column][\/vc_row][vc_row][vc_column][\/vc_column][\/vc_row][vc_row][vc_column][\/vc_column][\/vc_row][vc_row][vc_column][\/vc_column][\/vc_row][vc_row][vc_column][\/vc_column][\/vc_row][vc_row][vc_column][\/vc_column][\/vc_row][vc_row][vc_column][\/vc_column][\/vc_row][vc_row][vc_column][\/vc_column][\/vc_row][vc_row][vc_column][\/vc_column][\/vc_row][vc_row][vc_column][\/vc_column][\/vc_row][vc_row][vc_column][\/vc_column][\/vc_row][vc_row][vc_column][\/vc_column][\/vc_row][vc_row][vc_column][\/vc_column][\/vc_row][vc_row][vc_column][\/vc_column][\/vc_row]<\/p>\n<\/div>","protected":false},"excerpt":{"rendered":"<p>[vc_row][vc_column][vc_column_text] Willkommen im Weltladen Flensburg ! [\/vc_column_text][vc_column_text]Hier bist Du genau richtig, wenn Du dich f\u00fcr den Fairen Handel interessierst. Auf dieser Seite kannst Du dich&hellip;<\/p>\n","protected":false},"author":1,"featured_media":414,"parent":0,"menu_order":0,"comment_status":"closed","ping_status":"closed","template":"","meta":{"footnotes":""},"class_list":["post-20","page","type-page","status-publish","has-post-thumbnail","hentry","description-off"],"yoast_head":"<!-- This site is optimized with the Yoast SEO plugin v26.8 - https:\/\/yoast.com\/product\/yoast-seo-wordpress\/ -->\n<title>Weltladen Flensburg - Weltladen Flensburg<\/title>\n<meta name=\"robots\" content=\"index, follow, max-snippet:-1, max-image-preview:large, max-video-preview:-1\" \/>\n<link rel=\"canonical\" href=\"https:\/\/weltlaeden.de\/flensburg\/\" \/>\n<meta property=\"og:locale\" content=\"de_DE\" \/>\n<meta property=\"og:type\" content=\"article\" \/>\n<meta property=\"og:title\" content=\"Weltladen Flensburg - Weltladen Flensburg\" \/>\n<meta property=\"og:description\" content=\"[vc_row][vc_column][vc_column_text] Willkommen im Weltladen Flensburg ! [\/vc_column_text][vc_column_text]Hier bist Du genau richtig, wenn Du dich f\u00fcr den Fairen Handel interessierst. Auf dieser Seite kannst Du dich&hellip;\" \/>\n<meta property=\"og:url\" content=\"https:\/\/weltlaeden.de\/flensburg\/\" \/>\n<meta property=\"og:site_name\" content=\"Weltladen Flensburg\" \/>\n<meta property=\"article:modified_time\" content=\"2024-12-02T18:38:20+00:00\" \/>\n<meta property=\"og:image\" content=\"https:\/\/weltlaeden.de\/flensburg\/wp-content\/uploads\/sites\/76\/2019\/02\/DSC06862.jpg\" \/>\n\t<meta property=\"og:image:width\" content=\"551\" \/>\n\t<meta property=\"og:image:height\" content=\"495\" \/>\n\t<meta property=\"og:image:type\" content=\"image\/jpeg\" \/>\n<meta name=\"twitter:card\" content=\"summary_large_image\" \/>\n<meta name=\"twitter:label1\" content=\"Gesch\u00e4tzte Lesezeit\" \/>\n\t<meta name=\"twitter:data1\" content=\"3\u00a0Minuten\" \/>\n<script type=\"application\/ld+json\" class=\"yoast-schema-graph\">{\"@context\":\"https:\/\/schema.org\",\"@graph\":[{\"@type\":\"WebPage\",\"@id\":\"https:\/\/weltlaeden.de\/flensburg\/\",\"url\":\"https:\/\/weltlaeden.de\/flensburg\/\",\"name\":\"Weltladen Flensburg - Weltladen Flensburg\",\"isPartOf\":{\"@id\":\"https:\/\/weltlaeden.de\/flensburg\/#website\"},\"primaryImageOfPage\":{\"@id\":\"https:\/\/weltlaeden.de\/flensburg\/#primaryimage\"},\"image\":{\"@id\":\"https:\/\/weltlaeden.de\/flensburg\/#primaryimage\"},\"thumbnailUrl\":\"https:\/\/weltlaeden.de\/flensburg\/wp-content\/uploads\/sites\/76\/2019\/02\/DSC06862.jpg\",\"datePublished\":\"2016-10-14T07:05:21+00:00\",\"dateModified\":\"2024-12-02T18:38:20+00:00\",\"breadcrumb\":{\"@id\":\"https:\/\/weltlaeden.de\/flensburg\/#breadcrumb\"},\"inLanguage\":\"de\",\"potentialAction\":[{\"@type\":\"ReadAction\",\"target\":[\"https:\/\/weltlaeden.de\/flensburg\/\"]}]},{\"@type\":\"ImageObject\",\"inLanguage\":\"de\",\"@id\":\"https:\/\/weltlaeden.de\/flensburg\/#primaryimage\",\"url\":\"https:\/\/weltlaeden.de\/flensburg\/wp-content\/uploads\/sites\/76\/2019\/02\/DSC06862.jpg\",\"contentUrl\":\"https:\/\/weltlaeden.de\/flensburg\/wp-content\/uploads\/sites\/76\/2019\/02\/DSC06862.jpg\",\"width\":551,\"height\":495},{\"@type\":\"BreadcrumbList\",\"@id\":\"https:\/\/weltlaeden.de\/flensburg\/#breadcrumb\",\"itemListElement\":[{\"@type\":\"ListItem\",\"position\":1,\"name\":\"Startseite\",\"item\":\"https:\/\/weltlaeden.de\/flensburg\/\"},{\"@type\":\"ListItem\",\"position\":2,\"name\":\"Weltladen Flensburg\"}]},{\"@type\":\"WebSite\",\"@id\":\"https:\/\/weltlaeden.de\/flensburg\/#website\",\"url\":\"https:\/\/weltlaeden.de\/flensburg\/\",\"name\":\"Weltladen Flensburg\",\"description\":\"Faire Produkte\",\"potentialAction\":[{\"@type\":\"SearchAction\",\"target\":{\"@type\":\"EntryPoint\",\"urlTemplate\":\"https:\/\/weltlaeden.de\/flensburg\/?s={search_term_string}\"},\"query-input\":{\"@type\":\"PropertyValueSpecification\",\"valueRequired\":true,\"valueName\":\"search_term_string\"}}],\"inLanguage\":\"de\"}]}<\/script>\n<!-- \/ Yoast SEO plugin. -->","yoast_head_json":{"title":"Weltladen Flensburg - Weltladen Flensburg","robots":{"index":"index","follow":"follow","max-snippet":"max-snippet:-1","max-image-preview":"max-image-preview:large","max-video-preview":"max-video-preview:-1"},"canonical":"https:\/\/weltlaeden.de\/flensburg\/","og_locale":"de_DE","og_type":"article","og_title":"Weltladen Flensburg - Weltladen Flensburg","og_description":"[vc_row][vc_column][vc_column_text] Willkommen im Weltladen Flensburg ! [\/vc_column_text][vc_column_text]Hier bist Du genau richtig, wenn Du dich f\u00fcr den Fairen Handel interessierst. Auf dieser Seite kannst Du dich&hellip;","og_url":"https:\/\/weltlaeden.de\/flensburg\/","og_site_name":"Weltladen Flensburg","article_modified_time":"2024-12-02T18:38:20+00:00","og_image":[{"width":551,"height":495,"url":"https:\/\/weltlaeden.de\/flensburg\/wp-content\/uploads\/sites\/76\/2019\/02\/DSC06862.jpg","type":"image\/jpeg"}],"twitter_card":"summary_large_image","twitter_misc":{"Gesch\u00e4tzte Lesezeit":"3\u00a0Minuten"},"schema":{"@context":"https:\/\/schema.org","@graph":[{"@type":"WebPage","@id":"https:\/\/weltlaeden.de\/flensburg\/","url":"https:\/\/weltlaeden.de\/flensburg\/","name":"Weltladen Flensburg - Weltladen Flensburg","isPartOf":{"@id":"https:\/\/weltlaeden.de\/flensburg\/#website"},"primaryImageOfPage":{"@id":"https:\/\/weltlaeden.de\/flensburg\/#primaryimage"},"image":{"@id":"https:\/\/weltlaeden.de\/flensburg\/#primaryimage"},"thumbnailUrl":"https:\/\/weltlaeden.de\/flensburg\/wp-content\/uploads\/sites\/76\/2019\/02\/DSC06862.jpg","datePublished":"2016-10-14T07:05:21+00:00","dateModified":"2024-12-02T18:38:20+00:00","breadcrumb":{"@id":"https:\/\/weltlaeden.de\/flensburg\/#breadcrumb"},"inLanguage":"de","potentialAction":[{"@type":"ReadAction","target":["https:\/\/weltlaeden.de\/flensburg\/"]}]},{"@type":"ImageObject","inLanguage":"de","@id":"https:\/\/weltlaeden.de\/flensburg\/#primaryimage","url":"https:\/\/weltlaeden.de\/flensburg\/wp-content\/uploads\/sites\/76\/2019\/02\/DSC06862.jpg","contentUrl":"https:\/\/weltlaeden.de\/flensburg\/wp-content\/uploads\/sites\/76\/2019\/02\/DSC06862.jpg","width":551,"height":495},{"@type":"BreadcrumbList","@id":"https:\/\/weltlaeden.de\/flensburg\/#breadcrumb","itemListElement":[{"@type":"ListItem","position":1,"name":"Startseite","item":"https:\/\/weltlaeden.de\/flensburg\/"},{"@type":"ListItem","position":2,"name":"Weltladen Flensburg"}]},{"@type":"WebSite","@id":"https:\/\/weltlaeden.de\/flensburg\/#website","url":"https:\/\/weltlaeden.de\/flensburg\/","name":"Weltladen Flensburg","description":"Faire Produkte","potentialAction":[{"@type":"SearchAction","target":{"@type":"EntryPoint","urlTemplate":"https:\/\/weltlaeden.de\/flensburg\/?s={search_term_string}"},"query-input":{"@type":"PropertyValueSpecification","valueRequired":true,"valueName":"search_term_string"}}],"inLanguage":"de"}]}},"_links":{"self":[{"href":"https:\/\/weltlaeden.de\/flensburg\/wp-json\/wp\/v2\/pages\/20","targetHints":{"allow":["GET"]}}],"collection":[{"href":"https:\/\/weltlaeden.de\/flensburg\/wp-json\/wp\/v2\/pages"}],"about":[{"href":"https:\/\/weltlaeden.de\/flensburg\/wp-json\/wp\/v2\/types\/page"}],"author":[{"embeddable":true,"href":"https:\/\/weltlaeden.de\/flensburg\/wp-json\/wp\/v2\/users\/1"}],"replies":[{"embeddable":true,"href":"https:\/\/weltlaeden.de\/flensburg\/wp-json\/wp\/v2\/comments?post=20"}],"version-history":[{"count":117,"href":"https:\/\/weltlaeden.de\/flensburg\/wp-json\/wp\/v2\/pages\/20\/revisions"}],"predecessor-version":[{"id":621,"href":"https:\/\/weltlaeden.de\/flensburg\/wp-json\/wp\/v2\/pages\/20\/revisions\/621"}],"wp:featuredmedia":[{"embeddable":true,"href":"https:\/\/weltlaeden.de\/flensburg\/wp-json\/wp\/v2\/media\/414"}],"wp:attachment":[{"href":"https:\/\/weltlaeden.de\/flensburg\/wp-json\/wp\/v2\/media?parent=20"}],"curies":[{"name":"wp","href":"https:\/\/api.w.org\/{rel}","templated":true}]}}