{"id":361,"date":"2018-04-05T09:52:53","date_gmt":"2018-04-05T07:52:53","guid":{"rendered":"https:\/\/weltlaeden.de\/ellwangen\/?page_id=361"},"modified":"2025-02-09T17:58:56","modified_gmt":"2025-02-09T16:58:56","slug":"neuigkeiten","status":"publish","type":"page","link":"https:\/\/weltlaeden.de\/ellwangen\/neuigkeiten\/","title":{"rendered":"Neuigkeiten"},"content":{"rendered":"<div class=\"wpb-content-wrapper\"><p>[vc_row][vc_column][vc_column_text]<\/p>\n<h1>Neuigkeiten<\/h1>\n<p>[\/vc_column_text][vc_column_text css=&#8220;&#8220;]Im Weltladen finden Sie jetzt auch fair gehandelte Unterw\u00e4sche von Comazo Earth f\u00fcr Frauen und M\u00e4nner aus Biobaumwolle und Vesperbrettle, Schl\u00fcsselanh\u00e4nger oder Hocker aus heimischen H\u00f6lzern des Ellwanger Schreiners Jo R\u00fcger.[\/vc_column_text][\/vc_column][\/vc_row]<\/p>\n<\/div>","protected":false},"excerpt":{"rendered":"<p>[vc_row][vc_column][vc_column_text] Neuigkeiten [\/vc_column_text][vc_column_text css=&#8220;&#8220;]Im Weltladen finden Sie jetzt auch fair gehandelte Unterw\u00e4sche von Comazo Earth f\u00fcr Frauen und M\u00e4nner aus Biobaumwolle und Vesperbrettle, Schl\u00fcsselanh\u00e4nger oder Hocker aus heimischen H\u00f6lzern des Ellwanger Schreiners Jo R\u00fcger.[\/vc_column_text][\/vc_column][\/vc_row]<\/p>\n","protected":false},"author":1,"featured_media":0,"parent":0,"menu_order":1,"comment_status":"closed","ping_status":"closed","template":"","meta":{"footnotes":""},"class_list":["post-361","page","type-page","status-publish","hentry","description-off"],"yoast_head":"<!-- This site is optimized with the Yoast SEO plugin v26.8 - https:\/\/yoast.com\/product\/yoast-seo-wordpress\/ -->\n<title>Neuigkeiten - Weltladen Ellwangen<\/title>\n<meta name=\"description\" content=\"Der Weltladen Ellwangen zieht von der Spitalstra\u00dfe 5 in die Spitalstra\u00dfe 13.\" \/>\n<meta name=\"robots\" content=\"index, follow, max-snippet:-1, max-image-preview:large, max-video-preview:-1\" \/>\n<link rel=\"canonical\" href=\"https:\/\/weltlaeden.de\/ellwangen\/neuigkeiten\/\" \/>\n<meta property=\"og:locale\" content=\"de_DE\" \/>\n<meta property=\"og:type\" content=\"article\" \/>\n<meta property=\"og:title\" content=\"Neuigkeiten - Weltladen Ellwangen\" \/>\n<meta property=\"og:description\" content=\"Der Weltladen Ellwangen zieht von der Spitalstra\u00dfe 5 in die Spitalstra\u00dfe 13.\" \/>\n<meta property=\"og:url\" content=\"https:\/\/weltlaeden.de\/ellwangen\/neuigkeiten\/\" \/>\n<meta property=\"og:site_name\" content=\"Weltladen Ellwangen\" \/>\n<meta property=\"article:modified_time\" content=\"2025-02-09T16:58:56+00:00\" \/>\n<meta name=\"twitter:card\" content=\"summary_large_image\" \/>\n<meta name=\"twitter:label1\" content=\"Gesch\u00e4tzte Lesezeit\" \/>\n\t<meta name=\"twitter:data1\" content=\"1\u00a0Minute\" \/>\n<script type=\"application\/ld+json\" class=\"yoast-schema-graph\">{\"@context\":\"https:\/\/schema.org\",\"@graph\":[{\"@type\":\"WebPage\",\"@id\":\"https:\/\/weltlaeden.de\/ellwangen\/neuigkeiten\/\",\"url\":\"https:\/\/weltlaeden.de\/ellwangen\/neuigkeiten\/\",\"name\":\"Neuigkeiten - Weltladen Ellwangen\",\"isPartOf\":{\"@id\":\"https:\/\/weltlaeden.de\/ellwangen\/#website\"},\"datePublished\":\"2018-04-05T07:52:53+00:00\",\"dateModified\":\"2025-02-09T16:58:56+00:00\",\"description\":\"Der Weltladen Ellwangen zieht von der Spitalstra\u00dfe 5 in die Spitalstra\u00dfe 13.\",\"breadcrumb\":{\"@id\":\"https:\/\/weltlaeden.de\/ellwangen\/neuigkeiten\/#breadcrumb\"},\"inLanguage\":\"de\",\"potentialAction\":[{\"@type\":\"ReadAction\",\"target\":[\"https:\/\/weltlaeden.de\/ellwangen\/neuigkeiten\/\"]}]},{\"@type\":\"BreadcrumbList\",\"@id\":\"https:\/\/weltlaeden.de\/ellwangen\/neuigkeiten\/#breadcrumb\",\"itemListElement\":[{\"@type\":\"ListItem\",\"position\":1,\"name\":\"Startseite\",\"item\":\"https:\/\/weltlaeden.de\/ellwangen\/\"},{\"@type\":\"ListItem\",\"position\":2,\"name\":\"Neuigkeiten\"}]},{\"@type\":\"WebSite\",\"@id\":\"https:\/\/weltlaeden.de\/ellwangen\/#website\",\"url\":\"https:\/\/weltlaeden.de\/ellwangen\/\",\"name\":\"Weltladen Ellwangen\",\"description\":\"Faire Produkte seit 1990\",\"potentialAction\":[{\"@type\":\"SearchAction\",\"target\":{\"@type\":\"EntryPoint\",\"urlTemplate\":\"https:\/\/weltlaeden.de\/ellwangen\/?s={search_term_string}\"},\"query-input\":{\"@type\":\"PropertyValueSpecification\",\"valueRequired\":true,\"valueName\":\"search_term_string\"}}],\"inLanguage\":\"de\"}]}<\/script>\n<!-- \/ Yoast SEO plugin. -->","yoast_head_json":{"title":"Neuigkeiten - Weltladen Ellwangen","description":"Der Weltladen Ellwangen zieht von der Spitalstra\u00dfe 5 in die Spitalstra\u00dfe 13.","robots":{"index":"index","follow":"follow","max-snippet":"max-snippet:-1","max-image-preview":"max-image-preview:large","max-video-preview":"max-video-preview:-1"},"canonical":"https:\/\/weltlaeden.de\/ellwangen\/neuigkeiten\/","og_locale":"de_DE","og_type":"article","og_title":"Neuigkeiten - Weltladen Ellwangen","og_description":"Der Weltladen Ellwangen zieht von der Spitalstra\u00dfe 5 in die Spitalstra\u00dfe 13.","og_url":"https:\/\/weltlaeden.de\/ellwangen\/neuigkeiten\/","og_site_name":"Weltladen Ellwangen","article_modified_time":"2025-02-09T16:58:56+00:00","twitter_card":"summary_large_image","twitter_misc":{"Gesch\u00e4tzte Lesezeit":"1\u00a0Minute"},"schema":{"@context":"https:\/\/schema.org","@graph":[{"@type":"WebPage","@id":"https:\/\/weltlaeden.de\/ellwangen\/neuigkeiten\/","url":"https:\/\/weltlaeden.de\/ellwangen\/neuigkeiten\/","name":"Neuigkeiten - Weltladen Ellwangen","isPartOf":{"@id":"https:\/\/weltlaeden.de\/ellwangen\/#website"},"datePublished":"2018-04-05T07:52:53+00:00","dateModified":"2025-02-09T16:58:56+00:00","description":"Der Weltladen Ellwangen zieht von der Spitalstra\u00dfe 5 in die Spitalstra\u00dfe 13.","breadcrumb":{"@id":"https:\/\/weltlaeden.de\/ellwangen\/neuigkeiten\/#breadcrumb"},"inLanguage":"de","potentialAction":[{"@type":"ReadAction","target":["https:\/\/weltlaeden.de\/ellwangen\/neuigkeiten\/"]}]},{"@type":"BreadcrumbList","@id":"https:\/\/weltlaeden.de\/ellwangen\/neuigkeiten\/#breadcrumb","itemListElement":[{"@type":"ListItem","position":1,"name":"Startseite","item":"https:\/\/weltlaeden.de\/ellwangen\/"},{"@type":"ListItem","position":2,"name":"Neuigkeiten"}]},{"@type":"WebSite","@id":"https:\/\/weltlaeden.de\/ellwangen\/#website","url":"https:\/\/weltlaeden.de\/ellwangen\/","name":"Weltladen Ellwangen","description":"Faire Produkte seit 1990","potentialAction":[{"@type":"SearchAction","target":{"@type":"EntryPoint","urlTemplate":"https:\/\/weltlaeden.de\/ellwangen\/?s={search_term_string}"},"query-input":{"@type":"PropertyValueSpecification","valueRequired":true,"valueName":"search_term_string"}}],"inLanguage":"de"}]}},"_links":{"self":[{"href":"https:\/\/weltlaeden.de\/ellwangen\/wp-json\/wp\/v2\/pages\/361","targetHints":{"allow":["GET"]}}],"collection":[{"href":"https:\/\/weltlaeden.de\/ellwangen\/wp-json\/wp\/v2\/pages"}],"about":[{"href":"https:\/\/weltlaeden.de\/ellwangen\/wp-json\/wp\/v2\/types\/page"}],"author":[{"embeddable":true,"href":"https:\/\/weltlaeden.de\/ellwangen\/wp-json\/wp\/v2\/users\/1"}],"replies":[{"embeddable":true,"href":"https:\/\/weltlaeden.de\/ellwangen\/wp-json\/wp\/v2\/comments?post=361"}],"version-history":[{"count":12,"href":"https:\/\/weltlaeden.de\/ellwangen\/wp-json\/wp\/v2\/pages\/361\/revisions"}],"predecessor-version":[{"id":627,"href":"https:\/\/weltlaeden.de\/ellwangen\/wp-json\/wp\/v2\/pages\/361\/revisions\/627"}],"wp:attachment":[{"href":"https:\/\/weltlaeden.de\/ellwangen\/wp-json\/wp\/v2\/media?parent=361"}],"curies":[{"name":"wp","href":"https:\/\/api.w.org\/{rel}","templated":true}]}}

<div class="wpb-content-wrapper"><p>[vc_row][vc_column][vc_column_text]</p>
<h1>Neuigkeiten</h1>
<p>[/vc_column_text][vc_column_text css=&#8220;&#8220;]Im Weltladen finden Sie jetzt auch fair gehandelte Unterwäsche von Comazo Earth für Frauen und Männer aus Biobaumwolle und Vesperbrettle, Schlüsselanhänger oder Hocker aus heimischen Hölzern des Ellwanger Schreiners Jo Rüger.[/vc_column_text][/vc_column][/vc_row]</p>
</div>

<p>[vc_row][vc_column][vc_column_text] Neuigkeiten [/vc_column_text][vc_column_text css=&#8220;&#8220;]Im Weltladen finden Sie jetzt auch fair gehandelte Unterwäsche von Comazo Earth für Frauen und Männer aus Biobaumwolle und Vesperbrettle, Schlüsselanhänger oder Hocker aus heimischen Hölzern des Ellwanger Schreiners Jo Rüger.[/vc_column_text][/vc_column][/vc_row]</p>

<!-- This site is optimized with the Yoast SEO plugin v26.8 - https://yoast.com/product/yoast-seo-wordpress/ -->
<title>Neuigkeiten - Weltladen Ellwangen</title>
<meta name="description" content="Der Weltladen Ellwangen zieht von der Spitalstraße 5 in die Spitalstraße 13." />
<meta name="robots" content="index, follow, max-snippet:-1, max-image-preview:large, max-video-preview:-1" />
<link rel="canonical" href="https://weltlaeden.de/ellwangen/neuigkeiten/" />
<meta property="og:locale" content="de_DE" />
<meta property="og:type" content="article" />
<meta property="og:title" content="Neuigkeiten - Weltladen Ellwangen" />
<meta property="og:description" content="Der Weltladen Ellwangen zieht von der Spitalstraße 5 in die Spitalstraße 13." />
<meta property="og:url" content="https://weltlaeden.de/ellwangen/neuigkeiten/" />
<meta property="og:site_name" content="Weltladen Ellwangen" />
<meta property="article:modified_time" content="2025-02-09T16:58:56+00:00" />
<meta name="twitter:card" content="summary_large_image" />
<meta name="twitter:label1" content="Geschätzte Lesezeit" />
	<meta name="twitter:data1" content="1 Minute" />
<script type="application/ld+json" class="yoast-schema-graph">{"@context":"https://schema.org","@graph":[{"@type":"WebPage","@id":"https://weltlaeden.de/ellwangen/neuigkeiten/","url":"https://weltlaeden.de/ellwangen/neuigkeiten/","name":"Neuigkeiten - Weltladen Ellwangen","isPartOf":{"@id":"https://weltlaeden.de/ellwangen/#website"},"datePublished":"2018-04-05T07:52:53+00:00","dateModified":"2025-02-09T16:58:56+00:00","description":"Der Weltladen Ellwangen zieht von der Spitalstraße 5 in die Spitalstraße 13.","breadcrumb":{"@id":"https://weltlaeden.de/ellwangen/neuigkeiten/#breadcrumb"},"inLanguage":"de","potentialAction":[{"@type":"ReadAction","target":["https://weltlaeden.de/ellwangen/neuigkeiten/"]}]},{"@type":"BreadcrumbList","@id":"https://weltlaeden.de/ellwangen/neuigkeiten/#breadcrumb","itemListElement":[{"@type":"ListItem","position":1,"name":"Startseite","item":"https://weltlaeden.de/ellwangen/"},{"@type":"ListItem","position":2,"name":"Neuigkeiten"}]},{"@type":"WebSite","@id":"https://weltlaeden.de/ellwangen/#website","url":"https://weltlaeden.de/ellwangen/","name":"Weltladen Ellwangen","description":"Faire Produkte seit 1990","potentialAction":[{"@type":"SearchAction","target":{"@type":"EntryPoint","urlTemplate":"https://weltlaeden.de/ellwangen/?s={search_term_string}"},"query-input":{"@type":"PropertyValueSpecification","valueRequired":true,"valueName":"search_term_string"}}],"inLanguage":"de"}]}</script>
<!-- / Yoast SEO plugin. -->

Der Weltladen Ellwangen zieht von der Spitalstraße 5 in die Spitalstraße 13.
