{"id":219,"date":"2016-10-28T13:34:06","date_gmt":"2016-10-28T11:34:47","guid":{"rendered":"https:\/\/wl.heimpixel.de\/vorlage\/ueber-uns\/"},"modified":"2023-12-21T18:45:50","modified_gmt":"2023-12-21T17:45:50","slug":"ueber-uns","status":"publish","type":"page","link":"https:\/\/weltlaeden.de\/ellwangen\/ueber-uns\/","title":{"rendered":"\u00dcber uns"},"content":{"rendered":"<div class=\"wpb-content-wrapper\"><p>[vc_row][vc_column]<div class=\"wl_einzelbild\"><p><img loading=\"lazy\" decoding=\"async\" class=\"alignnone wp-image-688\" src=\"https:\/\/weltlaeden.de\/ellwangen\/wp-content\/uploads\/sites\/174\/2023\/12\/wl-jacken1-300x120.jpg\" alt=\"\" width=\"765\" height=\"306\" srcset=\"https:\/\/weltlaeden.de\/ellwangen\/wp-content\/uploads\/sites\/174\/2023\/12\/wl-jacken1-300x120.jpg 300w, https:\/\/weltlaeden.de\/ellwangen\/wp-content\/uploads\/sites\/174\/2023\/12\/wl-jacken1-1024x409.jpg 1024w, https:\/\/weltlaeden.de\/ellwangen\/wp-content\/uploads\/sites\/174\/2023\/12\/wl-jacken1-768x307.jpg 768w, https:\/\/weltlaeden.de\/ellwangen\/wp-content\/uploads\/sites\/174\/2023\/12\/wl-jacken1.jpg 1201w\" sizes=\"auto, (max-width: 765px) 100vw, 765px\" \/><\/p><\/div>[vc_empty_space][vc_column_text]<\/p>\n<h1>\u00dcber den Weltladen Ellwangen<\/h1>\n<p>[\/vc_column_text][vc_column_text]<strong>Der Weltladen Ellwangen<\/strong> wird vom Tr\u00e4gerverein Treffpunkt Nord-S\u00fcd betrieben.\u00a0 Der Verein wurde vor 35 Jahren gegr\u00fcndet, um einen Beitrag f\u00fcr eine gerechtere, friedlichere\u00a0Welt zu leisten: \u00a0zum\u00a0 einen durch den \u00a0Verkauf von fair gehandelten Waren und die Informationen \u00fcber\u00a0 Produkte und Produzentinnen und Produzenten \u00a0im Laden, zum anderen\u00a0 durch Bildungsarbeit.<\/p>\n<p><strong>Zur Bildungsarbeit \u00a0<\/strong>geh\u00f6ren der Film zum Internationalen Frauentag, das Eine-Welt-Fest, der \u00a0Weltladentag immer am Samstag vor Muttertag, die \u00a0Faire Woche im September und die Mitarbeit an der Ellwanger Friedensdekade im November.<\/p>\n<p><strong>Zusammenarbeit:<\/strong> Der Verein arbeitet dar\u00fcber hinaus mit der Stadt im Rahmen der Fair Trade Town zusammen, dem Jugendzentrum (<a href=\"http:\/\/www.juze-ellwangen.de\">www.juze-ellwangen.de<\/a>), amnesty international (<a href=\"https:\/\/amnesty-ellwangen.de\">https:\/\/amnesty-ellwangen.de<\/a>), dem Arbeitskreis Mahnwache und er unterst\u00fctzt den \u00a0j\u00e4hrlichen Ostermarsch.<\/p>\n<p><strong>Ehrenamt:<\/strong> Alle Mitarbeiterinnen und Mitarbeiter im Weltladen arbeiten ehrenamtlich, ob beim Einkauf, im Verkauf oder in der Verwaltung.<\/p>\n<p><strong>Mitmachen:<\/strong> Wer Lust hat, sich f\u00fcr den Fairen Handel und eine gerechtere Welt zu engagieren, kann sich einfach im Weltladen melden. Wir freuen uns auf euch.<\/p>\n<p><strong>Unterst\u00fctzen:<\/strong> Ihr k\u00f6nnt den Weltladen Ellwangen durch eure Mitgliedschaft im Verein Treffpunkt Nord-S\u00fcd unterst\u00fctzen. Beitrittserkl\u00e4rungen gibt es im Weltladen. Der Verein freut sich auch \u00fcber Spenden, Spendenbescheinigungen werden auf Wunsch gerne ausgestellt.<\/p>\n<p>Der Weltladen Ellwangen ist in der Spitalstra\u00dfe 13, im Herzen der Innenstadt.[\/vc_column_text][\/vc_column][\/vc_row][vc_row][vc_column][vc_empty_space][vc_column_text][\/vc_column_text][vc_column_text][\/vc_column_text][\/vc_column][\/vc_row]<\/p>\n<\/div>","protected":false},"excerpt":{"rendered":"<p>[vc_row][vc_column][vc_empty_space][vc_column_text] \u00dcber den Weltladen Ellwangen [\/vc_column_text][vc_column_text]Der Weltladen Ellwangen wird vom Tr\u00e4gerverein Treffpunkt Nord-S\u00fcd betrieben.\u00a0 Der Verein wurde vor 35 Jahren gegr\u00fcndet, um einen Beitrag f\u00fcr eine gerechtere, friedlichere\u00a0Welt zu leisten: \u00a0zum\u00a0 einen durch den \u00a0Verkauf von fair gehandelten Waren und die Informationen \u00fcber\u00a0 Produkte und Produzentinnen und Produzenten \u00a0im Laden, zum anderen\u00a0 durch Bildungsarbeit. Zur&hellip;<\/p>\n","protected":false},"author":1,"featured_media":0,"parent":0,"menu_order":4,"comment_status":"closed","ping_status":"closed","template":"","meta":{"footnotes":""},"class_list":["post-219","page","type-page","status-publish","hentry","description-off"],"yoast_head":"<!-- This site is optimized with the Yoast SEO plugin v26.8 - https:\/\/yoast.com\/product\/yoast-seo-wordpress\/ -->\n<title>\u00dcber uns - Weltladen Ellwangen<\/title>\n<meta name=\"description\" content=\"Der Weltladen Ellwangen wird vom Tr\u00e4gerverein Treffpunkt Nord-S\u00fcd betrieben.\u00a0 Der Verein wurde vor 35 Jahren gegr\u00fcndet, um einen Beitrag f\u00fcr eine gerechtere, friedlichere\u00a0Welt zu leisten. \u00a0\" \/>\n<meta name=\"robots\" content=\"index, follow, max-snippet:-1, max-image-preview:large, max-video-preview:-1\" \/>\n<link rel=\"canonical\" href=\"https:\/\/weltlaeden.de\/ellwangen\/ueber-uns\/\" \/>\n<meta property=\"og:locale\" content=\"de_DE\" \/>\n<meta property=\"og:type\" content=\"article\" \/>\n<meta property=\"og:title\" content=\"\u00dcber uns - Weltladen Ellwangen\" \/>\n<meta property=\"og:description\" content=\"Der Weltladen Ellwangen wird vom Tr\u00e4gerverein Treffpunkt Nord-S\u00fcd betrieben.\u00a0 Der Verein wurde vor 35 Jahren gegr\u00fcndet, um einen Beitrag f\u00fcr eine gerechtere, friedlichere\u00a0Welt zu leisten. \u00a0\" \/>\n<meta property=\"og:url\" content=\"https:\/\/weltlaeden.de\/ellwangen\/ueber-uns\/\" \/>\n<meta property=\"og:site_name\" content=\"Weltladen Ellwangen\" \/>\n<meta property=\"article:modified_time\" content=\"2023-12-21T17:45:50+00:00\" \/>\n<meta property=\"og:image\" content=\"https:\/\/weltlaeden.de\/ellwangen\/wp-content\/uploads\/sites\/174\/2023\/12\/wl-jacken1-300x120.jpg\" \/>\n<meta name=\"twitter:card\" content=\"summary_large_image\" \/>\n<meta name=\"twitter:label1\" content=\"Gesch\u00e4tzte Lesezeit\" \/>\n\t<meta name=\"twitter:data1\" content=\"2\u00a0Minuten\" \/>\n<script type=\"application\/ld+json\" class=\"yoast-schema-graph\">{\"@context\":\"https:\/\/schema.org\",\"@graph\":[{\"@type\":\"WebPage\",\"@id\":\"https:\/\/weltlaeden.de\/ellwangen\/ueber-uns\/\",\"url\":\"https:\/\/weltlaeden.de\/ellwangen\/ueber-uns\/\",\"name\":\"\u00dcber uns - Weltladen Ellwangen\",\"isPartOf\":{\"@id\":\"https:\/\/weltlaeden.de\/ellwangen\/#website\"},\"primaryImageOfPage\":{\"@id\":\"https:\/\/weltlaeden.de\/ellwangen\/ueber-uns\/#primaryimage\"},\"image\":{\"@id\":\"https:\/\/weltlaeden.de\/ellwangen\/ueber-uns\/#primaryimage\"},\"thumbnailUrl\":\"https:\/\/weltlaeden.de\/ellwangen\/wp-content\/uploads\/sites\/174\/2023\/12\/wl-jacken1-300x120.jpg\",\"datePublished\":\"2016-10-28T11:34:47+00:00\",\"dateModified\":\"2023-12-21T17:45:50+00:00\",\"description\":\"Der Weltladen Ellwangen wird vom Tr\u00e4gerverein Treffpunkt Nord-S\u00fcd betrieben.\u00a0 Der Verein wurde vor 35 Jahren gegr\u00fcndet, um einen Beitrag f\u00fcr eine gerechtere, friedlichere\u00a0Welt zu leisten. \u00a0\",\"breadcrumb\":{\"@id\":\"https:\/\/weltlaeden.de\/ellwangen\/ueber-uns\/#breadcrumb\"},\"inLanguage\":\"de\",\"potentialAction\":[{\"@type\":\"ReadAction\",\"target\":[\"https:\/\/weltlaeden.de\/ellwangen\/ueber-uns\/\"]}]},{\"@type\":\"ImageObject\",\"inLanguage\":\"de\",\"@id\":\"https:\/\/weltlaeden.de\/ellwangen\/ueber-uns\/#primaryimage\",\"url\":\"https:\/\/weltlaeden.de\/ellwangen\/wp-content\/uploads\/sites\/174\/2023\/12\/wl-jacken1.jpg\",\"contentUrl\":\"https:\/\/weltlaeden.de\/ellwangen\/wp-content\/uploads\/sites\/174\/2023\/12\/wl-jacken1.jpg\",\"width\":1201,\"height\":480},{\"@type\":\"BreadcrumbList\",\"@id\":\"https:\/\/weltlaeden.de\/ellwangen\/ueber-uns\/#breadcrumb\",\"itemListElement\":[{\"@type\":\"ListItem\",\"position\":1,\"name\":\"Startseite\",\"item\":\"https:\/\/weltlaeden.de\/ellwangen\/\"},{\"@type\":\"ListItem\",\"position\":2,\"name\":\"\u00dcber uns\"}]},{\"@type\":\"WebSite\",\"@id\":\"https:\/\/weltlaeden.de\/ellwangen\/#website\",\"url\":\"https:\/\/weltlaeden.de\/ellwangen\/\",\"name\":\"Weltladen Ellwangen\",\"description\":\"Faire Produkte seit 1990\",\"potentialAction\":[{\"@type\":\"SearchAction\",\"target\":{\"@type\":\"EntryPoint\",\"urlTemplate\":\"https:\/\/weltlaeden.de\/ellwangen\/?s={search_term_string}\"},\"query-input\":{\"@type\":\"PropertyValueSpecification\",\"valueRequired\":true,\"valueName\":\"search_term_string\"}}],\"inLanguage\":\"de\"}]}<\/script>\n<!-- \/ Yoast SEO plugin. -->","yoast_head_json":{"title":"\u00dcber uns - Weltladen Ellwangen","description":"Der Weltladen Ellwangen wird vom Tr\u00e4gerverein Treffpunkt Nord-S\u00fcd betrieben.\u00a0 Der Verein wurde vor 35 Jahren gegr\u00fcndet, um einen Beitrag f\u00fcr eine gerechtere, friedlichere\u00a0Welt zu leisten. \u00a0","robots":{"index":"index","follow":"follow","max-snippet":"max-snippet:-1","max-image-preview":"max-image-preview:large","max-video-preview":"max-video-preview:-1"},"canonical":"https:\/\/weltlaeden.de\/ellwangen\/ueber-uns\/","og_locale":"de_DE","og_type":"article","og_title":"\u00dcber uns - Weltladen Ellwangen","og_description":"Der Weltladen Ellwangen wird vom Tr\u00e4gerverein Treffpunkt Nord-S\u00fcd betrieben.\u00a0 Der Verein wurde vor 35 Jahren gegr\u00fcndet, um einen Beitrag f\u00fcr eine gerechtere, friedlichere\u00a0Welt zu leisten. \u00a0","og_url":"https:\/\/weltlaeden.de\/ellwangen\/ueber-uns\/","og_site_name":"Weltladen Ellwangen","article_modified_time":"2023-12-21T17:45:50+00:00","og_image":[{"url":"https:\/\/weltlaeden.de\/ellwangen\/wp-content\/uploads\/sites\/174\/2023\/12\/wl-jacken1-300x120.jpg","type":"","width":"","height":""}],"twitter_card":"summary_large_image","twitter_misc":{"Gesch\u00e4tzte Lesezeit":"2\u00a0Minuten"},"schema":{"@context":"https:\/\/schema.org","@graph":[{"@type":"WebPage","@id":"https:\/\/weltlaeden.de\/ellwangen\/ueber-uns\/","url":"https:\/\/weltlaeden.de\/ellwangen\/ueber-uns\/","name":"\u00dcber uns - Weltladen Ellwangen","isPartOf":{"@id":"https:\/\/weltlaeden.de\/ellwangen\/#website"},"primaryImageOfPage":{"@id":"https:\/\/weltlaeden.de\/ellwangen\/ueber-uns\/#primaryimage"},"image":{"@id":"https:\/\/weltlaeden.de\/ellwangen\/ueber-uns\/#primaryimage"},"thumbnailUrl":"https:\/\/weltlaeden.de\/ellwangen\/wp-content\/uploads\/sites\/174\/2023\/12\/wl-jacken1-300x120.jpg","datePublished":"2016-10-28T11:34:47+00:00","dateModified":"2023-12-21T17:45:50+00:00","description":"Der Weltladen Ellwangen wird vom Tr\u00e4gerverein Treffpunkt Nord-S\u00fcd betrieben.\u00a0 Der Verein wurde vor 35 Jahren gegr\u00fcndet, um einen Beitrag f\u00fcr eine gerechtere, friedlichere\u00a0Welt zu leisten. \u00a0","breadcrumb":{"@id":"https:\/\/weltlaeden.de\/ellwangen\/ueber-uns\/#breadcrumb"},"inLanguage":"de","potentialAction":[{"@type":"ReadAction","target":["https:\/\/weltlaeden.de\/ellwangen\/ueber-uns\/"]}]},{"@type":"ImageObject","inLanguage":"de","@id":"https:\/\/weltlaeden.de\/ellwangen\/ueber-uns\/#primaryimage","url":"https:\/\/weltlaeden.de\/ellwangen\/wp-content\/uploads\/sites\/174\/2023\/12\/wl-jacken1.jpg","contentUrl":"https:\/\/weltlaeden.de\/ellwangen\/wp-content\/uploads\/sites\/174\/2023\/12\/wl-jacken1.jpg","width":1201,"height":480},{"@type":"BreadcrumbList","@id":"https:\/\/weltlaeden.de\/ellwangen\/ueber-uns\/#breadcrumb","itemListElement":[{"@type":"ListItem","position":1,"name":"Startseite","item":"https:\/\/weltlaeden.de\/ellwangen\/"},{"@type":"ListItem","position":2,"name":"\u00dcber uns"}]},{"@type":"WebSite","@id":"https:\/\/weltlaeden.de\/ellwangen\/#website","url":"https:\/\/weltlaeden.de\/ellwangen\/","name":"Weltladen Ellwangen","description":"Faire Produkte seit 1990","potentialAction":[{"@type":"SearchAction","target":{"@type":"EntryPoint","urlTemplate":"https:\/\/weltlaeden.de\/ellwangen\/?s={search_term_string}"},"query-input":{"@type":"PropertyValueSpecification","valueRequired":true,"valueName":"search_term_string"}}],"inLanguage":"de"}]}},"_links":{"self":[{"href":"https:\/\/weltlaeden.de\/ellwangen\/wp-json\/wp\/v2\/pages\/219","targetHints":{"allow":["GET"]}}],"collection":[{"href":"https:\/\/weltlaeden.de\/ellwangen\/wp-json\/wp\/v2\/pages"}],"about":[{"href":"https:\/\/weltlaeden.de\/ellwangen\/wp-json\/wp\/v2\/types\/page"}],"author":[{"embeddable":true,"href":"https:\/\/weltlaeden.de\/ellwangen\/wp-json\/wp\/v2\/users\/1"}],"replies":[{"embeddable":true,"href":"https:\/\/weltlaeden.de\/ellwangen\/wp-json\/wp\/v2\/comments?post=219"}],"version-history":[{"count":20,"href":"https:\/\/weltlaeden.de\/ellwangen\/wp-json\/wp\/v2\/pages\/219\/revisions"}],"predecessor-version":[{"id":691,"href":"https:\/\/weltlaeden.de\/ellwangen\/wp-json\/wp\/v2\/pages\/219\/revisions\/691"}],"wp:attachment":[{"href":"https:\/\/weltlaeden.de\/ellwangen\/wp-json\/wp\/v2\/media?parent=219"}],"curies":[{"name":"wp","href":"https:\/\/api.w.org\/{rel}","templated":true}]}}

Über uns

<div class="wpb-content-wrapper"><p>[vc_row][vc_column]<div class="wl_einzelbild"><p><img loading="lazy" decoding="async" class="alignnone wp-image-688" src="https://weltlaeden.de/ellwangen/wp-content/uploads/sites/174/2023/12/wl-jacken1-300x120.jpg" alt="" width="765" height="306" srcset="https://weltlaeden.de/ellwangen/wp-content/uploads/sites/174/2023/12/wl-jacken1-300x120.jpg 300w, https://weltlaeden.de/ellwangen/wp-content/uploads/sites/174/2023/12/wl-jacken1-1024x409.jpg 1024w, https://weltlaeden.de/ellwangen/wp-content/uploads/sites/174/2023/12/wl-jacken1-768x307.jpg 768w, https://weltlaeden.de/ellwangen/wp-content/uploads/sites/174/2023/12/wl-jacken1.jpg 1201w" sizes="auto, (max-width: 765px) 100vw, 765px" /></p></div>[vc_empty_space][vc_column_text]</p>
<h1>Über den Weltladen Ellwangen</h1>
<p>[/vc_column_text][vc_column_text]<strong>Der Weltladen Ellwangen</strong> wird vom Trägerverein Treffpunkt Nord-Süd betrieben.  Der Verein wurde vor 35 Jahren gegründet, um einen Beitrag für eine gerechtere, friedlichere Welt zu leisten:  zum  einen durch den  Verkauf von fair gehandelten Waren und die Informationen über  Produkte und Produzentinnen und Produzenten  im Laden, zum anderen  durch Bildungsarbeit.</p>
<p><strong>Zur Bildungsarbeit  </strong>gehören der Film zum Internationalen Frauentag, das Eine-Welt-Fest, der  Weltladentag immer am Samstag vor Muttertag, die  Faire Woche im September und die Mitarbeit an der Ellwanger Friedensdekade im November.</p>
<p><strong>Zusammenarbeit:</strong> Der Verein arbeitet darüber hinaus mit der Stadt im Rahmen der Fair Trade Town zusammen, dem Jugendzentrum (<a href="http://www.juze-ellwangen.de">www.juze-ellwangen.de</a>), amnesty international (<a href="https://amnesty-ellwangen.de">https://amnesty-ellwangen.de</a>), dem Arbeitskreis Mahnwache und er unterstützt den  jährlichen Ostermarsch.</p>
<p><strong>Ehrenamt:</strong> Alle Mitarbeiterinnen und Mitarbeiter im Weltladen arbeiten ehrenamtlich, ob beim Einkauf, im Verkauf oder in der Verwaltung.</p>
<p><strong>Mitmachen:</strong> Wer Lust hat, sich für den Fairen Handel und eine gerechtere Welt zu engagieren, kann sich einfach im Weltladen melden. Wir freuen uns auf euch.</p>
<p><strong>Unterstützen:</strong> Ihr könnt den Weltladen Ellwangen durch eure Mitgliedschaft im Verein Treffpunkt Nord-Süd unterstützen. Beitrittserklärungen gibt es im Weltladen. Der Verein freut sich auch über Spenden, Spendenbescheinigungen werden auf Wunsch gerne ausgestellt.</p>
<p>Der Weltladen Ellwangen ist in der Spitalstraße 13, im Herzen der Innenstadt.[/vc_column_text][/vc_column][/vc_row][vc_row][vc_column][vc_empty_space][vc_column_text][/vc_column_text][vc_column_text][/vc_column_text][/vc_column][/vc_row]</p>
</div>

<p>[vc_row][vc_column][vc_empty_space][vc_column_text] Über den Weltladen Ellwangen [/vc_column_text][vc_column_text]Der Weltladen Ellwangen wird vom Trägerverein Treffpunkt Nord-Süd betrieben.  Der Verein wurde vor 35 Jahren gegründet, um einen Beitrag für eine gerechtere, friedlichere Welt zu leisten:  zum  einen durch den  Verkauf von fair gehandelten Waren und die Informationen über  Produkte und Produzentinnen und Produzenten  im Laden, zum anderen  durch Bildungsarbeit. Zur&hellip;</p>

<!-- This site is optimized with the Yoast SEO plugin v26.8 - https://yoast.com/product/yoast-seo-wordpress/ -->
<title>Über uns - Weltladen Ellwangen</title>
<meta name="description" content="Der Weltladen Ellwangen wird vom Trägerverein Treffpunkt Nord-Süd betrieben.  Der Verein wurde vor 35 Jahren gegründet, um einen Beitrag für eine gerechtere, friedlichere Welt zu leisten.  " />
<meta name="robots" content="index, follow, max-snippet:-1, max-image-preview:large, max-video-preview:-1" />
<link rel="canonical" href="https://weltlaeden.de/ellwangen/ueber-uns/" />
<meta property="og:locale" content="de_DE" />
<meta property="og:type" content="article" />
<meta property="og:title" content="Über uns - Weltladen Ellwangen" />
<meta property="og:description" content="Der Weltladen Ellwangen wird vom Trägerverein Treffpunkt Nord-Süd betrieben.  Der Verein wurde vor 35 Jahren gegründet, um einen Beitrag für eine gerechtere, friedlichere Welt zu leisten.  " />
<meta property="og:url" content="https://weltlaeden.de/ellwangen/ueber-uns/" />
<meta property="og:site_name" content="Weltladen Ellwangen" />
<meta property="article:modified_time" content="2023-12-21T17:45:50+00:00" />
<meta property="og:image" content="https://weltlaeden.de/ellwangen/wp-content/uploads/sites/174/2023/12/wl-jacken1-300x120.jpg" />
<meta name="twitter:card" content="summary_large_image" />
<meta name="twitter:label1" content="Geschätzte Lesezeit" />
	<meta name="twitter:data1" content="2 Minuten" />
<script type="application/ld+json" class="yoast-schema-graph">{"@context":"https://schema.org","@graph":[{"@type":"WebPage","@id":"https://weltlaeden.de/ellwangen/ueber-uns/","url":"https://weltlaeden.de/ellwangen/ueber-uns/","name":"Über uns - Weltladen Ellwangen","isPartOf":{"@id":"https://weltlaeden.de/ellwangen/#website"},"primaryImageOfPage":{"@id":"https://weltlaeden.de/ellwangen/ueber-uns/#primaryimage"},"image":{"@id":"https://weltlaeden.de/ellwangen/ueber-uns/#primaryimage"},"thumbnailUrl":"https://weltlaeden.de/ellwangen/wp-content/uploads/sites/174/2023/12/wl-jacken1-300x120.jpg","datePublished":"2016-10-28T11:34:47+00:00","dateModified":"2023-12-21T17:45:50+00:00","description":"Der Weltladen Ellwangen wird vom Trägerverein Treffpunkt Nord-Süd betrieben.  Der Verein wurde vor 35 Jahren gegründet, um einen Beitrag für eine gerechtere, friedlichere Welt zu leisten.  ","breadcrumb":{"@id":"https://weltlaeden.de/ellwangen/ueber-uns/#breadcrumb"},"inLanguage":"de","potentialAction":[{"@type":"ReadAction","target":["https://weltlaeden.de/ellwangen/ueber-uns/"]}]},{"@type":"ImageObject","inLanguage":"de","@id":"https://weltlaeden.de/ellwangen/ueber-uns/#primaryimage","url":"https://weltlaeden.de/ellwangen/wp-content/uploads/sites/174/2023/12/wl-jacken1.jpg","contentUrl":"https://weltlaeden.de/ellwangen/wp-content/uploads/sites/174/2023/12/wl-jacken1.jpg","width":1201,"height":480},{"@type":"BreadcrumbList","@id":"https://weltlaeden.de/ellwangen/ueber-uns/#breadcrumb","itemListElement":[{"@type":"ListItem","position":1,"name":"Startseite","item":"https://weltlaeden.de/ellwangen/"},{"@type":"ListItem","position":2,"name":"Über uns"}]},{"@type":"WebSite","@id":"https://weltlaeden.de/ellwangen/#website","url":"https://weltlaeden.de/ellwangen/","name":"Weltladen Ellwangen","description":"Faire Produkte seit 1990","potentialAction":[{"@type":"SearchAction","target":{"@type":"EntryPoint","urlTemplate":"https://weltlaeden.de/ellwangen/?s={search_term_string}"},"query-input":{"@type":"PropertyValueSpecification","valueRequired":true,"valueName":"search_term_string"}}],"inLanguage":"de"}]}</script>
<!-- / Yoast SEO plugin. -->

Über uns - Weltladen Ellwangen

Der Weltladen Ellwangen wird vom Trägerverein Treffpunkt Nord-Süd betrieben.  Der Verein wurde vor 35 Jahren gegründet, um einen Beitrag für eine gerechtere, friedlichere Welt zu leisten.
