{"id":20,"date":"2016-10-14T09:05:21","date_gmt":"2016-10-14T07:05:21","guid":{"rendered":"https:\/\/wl.heimpixel.de\/vorlage\/weltladen-musterdorf\/"},"modified":"2026-03-01T16:53:41","modified_gmt":"2026-03-01T15:53:41","slug":"weltladen-musterdorf","status":"publish","type":"page","link":"https:\/\/weltlaeden.de\/ellwangen\/","title":{"rendered":"Weltladen Ellwangen"},"content":{"rendered":"<div class=\"wpb-content-wrapper\"><p>[vc_row][vc_column]<div class=\"wl_einzelbild\"><p><img loading=\"lazy\" decoding=\"async\" class=\"alignnone wp-image-652\" src=\"https:\/\/weltlaeden.de\/ellwangen\/wp-content\/uploads\/sites\/174\/2022\/02\/w-lisa-300x133.jpg\" alt=\"\" width=\"747\" height=\"331\" srcset=\"https:\/\/weltlaeden.de\/ellwangen\/wp-content\/uploads\/sites\/174\/2022\/02\/w-lisa-300x133.jpg 300w, https:\/\/weltlaeden.de\/ellwangen\/wp-content\/uploads\/sites\/174\/2022\/02\/w-lisa-1024x454.jpg 1024w, https:\/\/weltlaeden.de\/ellwangen\/wp-content\/uploads\/sites\/174\/2022\/02\/w-lisa-768x340.jpg 768w, https:\/\/weltlaeden.de\/ellwangen\/wp-content\/uploads\/sites\/174\/2022\/02\/w-lisa.jpg 1156w\" sizes=\"auto, (max-width: 747px) 100vw, 747px\" \/><\/p><\/div>[vc_empty_space height=&#8220;20px&#8220;][\/vc_column][\/vc_row][vc_row][vc_column][vc_column_text]<\/p>\n<h1 style=\"text-align: left\">Willkommen im Weltladen Ellwangen<\/h1>\n<p>[\/vc_column_text][vc_column_text]Der Weltladen Ellwangen ist im Herzen der Innenstadt, in der Spitalstra\u00dfe 13. \u00a0Er wird \u00a0vom Tr\u00e4gerverein Treffpunkt Nord-S\u00fcd \u00a0betrieben mit dem Ziel, \u00a0die Welt ein bisschen gerechter zu\u00a0machen. Kommen Sie vorbei, wir freuen uns auf Ihren Besuch.<a href=\"https:\/\/weltlaeden.de\/ellwangen\/ueber-uns\/\"> Erfahren Sie mehr \u00fcber uns&#8230;<\/a>[\/vc_column_text][vc_empty_space height=&#8220;30px&#8220;][\/vc_column][\/vc_row][vc_row][vc_column][vc_column_text]<\/p>\n<h2>Was Sie auf dieser Website finden:<\/h2>\n<p>[\/vc_column_text][vc_empty_space height=&#8220;20px&#8220;][vc_row_inner][vc_column_inner width=&#8220;1\/4&#8243;]<div class=\"wl_einzelbild\"><p><img loading=\"lazy\" decoding=\"async\" class=\"alignleft size-thumbnail wp-image-nsm-3-15\" src=\"https:\/\/weltlaeden.de\/vorlage\/wp-content\/uploads\/sites\/3\/2016\/11\/FairerHandel_ElPuente_Fingerpuppen_EccoExe_Peru-150x150.jpg\" alt=\"\" width=\"150\" height=\"150\" \/><\/p><\/div>[\/vc_column_inner][vc_column_inner width=&#8220;3\/4&#8243;][vc_column_text]<\/p>\n<h3>Fairer Handel<\/h3>\n<p>Was meint Fairer Handel \u00fcberhaupt? Welche Kriterien m\u00fcssen eingehalten werden und wer \u00fcberpr\u00fcft diese? <a href=\"https:\/\/weltlaeden.de\/ellwangen\/fairer-handel\/\">Erfahren Sie mehr &#8230;<\/a>[\/vc_column_text][\/vc_column_inner][\/vc_row_inner][vc_separator][vc_row_inner][vc_column_inner width=&#8220;1\/4&#8243;]<div class=\"wl_einzelbild\"><p><img loading=\"lazy\" decoding=\"async\" class=\"alignnone size-full wp-image-695\" src=\"https:\/\/weltlaeden.de\/ellwangen\/wp-content\/uploads\/sites\/174\/2025\/02\/02saucen.jpg\" alt=\"\" width=\"150\" height=\"150\" \/><\/p><\/div>[\/vc_column_inner][vc_column_inner width=&#8220;3\/4&#8243;][vc_column_text]<\/p>\n<h3>Produkte<\/h3>\n<p>Unsere Produkte im Weltladen sind nat\u00fcrlich alle aus Fairem Handel, dennoch kommen sie von unterschiedlichen Fair-Handels-Importeuren. <a href=\"https:\/\/weltlaeden.de\/ellwangen\/produkte\/\">Hier zeigen wir Ihnen unser Sortiment &#8230;<\/a>[\/vc_column_text][\/vc_column_inner][\/vc_row_inner][vc_separator][vc_row_inner][vc_column_inner width=&#8220;1\/4&#8243;]<div class=\"wl_einzelbild\"><p><img loading=\"lazy\" decoding=\"async\" class=\"alignnone size-full wp-image-700\" src=\"https:\/\/weltlaeden.de\/ellwangen\/wp-content\/uploads\/sites\/174\/2025\/02\/07schals.jpg\" alt=\"\" width=\"150\" height=\"150\" \/><\/p><\/div>[\/vc_column_inner][vc_column_inner width=&#8220;3\/4&#8243;][vc_column_text]<\/p>\n<h3>\u00dcber uns<\/h3>\n<p>Wer wir sind, warum wir uns f\u00fcr Fairen Handel engagieren und wie man bei uns mitmachen kann &#8211; <a href=\"https:\/\/weltlaeden.de\/ellwangen\/ueber-uns\/\">hier stellen wir uns vor &#8230;<\/a>[\/vc_column_text][\/vc_column_inner][\/vc_row_inner][vc_separator][vc_row_inner][vc_column_inner width=&#8220;1\/4&#8243;]<div class=\"wl_einzelbild\"><p><img loading=\"lazy\" decoding=\"async\" class=\"alignleft size-full wp-image-nsm-3-35\" src=\"https:\/\/weltlaeden.de\/vorlage\/wp-content\/uploads\/sites\/3\/2018\/08\/pocket-watch-1637396_1920_150x150.png\" alt=\"\" width=\"150\" height=\"150\" \/><\/p><\/div>[\/vc_column_inner][vc_column_inner width=&#8220;3\/4&#8243;][vc_column_text]<\/p>\n<h3>Termine<\/h3>\n<p>Bei uns ist immer etwas los! Wir treffen uns regelm\u00e4\u00dfig zu Teamsitzungen und Fortbildungen, organisieren aber auch immer mal wieder eine Veranstaltung zum Fairen Handel und verwandten Themen. <a href=\"https:\/\/weltlaeden.de\/ellwangen\/termine\/\">Hier erfahren Sie was bei uns los ist \u2026<\/a>[\/vc_column_text][\/vc_column_inner][\/vc_row_inner][vc_separator][vc_empty_space][\/vc_column][\/vc_row][vc_row][vc_column width=&#8220;1\/4&#8243;][vc_column_text][\/vc_column_text]<div class=\"wl_einzelbild\"><p><img loading=\"lazy\" decoding=\"async\" class=\"alignnone size-medium wp-image-742\" src=\"https:\/\/weltlaeden.de\/ellwangen\/wp-content\/uploads\/sites\/174\/2026\/03\/tempImageLX3CCe-300x225.jpg\" alt=\"\" width=\"300\" height=\"225\" srcset=\"https:\/\/weltlaeden.de\/ellwangen\/wp-content\/uploads\/sites\/174\/2026\/03\/tempImageLX3CCe-300x225.jpg 300w, https:\/\/weltlaeden.de\/ellwangen\/wp-content\/uploads\/sites\/174\/2026\/03\/tempImageLX3CCe-1024x768.jpg 1024w, https:\/\/weltlaeden.de\/ellwangen\/wp-content\/uploads\/sites\/174\/2026\/03\/tempImageLX3CCe-768x576.jpg 768w, https:\/\/weltlaeden.de\/ellwangen\/wp-content\/uploads\/sites\/174\/2026\/03\/tempImageLX3CCe-1536x1152.jpg 1536w, https:\/\/weltlaeden.de\/ellwangen\/wp-content\/uploads\/sites\/174\/2026\/03\/tempImageLX3CCe-2048x1536.jpg 2048w\" sizes=\"auto, (max-width: 300px) 100vw, 300px\" \/><\/p><\/div>[\/vc_column][vc_column width=&#8220;3\/4&#8243;][vc_empty_space height=&#8220;&#8220;][vc_column_text css=&#8220;&#8220;]<strong>Produkt des Monats<\/strong><\/p>\n<p>OK-Espresso ist nicht nur der \u00a0kleine Wachmacher zwischendurch, er ist auch das Produkt des Monats im Weltladen Ellwangen. Er besteht zu 100 Prozent aus Arabica-Bohnen, ist aus Hochlandanbau und stammt aus Mexiko. Darauf \u00a0gibt es im M\u00e4rz \u00a05 Prozent Rabatt.[\/vc_column_text][\/vc_column][\/vc_row][vc_row][vc_column width=&#8220;3\/4&#8243;][\/vc_column][\/vc_row][vc_row][vc_column][vc_column_text css=&#8220;&#8220;][\/vc_column_text]<a href=\"?pagename=neuigkeiten\" class=\"btn-shortcode dt-btn-s dt-btn default-btn-color default-btn-hover-color default-btn-bg-color default-btn-bg-hover-color\" target=\"_blank\" id=\"dt-btn-1\" rel=\"noopener\"><span>Alle Neuigkeiten<\/span><\/a>[\/vc_column][\/vc_row][vc_row][vc_column width=&#8220;3\/4&#8243;][\/vc_column][\/vc_row]<\/p>\n<\/div>","protected":false},"excerpt":{"rendered":"<p>[vc_row][vc_column][vc_empty_space height=&#8220;20px&#8220;][\/vc_column][\/vc_row][vc_row][vc_column][vc_column_text] Willkommen im Weltladen Ellwangen [\/vc_column_text][vc_column_text]Der Weltladen Ellwangen ist im Herzen der Innenstadt, in der Spitalstra\u00dfe 13. \u00a0Er wird \u00a0vom Tr\u00e4gerverein Treffpunkt Nord-S\u00fcd \u00a0betrieben mit dem Ziel, \u00a0die Welt ein bisschen gerechter zu\u00a0machen. Kommen Sie vorbei, wir freuen uns auf Ihren Besuch. Erfahren Sie mehr \u00fcber uns&#8230;[\/vc_column_text][vc_empty_space height=&#8220;30px&#8220;][\/vc_column][\/vc_row][vc_row][vc_column][vc_column_text] Was Sie auf dieser Website finden:&hellip;<\/p>\n","protected":false},"author":1,"featured_media":0,"parent":0,"menu_order":0,"comment_status":"closed","ping_status":"closed","template":"","meta":{"footnotes":""},"class_list":["post-20","page","type-page","status-publish","hentry","description-off"],"yoast_head":"<!-- This site is optimized with the Yoast SEO plugin v26.8 - https:\/\/yoast.com\/product\/yoast-seo-wordpress\/ -->\n<title>Weltladen Ellwangen - Weltladen Ellwangen<\/title>\n<meta name=\"description\" content=\"Der Weltladen in Ellwangen verkauft fair gehandelte Produkte aus aller Welt. Wir f\u00fchren Kaffee, Tee, Gew\u00fcrze, Schokolade, Kleidung aus Alpaka und Baumwolle, Kosmetik, Seifen, Spielwaren und vieles mehr.\" \/>\n<meta name=\"robots\" content=\"index, follow, max-snippet:-1, max-image-preview:large, max-video-preview:-1\" \/>\n<link rel=\"canonical\" href=\"https:\/\/weltlaeden.de\/ellwangen\/\" \/>\n<meta property=\"og:locale\" content=\"de_DE\" \/>\n<meta property=\"og:type\" content=\"article\" \/>\n<meta property=\"og:title\" content=\"Weltladen Ellwangen - Weltladen Ellwangen\" \/>\n<meta property=\"og:description\" content=\"Der Weltladen in Ellwangen verkauft fair gehandelte Produkte aus aller Welt. Wir f\u00fchren Kaffee, Tee, Gew\u00fcrze, Schokolade, Kleidung aus Alpaka und Baumwolle, Kosmetik, Seifen, Spielwaren und vieles mehr.\" \/>\n<meta property=\"og:url\" content=\"https:\/\/weltlaeden.de\/ellwangen\/\" \/>\n<meta property=\"og:site_name\" content=\"Weltladen Ellwangen\" \/>\n<meta property=\"article:modified_time\" content=\"2026-03-01T15:53:41+00:00\" \/>\n<meta property=\"og:image\" content=\"https:\/\/weltlaeden.de\/ellwangen\/wp-content\/uploads\/sites\/174\/2022\/02\/w-lisa.jpg\" \/>\n\t<meta property=\"og:image:width\" content=\"1156\" \/>\n\t<meta property=\"og:image:height\" content=\"512\" \/>\n\t<meta property=\"og:image:type\" content=\"image\/jpeg\" \/>\n<meta name=\"twitter:card\" content=\"summary_large_image\" \/>\n<meta name=\"twitter:label1\" content=\"Gesch\u00e4tzte Lesezeit\" \/>\n\t<meta name=\"twitter:data1\" content=\"3\u00a0Minuten\" \/>\n<script type=\"application\/ld+json\" class=\"yoast-schema-graph\">{\"@context\":\"https:\/\/schema.org\",\"@graph\":[{\"@type\":\"WebPage\",\"@id\":\"https:\/\/weltlaeden.de\/ellwangen\/\",\"url\":\"https:\/\/weltlaeden.de\/ellwangen\/\",\"name\":\"Weltladen Ellwangen - Weltladen Ellwangen\",\"isPartOf\":{\"@id\":\"https:\/\/weltlaeden.de\/ellwangen\/#website\"},\"primaryImageOfPage\":{\"@id\":\"https:\/\/weltlaeden.de\/ellwangen\/#primaryimage\"},\"image\":{\"@id\":\"https:\/\/weltlaeden.de\/ellwangen\/#primaryimage\"},\"thumbnailUrl\":\"https:\/\/weltlaeden.de\/ellwangen\/wp-content\/uploads\/sites\/174\/2022\/02\/w-lisa-300x133.jpg\",\"datePublished\":\"2016-10-14T07:05:21+00:00\",\"dateModified\":\"2026-03-01T15:53:41+00:00\",\"description\":\"Der Weltladen in Ellwangen verkauft fair gehandelte Produkte aus aller Welt. Wir f\u00fchren Kaffee, Tee, Gew\u00fcrze, Schokolade, Kleidung aus Alpaka und Baumwolle, Kosmetik, Seifen, Spielwaren und vieles mehr.\",\"breadcrumb\":{\"@id\":\"https:\/\/weltlaeden.de\/ellwangen\/#breadcrumb\"},\"inLanguage\":\"de\",\"potentialAction\":[{\"@type\":\"ReadAction\",\"target\":[\"https:\/\/weltlaeden.de\/ellwangen\/\"]}]},{\"@type\":\"ImageObject\",\"inLanguage\":\"de\",\"@id\":\"https:\/\/weltlaeden.de\/ellwangen\/#primaryimage\",\"url\":\"https:\/\/weltlaeden.de\/ellwangen\/wp-content\/uploads\/sites\/174\/2022\/02\/w-lisa.jpg\",\"contentUrl\":\"https:\/\/weltlaeden.de\/ellwangen\/wp-content\/uploads\/sites\/174\/2022\/02\/w-lisa.jpg\",\"width\":1156,\"height\":512},{\"@type\":\"BreadcrumbList\",\"@id\":\"https:\/\/weltlaeden.de\/ellwangen\/#breadcrumb\",\"itemListElement\":[{\"@type\":\"ListItem\",\"position\":1,\"name\":\"Startseite\",\"item\":\"https:\/\/weltlaeden.de\/ellwangen\/\"},{\"@type\":\"ListItem\",\"position\":2,\"name\":\"Weltladen Ellwangen\"}]},{\"@type\":\"WebSite\",\"@id\":\"https:\/\/weltlaeden.de\/ellwangen\/#website\",\"url\":\"https:\/\/weltlaeden.de\/ellwangen\/\",\"name\":\"Weltladen Ellwangen\",\"description\":\"Faire Produkte seit 1990\",\"potentialAction\":[{\"@type\":\"SearchAction\",\"target\":{\"@type\":\"EntryPoint\",\"urlTemplate\":\"https:\/\/weltlaeden.de\/ellwangen\/?s={search_term_string}\"},\"query-input\":{\"@type\":\"PropertyValueSpecification\",\"valueRequired\":true,\"valueName\":\"search_term_string\"}}],\"inLanguage\":\"de\"}]}<\/script>\n<!-- \/ Yoast SEO plugin. -->","yoast_head_json":{"title":"Weltladen Ellwangen - Weltladen Ellwangen","description":"Der Weltladen in Ellwangen verkauft fair gehandelte Produkte aus aller Welt. Wir f\u00fchren Kaffee, Tee, Gew\u00fcrze, Schokolade, Kleidung aus Alpaka und Baumwolle, Kosmetik, Seifen, Spielwaren und vieles mehr.","robots":{"index":"index","follow":"follow","max-snippet":"max-snippet:-1","max-image-preview":"max-image-preview:large","max-video-preview":"max-video-preview:-1"},"canonical":"https:\/\/weltlaeden.de\/ellwangen\/","og_locale":"de_DE","og_type":"article","og_title":"Weltladen Ellwangen - Weltladen Ellwangen","og_description":"Der Weltladen in Ellwangen verkauft fair gehandelte Produkte aus aller Welt. Wir f\u00fchren Kaffee, Tee, Gew\u00fcrze, Schokolade, Kleidung aus Alpaka und Baumwolle, Kosmetik, Seifen, Spielwaren und vieles mehr.","og_url":"https:\/\/weltlaeden.de\/ellwangen\/","og_site_name":"Weltladen Ellwangen","article_modified_time":"2026-03-01T15:53:41+00:00","og_image":[{"width":1156,"height":512,"url":"https:\/\/weltlaeden.de\/ellwangen\/wp-content\/uploads\/sites\/174\/2022\/02\/w-lisa.jpg","type":"image\/jpeg"}],"twitter_card":"summary_large_image","twitter_misc":{"Gesch\u00e4tzte Lesezeit":"3\u00a0Minuten"},"schema":{"@context":"https:\/\/schema.org","@graph":[{"@type":"WebPage","@id":"https:\/\/weltlaeden.de\/ellwangen\/","url":"https:\/\/weltlaeden.de\/ellwangen\/","name":"Weltladen Ellwangen - Weltladen Ellwangen","isPartOf":{"@id":"https:\/\/weltlaeden.de\/ellwangen\/#website"},"primaryImageOfPage":{"@id":"https:\/\/weltlaeden.de\/ellwangen\/#primaryimage"},"image":{"@id":"https:\/\/weltlaeden.de\/ellwangen\/#primaryimage"},"thumbnailUrl":"https:\/\/weltlaeden.de\/ellwangen\/wp-content\/uploads\/sites\/174\/2022\/02\/w-lisa-300x133.jpg","datePublished":"2016-10-14T07:05:21+00:00","dateModified":"2026-03-01T15:53:41+00:00","description":"Der Weltladen in Ellwangen verkauft fair gehandelte Produkte aus aller Welt. Wir f\u00fchren Kaffee, Tee, Gew\u00fcrze, Schokolade, Kleidung aus Alpaka und Baumwolle, Kosmetik, Seifen, Spielwaren und vieles mehr.","breadcrumb":{"@id":"https:\/\/weltlaeden.de\/ellwangen\/#breadcrumb"},"inLanguage":"de","potentialAction":[{"@type":"ReadAction","target":["https:\/\/weltlaeden.de\/ellwangen\/"]}]},{"@type":"ImageObject","inLanguage":"de","@id":"https:\/\/weltlaeden.de\/ellwangen\/#primaryimage","url":"https:\/\/weltlaeden.de\/ellwangen\/wp-content\/uploads\/sites\/174\/2022\/02\/w-lisa.jpg","contentUrl":"https:\/\/weltlaeden.de\/ellwangen\/wp-content\/uploads\/sites\/174\/2022\/02\/w-lisa.jpg","width":1156,"height":512},{"@type":"BreadcrumbList","@id":"https:\/\/weltlaeden.de\/ellwangen\/#breadcrumb","itemListElement":[{"@type":"ListItem","position":1,"name":"Startseite","item":"https:\/\/weltlaeden.de\/ellwangen\/"},{"@type":"ListItem","position":2,"name":"Weltladen Ellwangen"}]},{"@type":"WebSite","@id":"https:\/\/weltlaeden.de\/ellwangen\/#website","url":"https:\/\/weltlaeden.de\/ellwangen\/","name":"Weltladen Ellwangen","description":"Faire Produkte seit 1990","potentialAction":[{"@type":"SearchAction","target":{"@type":"EntryPoint","urlTemplate":"https:\/\/weltlaeden.de\/ellwangen\/?s={search_term_string}"},"query-input":{"@type":"PropertyValueSpecification","valueRequired":true,"valueName":"search_term_string"}}],"inLanguage":"de"}]}},"_links":{"self":[{"href":"https:\/\/weltlaeden.de\/ellwangen\/wp-json\/wp\/v2\/pages\/20","targetHints":{"allow":["GET"]}}],"collection":[{"href":"https:\/\/weltlaeden.de\/ellwangen\/wp-json\/wp\/v2\/pages"}],"about":[{"href":"https:\/\/weltlaeden.de\/ellwangen\/wp-json\/wp\/v2\/types\/page"}],"author":[{"embeddable":true,"href":"https:\/\/weltlaeden.de\/ellwangen\/wp-json\/wp\/v2\/users\/1"}],"replies":[{"embeddable":true,"href":"https:\/\/weltlaeden.de\/ellwangen\/wp-json\/wp\/v2\/comments?post=20"}],"version-history":[{"count":87,"href":"https:\/\/weltlaeden.de\/ellwangen\/wp-json\/wp\/v2\/pages\/20\/revisions"}],"predecessor-version":[{"id":744,"href":"https:\/\/weltlaeden.de\/ellwangen\/wp-json\/wp\/v2\/pages\/20\/revisions\/744"}],"wp:attachment":[{"href":"https:\/\/weltlaeden.de\/ellwangen\/wp-json\/wp\/v2\/media?parent=20"}],"curies":[{"name":"wp","href":"https:\/\/api.w.org\/{rel}","templated":true}]}}