{"id":23,"date":"2016-10-14T09:05:21","date_gmt":"2016-10-14T07:05:21","guid":{"rendered":"https:\/\/wl.heimpixel.de\/vorlage\/termine\/"},"modified":"2021-03-08T17:25:44","modified_gmt":"2021-03-08T16:25:44","slug":"termine","status":"publish","type":"page","link":"https:\/\/weltlaeden.de\/eisenberg\/termine\/","title":{"rendered":"Termine"},"content":{"rendered":"<div class=\"wpb-content-wrapper\"><p>[vc_row][vc_column]<div class=\"wl_einzelbild\"><p><img loading=\"lazy\" decoding=\"async\" class=\" wp-image-525 aligncenter\" src=\"https:\/\/weltlaeden.de\/eisenberg\/wp-content\/uploads\/sites\/54\/2019\/06\/gs030-300x225.jpg\" alt=\"\" width=\"586\" height=\"439\" \/><\/p><\/div>[vc_empty_space height=&#8220;30px&#8220;][vc_column_text]<\/p>\n<h1>Termine<\/h1>\n<h4><\/h4>\n<p>[\/vc_column_text][vc_empty_space height=&#8220;30px&#8220;][\/vc_column][\/vc_row][vc_row][vc_column width=&#8220;2\/3&#8243;][vc_column_text]<\/p>\n<h2>Kommende Termine<\/h2>\n<p>[\/vc_column_text]<ul class=\"termine-page current aktuell\"><li><h5 class=\"termine-titel\"><a href=\"https:\/\/weltlaeden.de\/eisenberg\/termin\/kinderkulturkarawane-2026\/\">Kinderkulturkarawane 2026<\/a><\/h5><p class=\"termine-date\">Do., 21.05.2026, 19:00<\/p><p class=\"termine-auszug\">Im Mai kommt die KinderKulturKarawane wieder nach Eisenberg. Wir freuen uns, dass die Gruppe IYASA aus Zimbabwe da sein wird. Sie besuchten uns schon 2024 und haben zur IGS Eisenberg enge Kontakte gekn\u00fcpft. Ab dem 18. Mai werden sie an der IGS mit Workshops pr\u00e4sent sein und am 21. Mai gibt es eine Abendveranstaltung in der Jahnhalle Eisenberg, bei der sie ihre B\u00fchnenshow zeigen werden. Termin unbedingt vormerken! Sehr sehenswert!<p class=termine-ort\"><small>Ort: <i>Jahnhalle Eisenberg<\/i><\/small><\/p><\/li><\/ul>[vc_empty_space height=&#8220;30px&#8220;][vc_column_text]<\/p>\n<h2>Vergangene Termine<\/h2>\n<p>[\/vc_column_text]<ul class=\"termine-page past vergangen\"><li><h5 class=\"termine-titel\"><a href=\"https:\/\/weltlaeden.de\/eisenberg\/termin\/mitgliederversammlung-2025\/\">Mitgliederversammlung 2025<\/a><\/h5><p class=\"termine-date\">Do., 05.03.2026, 19:00<\/p><p class=\"termine-auszug\"><strong>Mitgliederversammlung<\/strong> <strong>Tagesordnung:<\/strong> 1. Begr\u00fc\u00dfung, Feststellung der Beschlussf\u00e4higkeit 2. B\u00fcrgermeister Bernd Frey berichtet \u00fcber Aktivit\u00e4ten der FairTrade-Verbandsgemeinde 3. Rechenschaftsbericht des Vorstands 4. Kassenbericht 5. Bericht der Kassenpr\u00fcfer 6. Entlastung des Vorstands 7. Neuwahlen: a) Gesch\u00e4ftsf\u00fchrender Vorstand b) Beisitzer c) Kassenpr\u00fcfer 8. Jahresprogramm 2026 - W\u00fcnsche und Vorschl\u00e4ge 9. Sonstiges<p class=termine-ort\"><small>Ort: <i>Thomas-Morus-Haus Eisenberg<\/i><\/small><\/p><\/li><li><h5 class=\"termine-titel\"><a href=\"https:\/\/weltlaeden.de\/eisenberg\/termin\/40-jahre\/\">40 Jahre<\/a><\/h5><p class=\"termine-date\">Sa., 27.09.2025, 19:00<\/p><p class=\"termine-auszug\">Den Verein Partnerschaft Eine Welt Eisenberg-Gr\u00fcnstadt gibt es jetzt seit <strong>40 Jahren<\/strong>. Das wollen wir am <strong>27.09.2025<\/strong> ab <strong>19.00 Uhr<\/strong> im <strong>Thomas-Morus-Haus<\/strong> in Eisenberg, Jakob-Schiffer-Str. 17, feiern. Dazu laden wir herzlich ein. Als Festredner konnten wir den langj\u00e4hrigen Hauptgesch\u00e4ftsf\u00fchrer und Vorstands\u00advorsitzenden von Misereor, <strong>Monsignore Pirmin Spiegel,<\/strong> gewinnen. Au\u00dferdem wird <strong>die Klasse 9a<\/strong> unserer <strong>Partnerschule IGS Eisenberg<\/strong> von einem Vertreter der Fairtrade-Initiative Saarland als <strong>Faire Klasse <\/strong>ausgezeichnet. Neben <strong>musikalischen Beitr\u00e4gen<\/strong> soll auch gen\u00fcgend Platz zum Austausch bestehen.\u00a0Das Weltladenteam sorgt f\u00fcr <strong>Getr\u00e4nke<\/strong> und einen <strong>kleinen Imbiss<\/strong>. Einen <strong>R\u00fcckblick<\/strong> \u00fcber <strong>Aktivit\u00e4ten und Projekte <\/strong>unseres Vereins und seiner Partner geben eine Diashow und Infost\u00e4nde. Wir freuen uns auf einen sch\u00f6nen gemeinsamen Abend.<p class=termine-ort\"><small>Ort: <i>Thomas-Morus-Haus, Eisenberg<\/i><\/small><\/p><\/li><li><h5 class=\"termine-titel\"><a href=\"https:\/\/weltlaeden.de\/eisenberg\/termin\/faire-woche-faires-fruehstueck\/\">Faire Woche &#8211; faires Fr\u00fchst\u00fcck<\/a><\/h5><p class=\"termine-date\">Sa., 21.09.2024, 10:00<\/p><p class=\"termine-auszug\">Unter dem Motto\u00a0 \"FAIR. Und kein Grad mehr!\" findet dieses Jahr die Faire Woche statt. Wir laden Euch wie immer zu unserem Fr\u00fchst\u00fcck mit Selbstgemachtem aus unserem fairen Handel ein. Und informieren Euch gerne zu den Zielen des Fairen Handels, die eng verkn\u00fcpft sind mit dem Thema Klimagerechtigkeit.<\/li><li><h5 class=\"termine-titel\"><a href=\"https:\/\/weltlaeden.de\/eisenberg\/termin\/kinderkulturkarawane-2024\/\">Kinderkulturkarawane 2024<\/a><\/h5><p class=\"termine-date\">Do., 12.09.2024, 18:30<\/p><p class=\"termine-auszug\">Wir freuen uns, wieder die Gruppe IYASA aus Zimbabwe begr\u00fc\u00dfen zu d\u00fcrfen. Sie haben uns schon 2022 mit ihrer Tanzauff\u00fchrung begeistert. Wir sind froh, dass sie uns auch 2024 mit einem neuen Programm besuchen.<p class=termine-ort\"><small>Ort: <i>Jahnturnhalle Eisenberg<\/i><\/small><\/p><\/li><li><h5 class=\"termine-titel\"><a href=\"https:\/\/weltlaeden.de\/eisenberg\/termin\/workshop-donnersberger-umweltdiplom\/\">Workshop Donnersberger Umweltdiplom<\/a><\/h5><p class=\"termine-date\">Fr., 26.07.2024, 15:00 bis 26.07.2024, 18:00<\/p><p class=\"termine-auszug\">Im Rahmen des Donnersberger Umweltdiplom bieten wir wieder f\u00fcr Sch\u00fcler ab der vierten Klasse einen Workshop zu den Themen \"Aus Alt wird Neu\" und \"Fairer Handel schafft gutes Klima\" an. Es gibt einen Infozirkel zum Fairen Handel und es wird flei\u00dfig gebastelt. Aus Dingen, die andere wegwerfen, lassen wir Neues entstehen. Anmeldung und weitere Infos \u00fcber<a href=\"http:\/\/www.umweltdiplom.donnersberg.de\"> www.umweltdiplom.donnersberg.de<\/a>. &nbsp;<\/li><li><h5 class=\"termine-titel\"><a href=\"https:\/\/weltlaeden.de\/eisenberg\/termin\/sommeroeffnungszeiten-2\/\">Sommer\u00f6ffnungszeiten<\/a><\/h5><p class=\"termine-date\">Mo., 22.07.2024, 15:00 bis 17.08.2024, 13:00<\/p><p class=\"termine-auszug\">In den Sommerferien haben wir von der 2. bis zur 5. Ferienwoche nur am Vormittag ge\u00f6ffnet. In der ersten und letzten Ferienwoche sind wir wie gewohnt f\u00fcr Euch da!<\/li><li><h5 class=\"termine-titel\"><a href=\"https:\/\/weltlaeden.de\/eisenberg\/termin\/weltladentag-2024\/\">Weltladentag 2024<\/a><\/h5><p class=\"termine-date\">Sa., 11.05.2024, 10:00<\/p><p class=\"termine-auszug\">Am 11. Mai bieten wir Euch ein faires Fr\u00fchst\u00fcck in und bei sch\u00f6nem Wetter vor dem Laden! Das Motto des Weltladentages ist dieses Jahr \"F\u00fcr Klimasch\u00e4den Verantwortung \u00fcbernehmen\". Wir freuen uns, wenn Ihr dabei seid und Euch mit uns austauscht. Weitere Infos <a href=\"https:\/\/www.weltladen.de\/politik-veraendern\/aktuelle-kampagne\/\">hier.<\/a><\/li><li><h5 class=\"termine-titel\"><a href=\"https:\/\/weltlaeden.de\/eisenberg\/termin\/vortrag-regenwaldladen\/\">Vortrag &#8222;Der Regenwald am Amazonas&#8220;<\/a><\/h5><p class=\"termine-date\">Mi., 17.04.2024, 19:00<\/p><p class=\"termine-auszug\">Am 17.4.2024 um 19.00 Uhr wird Herr Dr. Rainer Putz vom Regenwald-Institut in Freiburg zum Thema Schutz, Nutzung und Zerst\u00f6rung des Regenwaldes am Amazonas einen Vortrag halten. Die Veranstaltung findet im Sitzungssaal der Verbandsgemeinde Eisenberg, Hauptstra\u00dfe 86, statt. Wir freuen uns auf Euer Kommen! &nbsp;<p class=termine-ort\"><small>Ort: <i>Rathaus der VG Eisenberg<\/i><\/small><\/p><\/li><li><h5 class=\"termine-titel\"><a href=\"https:\/\/weltlaeden.de\/eisenberg\/termin\/mitgliederversammlung-2\/\">Mitgliederversammlung<\/a><\/h5><p class=\"termine-date\">Do., 07.03.2024, 19:30<\/p><p class=\"termine-auszug\">Am 7. M\u00e4rz 2024 findet die Mitgliederversammlung des Vereins Partnerschaft Eine Welt e. V. im Nebenraum der TSG-Gastst\u00e4tte Jahnstube in Eisenberg statt. Unter anderem gibt es Berichte \u00fcber die KinderKulturKarawane 2024 und Projekte von AMA Fashion in Ghana.<\/li><li><h5 class=\"termine-titel\"><a href=\"https:\/\/weltlaeden.de\/eisenberg\/termin\/faires-fruehstueck\/\">Faires Fr\u00fchst\u00fcck<\/a><\/h5><p class=\"termine-date\">Sa., 23.09.2023, 10:00<\/p><p class=\"termine-auszug\">In der fairen Woche wollen wir wieder ein faires Fr\u00fchst\u00fcck anbieten und euch herzlich dazu einladen. Termin unbedingt vormerken.<\/li><li><h5 class=\"termine-titel\"><a href=\"https:\/\/weltlaeden.de\/eisenberg\/termin\/sommeroeffnungszeiten\/\">Sommer\u00f6ffnungszeiten<\/a><\/h5><p class=\"termine-date\">Mo., 31.07.2023 bis 26.08.2023<\/p><p class=\"termine-auszug\">In den Sommerferien ist der Weltladen von der 2. bis zur 5. Ferienwoche einschlie\u00dflich nur vormittags ge\u00f6ffnet. Nachmittags legen wir die F\u00fc\u00dfe hoch. \ud83d\ude42<\/li><li><h5 class=\"termine-titel\"><a href=\"https:\/\/weltlaeden.de\/eisenberg\/termin\/weltladentag-2023\/\">Weltladentag 2023<\/a><\/h5><p class=\"termine-date\">Sa., 13.05.2023, 10:00<\/p><p class=\"termine-auszug\">Der diesj\u00e4hrige Weltladentag steht unter dem Motto \"M\u00e4chtig fair\". M\u00e4chtig fair ist es, von der Arbeit leben zu k\u00f6nnen. Deshalb fordern die Weltl\u00e4den, existenzsichernde Einkommen durch ein wirksames EU-Lieferkettengesetz zu gew\u00e4hrleisten. Am Weltladentag gibt es bei uns traditionell ein faires Fr\u00fchst\u00fcck mit Selbstgemachtem aus fair gehandelten Produkten.<\/li><li><h5 class=\"termine-titel\"><a href=\"https:\/\/weltlaeden.de\/eisenberg\/termin\/verkaufsoffener-sonntag-2\/\">Verkaufsoffener Sonntag<\/a><\/h5><p class=\"termine-date\">So., 07.05.2023, 12:00<\/p><p class=\"termine-auszug\">Am Sonntag des Streetfood- und Mobilit\u00e4tstags ist unser Laden f\u00fcr Euch ge\u00f6ffnet. Wir freuen uns, wenn Ihr nach dem Schlemmen und Autos Schauen auch bei uns ein bisschen st\u00f6bert.<\/li><\/ul>[\/vc_column][\/vc_row]<\/p>\n<\/div>","protected":false},"excerpt":{"rendered":"<p>[vc_row][vc_column][vc_empty_space height=&#8220;30px&#8220;][vc_column_text] Termine [\/vc_column_text][vc_empty_space height=&#8220;30px&#8220;][\/vc_column][\/vc_row][vc_row][vc_column width=&#8220;2\/3&#8243;][vc_column_text] Kommende Termine [\/vc_column_text][vc_empty_space height=&#8220;30px&#8220;][vc_column_text] Vergangene Termine [\/vc_column_text][\/vc_column][\/vc_row]<\/p>\n","protected":false},"author":1,"featured_media":0,"parent":0,"menu_order":6,"comment_status":"closed","ping_status":"closed","template":"","meta":{"footnotes":""},"class_list":["post-23","page","type-page","status-publish","hentry","description-off"],"yoast_head":"<!-- This site is optimized with the Yoast SEO plugin v26.8 - https:\/\/yoast.com\/product\/yoast-seo-wordpress\/ -->\n<title>Termine - Weltladen Eisenberg<\/title>\n<meta name=\"robots\" content=\"index, follow, max-snippet:-1, max-image-preview:large, max-video-preview:-1\" \/>\n<link rel=\"canonical\" href=\"https:\/\/weltlaeden.de\/eisenberg\/termine\/\" \/>\n<meta property=\"og:locale\" content=\"de_DE\" \/>\n<meta property=\"og:type\" content=\"article\" \/>\n<meta property=\"og:title\" content=\"Termine - Weltladen Eisenberg\" \/>\n<meta property=\"og:description\" content=\"[vc_row][vc_column][vc_empty_space height=&#8220;30px&#8220;][vc_column_text] Termine [\/vc_column_text][vc_empty_space height=&#8220;30px&#8220;][\/vc_column][\/vc_row][vc_row][vc_column width=&#8220;2\/3&#8243;][vc_column_text] Kommende Termine [\/vc_column_text][vc_empty_space height=&#8220;30px&#8220;][vc_column_text] Vergangene Termine [\/vc_column_text][\/vc_column][\/vc_row]\" \/>\n<meta property=\"og:url\" content=\"https:\/\/weltlaeden.de\/eisenberg\/termine\/\" \/>\n<meta property=\"og:site_name\" content=\"Weltladen Eisenberg\" \/>\n<meta property=\"article:modified_time\" content=\"2021-03-08T16:25:44+00:00\" \/>\n<meta property=\"og:image\" content=\"https:\/\/weltlaeden.de\/eisenberg\/wp-content\/uploads\/sites\/54\/2019\/06\/gs030-300x225.jpg\" \/>\n<meta name=\"twitter:card\" content=\"summary_large_image\" \/>\n<script type=\"application\/ld+json\" class=\"yoast-schema-graph\">{\"@context\":\"https:\/\/schema.org\",\"@graph\":[{\"@type\":\"WebPage\",\"@id\":\"https:\/\/weltlaeden.de\/eisenberg\/termine\/\",\"url\":\"https:\/\/weltlaeden.de\/eisenberg\/termine\/\",\"name\":\"Termine - Weltladen Eisenberg\",\"isPartOf\":{\"@id\":\"https:\/\/weltlaeden.de\/eisenberg\/#website\"},\"primaryImageOfPage\":{\"@id\":\"https:\/\/weltlaeden.de\/eisenberg\/termine\/#primaryimage\"},\"image\":{\"@id\":\"https:\/\/weltlaeden.de\/eisenberg\/termine\/#primaryimage\"},\"thumbnailUrl\":\"https:\/\/weltlaeden.de\/eisenberg\/wp-content\/uploads\/sites\/54\/2019\/06\/gs030-300x225.jpg\",\"datePublished\":\"2016-10-14T07:05:21+00:00\",\"dateModified\":\"2021-03-08T16:25:44+00:00\",\"breadcrumb\":{\"@id\":\"https:\/\/weltlaeden.de\/eisenberg\/termine\/#breadcrumb\"},\"inLanguage\":\"de\",\"potentialAction\":[{\"@type\":\"ReadAction\",\"target\":[\"https:\/\/weltlaeden.de\/eisenberg\/termine\/\"]}]},{\"@type\":\"ImageObject\",\"inLanguage\":\"de\",\"@id\":\"https:\/\/weltlaeden.de\/eisenberg\/termine\/#primaryimage\",\"url\":\"https:\/\/weltlaeden.de\/eisenberg\/wp-content\/uploads\/sites\/54\/2019\/06\/gs030-300x225.jpg\",\"contentUrl\":\"https:\/\/weltlaeden.de\/eisenberg\/wp-content\/uploads\/sites\/54\/2019\/06\/gs030-300x225.jpg\"},{\"@type\":\"BreadcrumbList\",\"@id\":\"https:\/\/weltlaeden.de\/eisenberg\/termine\/#breadcrumb\",\"itemListElement\":[{\"@type\":\"ListItem\",\"position\":1,\"name\":\"Startseite\",\"item\":\"https:\/\/weltlaeden.de\/eisenberg\/\"},{\"@type\":\"ListItem\",\"position\":2,\"name\":\"Termine\"}]},{\"@type\":\"WebSite\",\"@id\":\"https:\/\/weltlaeden.de\/eisenberg\/#website\",\"url\":\"https:\/\/weltlaeden.de\/eisenberg\/\",\"name\":\"Vorlage\",\"description\":\"Faire Produkte seit 1990\",\"potentialAction\":[{\"@type\":\"SearchAction\",\"target\":{\"@type\":\"EntryPoint\",\"urlTemplate\":\"https:\/\/weltlaeden.de\/eisenberg\/?s={search_term_string}\"},\"query-input\":{\"@type\":\"PropertyValueSpecification\",\"valueRequired\":true,\"valueName\":\"search_term_string\"}}],\"inLanguage\":\"de\"}]}<\/script>\n<!-- \/ Yoast SEO plugin. -->","yoast_head_json":{"title":"Termine - Weltladen Eisenberg","robots":{"index":"index","follow":"follow","max-snippet":"max-snippet:-1","max-image-preview":"max-image-preview:large","max-video-preview":"max-video-preview:-1"},"canonical":"https:\/\/weltlaeden.de\/eisenberg\/termine\/","og_locale":"de_DE","og_type":"article","og_title":"Termine - Weltladen Eisenberg","og_description":"[vc_row][vc_column][vc_empty_space height=&#8220;30px&#8220;][vc_column_text] Termine [\/vc_column_text][vc_empty_space height=&#8220;30px&#8220;][\/vc_column][\/vc_row][vc_row][vc_column width=&#8220;2\/3&#8243;][vc_column_text] Kommende Termine [\/vc_column_text][vc_empty_space height=&#8220;30px&#8220;][vc_column_text] Vergangene Termine [\/vc_column_text][\/vc_column][\/vc_row]","og_url":"https:\/\/weltlaeden.de\/eisenberg\/termine\/","og_site_name":"Weltladen Eisenberg","article_modified_time":"2021-03-08T16:25:44+00:00","og_image":[{"url":"https:\/\/weltlaeden.de\/eisenberg\/wp-content\/uploads\/sites\/54\/2019\/06\/gs030-300x225.jpg","type":"","width":"","height":""}],"twitter_card":"summary_large_image","schema":{"@context":"https:\/\/schema.org","@graph":[{"@type":"WebPage","@id":"https:\/\/weltlaeden.de\/eisenberg\/termine\/","url":"https:\/\/weltlaeden.de\/eisenberg\/termine\/","name":"Termine - Weltladen Eisenberg","isPartOf":{"@id":"https:\/\/weltlaeden.de\/eisenberg\/#website"},"primaryImageOfPage":{"@id":"https:\/\/weltlaeden.de\/eisenberg\/termine\/#primaryimage"},"image":{"@id":"https:\/\/weltlaeden.de\/eisenberg\/termine\/#primaryimage"},"thumbnailUrl":"https:\/\/weltlaeden.de\/eisenberg\/wp-content\/uploads\/sites\/54\/2019\/06\/gs030-300x225.jpg","datePublished":"2016-10-14T07:05:21+00:00","dateModified":"2021-03-08T16:25:44+00:00","breadcrumb":{"@id":"https:\/\/weltlaeden.de\/eisenberg\/termine\/#breadcrumb"},"inLanguage":"de","potentialAction":[{"@type":"ReadAction","target":["https:\/\/weltlaeden.de\/eisenberg\/termine\/"]}]},{"@type":"ImageObject","inLanguage":"de","@id":"https:\/\/weltlaeden.de\/eisenberg\/termine\/#primaryimage","url":"https:\/\/weltlaeden.de\/eisenberg\/wp-content\/uploads\/sites\/54\/2019\/06\/gs030-300x225.jpg","contentUrl":"https:\/\/weltlaeden.de\/eisenberg\/wp-content\/uploads\/sites\/54\/2019\/06\/gs030-300x225.jpg"},{"@type":"BreadcrumbList","@id":"https:\/\/weltlaeden.de\/eisenberg\/termine\/#breadcrumb","itemListElement":[{"@type":"ListItem","position":1,"name":"Startseite","item":"https:\/\/weltlaeden.de\/eisenberg\/"},{"@type":"ListItem","position":2,"name":"Termine"}]},{"@type":"WebSite","@id":"https:\/\/weltlaeden.de\/eisenberg\/#website","url":"https:\/\/weltlaeden.de\/eisenberg\/","name":"Vorlage","description":"Faire Produkte seit 1990","potentialAction":[{"@type":"SearchAction","target":{"@type":"EntryPoint","urlTemplate":"https:\/\/weltlaeden.de\/eisenberg\/?s={search_term_string}"},"query-input":{"@type":"PropertyValueSpecification","valueRequired":true,"valueName":"search_term_string"}}],"inLanguage":"de"}]}},"_links":{"self":[{"href":"https:\/\/weltlaeden.de\/eisenberg\/wp-json\/wp\/v2\/pages\/23","targetHints":{"allow":["GET"]}}],"collection":[{"href":"https:\/\/weltlaeden.de\/eisenberg\/wp-json\/wp\/v2\/pages"}],"about":[{"href":"https:\/\/weltlaeden.de\/eisenberg\/wp-json\/wp\/v2\/types\/page"}],"author":[{"embeddable":true,"href":"https:\/\/weltlaeden.de\/eisenberg\/wp-json\/wp\/v2\/users\/1"}],"replies":[{"embeddable":true,"href":"https:\/\/weltlaeden.de\/eisenberg\/wp-json\/wp\/v2\/comments?post=23"}],"version-history":[{"count":15,"href":"https:\/\/weltlaeden.de\/eisenberg\/wp-json\/wp\/v2\/pages\/23\/revisions"}],"predecessor-version":[{"id":527,"href":"https:\/\/weltlaeden.de\/eisenberg\/wp-json\/wp\/v2\/pages\/23\/revisions\/527"}],"wp:attachment":[{"href":"https:\/\/weltlaeden.de\/eisenberg\/wp-json\/wp\/v2\/media?parent=23"}],"curies":[{"name":"wp","href":"https:\/\/api.w.org\/{rel}","templated":true}]}}