{"version":"1.0","provider_name":"Weltladen Eisenberg","provider_url":"https:\/\/weltlaeden.de\/eisenberg","title":"Weltladentag 2023 - Weltladen Eisenberg","type":"rich","width":600,"height":338,"html":"<blockquote class=\"wp-embedded-content\" data-secret=\"yNMJEMgOZh\"><a href=\"https:\/\/weltlaeden.de\/eisenberg\/termin\/weltladentag-2023\/\">Weltladentag 2023<\/a><\/blockquote><iframe sandbox=\"allow-scripts\" security=\"restricted\" src=\"https:\/\/weltlaeden.de\/eisenberg\/termin\/weltladentag-2023\/embed\/#?secret=yNMJEMgOZh\" width=\"600\" height=\"338\" title=\"&#8222;Weltladentag 2023&#8220; &#8211; Weltladen Eisenberg\" data-secret=\"yNMJEMgOZh\" frameborder=\"0\" marginwidth=\"0\" marginheight=\"0\" scrolling=\"no\" class=\"wp-embedded-content\"><\/iframe><script>\n\/*! This file is auto-generated *\/\n!function(d,l){\"use strict\";l.querySelector&&d.addEventListener&&\"undefined\"!=typeof URL&&(d.wp=d.wp||{},d.wp.receiveEmbedMessage||(d.wp.receiveEmbedMessage=function(e){var t=e.data;if((t||t.secret||t.message||t.value)&&!\/[^a-zA-Z0-9]\/.test(t.secret)){for(var s,r,n,a=l.querySelectorAll('iframe[data-secret=\"'+t.secret+'\"]'),o=l.querySelectorAll('blockquote[data-secret=\"'+t.secret+'\"]'),c=new RegExp(\"^https?:$\",\"i\"),i=0;i<o.length;i++)o[i].style.display=\"none\";for(i=0;i<a.length;i++)s=a[i],e.source===s.contentWindow&&(s.removeAttribute(\"style\"),\"height\"===t.message?(1e3<(r=parseInt(t.value,10))?r=1e3:~~r<200&&(r=200),s.height=r):\"link\"===t.message&&(r=new URL(s.getAttribute(\"src\")),n=new URL(t.value),c.test(n.protocol))&&n.host===r.host&&l.activeElement===s&&(d.top.location.href=t.value))}},d.addEventListener(\"message\",d.wp.receiveEmbedMessage,!1),l.addEventListener(\"DOMContentLoaded\",function(){for(var e,t,s=l.querySelectorAll(\"iframe.wp-embedded-content\"),r=0;r<s.length;r++)(t=(e=s[r]).getAttribute(\"data-secret\"))||(t=Math.random().toString(36).substring(2,12),e.src+=\"#?secret=\"+t,e.setAttribute(\"data-secret\",t)),e.contentWindow.postMessage({message:\"ready\",secret:t},\"*\")},!1)))}(window,document);\n<\/script>\n","description":"Der diesj\u00e4hrige Weltladentag steht unter dem Motto &#8222;M\u00e4chtig fair&#8220;. M\u00e4chtig fair ist es, von der Arbeit leben zu k\u00f6nnen. Deshalb fordern die Weltl\u00e4den, existenzsichernde Einkommen durch ein wirksames EU-Lieferkettengesetz zu gew\u00e4hrleisten. Am Weltladentag gibt es bei uns traditionell ein faires Fr\u00fchst\u00fcck mit Selbstgemachtem aus fair gehandelten Produkten.","thumbnail_url":"https:\/\/weltlaeden.de\/eisenberg\/wp-content\/uploads\/sites\/54\/2023\/04\/eu-lieferkettengesetz_socialmedia_1080x1080-1.900x0.jpg","thumbnail_width":900,"thumbnail_height":900}

Der diesjährige Weltladentag steht unter dem Motto &#8222;Mächtig fair&#8220;. Mächtig fair ist es, von der Arbeit leben zu können. Deshalb fordern die Weltläden, existenzsichernde Einkommen durch ein wirksames EU-Lieferkettengesetz zu gewährleisten. Am Weltladentag gibt es bei uns traditionell ein faires Frühstück mit Selbstgemachtem aus fair gehandelten Produkten.
