{"id":219,"date":"2016-10-28T13:34:47","date_gmt":"2016-10-28T11:34:47","guid":{"rendered":"https:\/\/wl.heimpixel.de\/eckernfoerde\/ueber-uns\/"},"modified":"2026-07-20T16:17:45","modified_gmt":"2026-07-20T14:17:45","slug":"ueber-uns","status":"publish","type":"page","link":"https:\/\/weltlaeden.de\/eckernfoerde\/ueber-uns\/","title":{"rendered":"\u00dcber uns"},"content":{"rendered":"<div class=\"wpb-content-wrapper\" id=\"wpb-content-root\"><p>[vc_row][vc_column]<div class=\"wl_einzelbild\"><p><img loading=\"lazy\" decoding=\"async\" class=\"alignnone size-medium wp-image-854\" src=\"https:\/\/weltlaeden.de\/eckernfoerde\/wp-content\/uploads\/sites\/21\/2026\/06\/IMG-20260113-WA0007-300x225.jpg\" alt=\"\" width=\"300\" height=\"225\" srcset=\"https:\/\/weltlaeden.de\/eckernfoerde\/wp-content\/uploads\/sites\/21\/2026\/06\/IMG-20260113-WA0007-300x225.jpg 300w, https:\/\/weltlaeden.de\/eckernfoerde\/wp-content\/uploads\/sites\/21\/2026\/06\/IMG-20260113-WA0007-1024x768.jpg 1024w, https:\/\/weltlaeden.de\/eckernfoerde\/wp-content\/uploads\/sites\/21\/2026\/06\/IMG-20260113-WA0007-768x576.jpg 768w, https:\/\/weltlaeden.de\/eckernfoerde\/wp-content\/uploads\/sites\/21\/2026\/06\/IMG-20260113-WA0007-1536x1152.jpg 1536w, https:\/\/weltlaeden.de\/eckernfoerde\/wp-content\/uploads\/sites\/21\/2026\/06\/IMG-20260113-WA0007.jpg 2048w\" sizes=\"auto, (max-width: 300px) 100vw, 300px\" \/><\/p><\/div>[vc_empty_space][vc_column_text]<\/p>\n<h1>\u00dcber den Weltladen Eckernf\u00f6rde<\/h1>\n<p>[\/vc_column_text][vc_column_text css=&#8220;&#8220;]Der Weltladen befindet sich in der St.-Nicolai-Str. 20 in Eckernf\u00f6rde, er liegt somit nicht nur inmitten der Fu\u00dfg\u00e4ngerzone, sondern auch fast(!) in Sichtweite der Eckernf\u00f6rder Bucht.<\/p>\n<p>Unser Weltladen ist nicht nur ein Fachgesch\u00e4ft des Fairen Handels, sondern mehr und mehr auch im Bereich der Bildungs- und Kampagnenarbeit eine wichtige S\u00e4ule.<\/p>\n<p>Rund um Eckernf\u00f6rde gibt es einige\u00a0Kooperationspartner, die mit dem Weltladen sehr eng zusammenarbeiten. Ein gutes Beispiel hierf\u00fcr ist die Jungmannschule in Eckernf\u00f6rde: dort wird in den Pausen ein Kiosk mit fair gehandelten Produkten ge\u00f6ffnet, der von Sch\u00fclern betreut wird. Aber auch andere Schulen, Kirchengemeinden, Unternehmen und auch das Rathaus beziehen ihre Waren bei uns.[\/vc_column_text][\/vc_column][\/vc_row][vc_row][vc_column][vc_empty_space][vc_video link=&#8220;https:\/\/www.youtube.com\/watch?v=PpD3VpvgU2s&#8220; align=&#8220;center&#8220; css=&#8220;.vc_custom_1524062412218{background-color: #cecece !important;}&#8220;][vc_empty_space][vc_column_text]<\/p>\n<h1>Im Weltladen engagieren<\/h1>\n<p>[\/vc_column_text][vc_column_text]Aber klar, wir freuen uns \u00fcber jedes neue Gesicht in unserem Team.<\/p>\n<p>Wir sind immer auf der Suche nach<b> <\/b>Menschen, die Lust haben, sich ehrenamtlich f\u00fcr eine offene, transparente, \u00f6kologische und nachhaltige Form des Wirtschaftens zu engagieren. Ob im Verkauf, der Informations- oder Bildungsarbeit &#8211; die M\u00f6glichkeiten, in unserem Team mitzumachen sind vielf\u00e4ltig und lassen sich bestimmt auch in Deinen Alltag integrieren! Deine Bereitschaft und Dein Engagement sind gefragt.<\/p>\n<p><strong>Wir bieten<\/strong> ein nettes Team aus Engagierten mit vielf\u00e4ltigen M\u00f6glichkeiten, sich selbst einzubringen. Eine Gemeinschaft, die Dich herzlich aufnimmt, einarbeitet und bei Fragen zur Verf\u00fcgung steht. Fortbildungsm\u00f6glichkeiten nach Deinen Interessen und Aufgaben.<\/p>\n<p><strong>Wir freuen uns auf Dich!<\/strong>[\/vc_column_text][\/vc_column][\/vc_row]<\/p>\n<\/div>","protected":false},"excerpt":{"rendered":"<p>[vc_row][vc_column][vc_empty_space][vc_column_text] \u00dcber den Weltladen Eckernf\u00f6rde [\/vc_column_text][vc_column_text css=&#8220;&#8220;]Der Weltladen befindet sich in der St.-Nicolai-Str. 20 in Eckernf\u00f6rde, er liegt somit nicht nur inmitten der Fu\u00dfg\u00e4ngerzone, sondern auch fast(!) in Sichtweite der Eckernf\u00f6rder Bucht. Unser Weltladen ist nicht nur ein Fachgesch\u00e4ft des Fairen Handels, sondern mehr und mehr auch im Bereich der Bildungs- und Kampagnenarbeit eine wichtige&hellip;<\/p>\n","protected":false},"author":1,"featured_media":854,"parent":0,"menu_order":0,"comment_status":"closed","ping_status":"closed","template":"","meta":{"footnotes":""},"class_list":["post-219","page","type-page","status-publish","has-post-thumbnail","hentry","description-off"],"_links":{"self":[{"href":"https:\/\/weltlaeden.de\/eckernfoerde\/wp-json\/wp\/v2\/pages\/219","targetHints":{"allow":["GET"]}}],"collection":[{"href":"https:\/\/weltlaeden.de\/eckernfoerde\/wp-json\/wp\/v2\/pages"}],"about":[{"href":"https:\/\/weltlaeden.de\/eckernfoerde\/wp-json\/wp\/v2\/types\/page"}],"author":[{"embeddable":true,"href":"https:\/\/weltlaeden.de\/eckernfoerde\/wp-json\/wp\/v2\/users\/1"}],"replies":[{"embeddable":true,"href":"https:\/\/weltlaeden.de\/eckernfoerde\/wp-json\/wp\/v2\/comments?post=219"}],"version-history":[{"count":29,"href":"https:\/\/weltlaeden.de\/eckernfoerde\/wp-json\/wp\/v2\/pages\/219\/revisions"}],"predecessor-version":[{"id":899,"href":"https:\/\/weltlaeden.de\/eckernfoerde\/wp-json\/wp\/v2\/pages\/219\/revisions\/899"}],"wp:featuredmedia":[{"embeddable":true,"href":"https:\/\/weltlaeden.de\/eckernfoerde\/wp-json\/wp\/v2\/media\/854"}],"wp:attachment":[{"href":"https:\/\/weltlaeden.de\/eckernfoerde\/wp-json\/wp\/v2\/media?parent=219"}],"curies":[{"name":"wp","href":"https:\/\/api.w.org\/{rel}","templated":true}]}}

Über uns

<div class="wpb-content-wrapper" id="wpb-content-root"><p>[vc_row][vc_column]<div class="wl_einzelbild"><p><img loading="lazy" decoding="async" class="alignnone size-medium wp-image-854" src="https://weltlaeden.de/eckernfoerde/wp-content/uploads/sites/21/2026/06/IMG-20260113-WA0007-300x225.jpg" alt="" width="300" height="225" srcset="https://weltlaeden.de/eckernfoerde/wp-content/uploads/sites/21/2026/06/IMG-20260113-WA0007-300x225.jpg 300w, https://weltlaeden.de/eckernfoerde/wp-content/uploads/sites/21/2026/06/IMG-20260113-WA0007-1024x768.jpg 1024w, https://weltlaeden.de/eckernfoerde/wp-content/uploads/sites/21/2026/06/IMG-20260113-WA0007-768x576.jpg 768w, https://weltlaeden.de/eckernfoerde/wp-content/uploads/sites/21/2026/06/IMG-20260113-WA0007-1536x1152.jpg 1536w, https://weltlaeden.de/eckernfoerde/wp-content/uploads/sites/21/2026/06/IMG-20260113-WA0007.jpg 2048w" sizes="auto, (max-width: 300px) 100vw, 300px" /></p></div>[vc_empty_space][vc_column_text]</p>
<h1>Über den Weltladen Eckernförde</h1>
<p>[/vc_column_text][vc_column_text css=&#8220;&#8220;]Der Weltladen befindet sich in der St.-Nicolai-Str. 20 in Eckernförde, er liegt somit nicht nur inmitten der Fußgängerzone, sondern auch fast(!) in Sichtweite der Eckernförder Bucht.</p>
<p>Unser Weltladen ist nicht nur ein Fachgeschäft des Fairen Handels, sondern mehr und mehr auch im Bereich der Bildungs- und Kampagnenarbeit eine wichtige Säule.</p>
<p>Rund um Eckernförde gibt es einige Kooperationspartner, die mit dem Weltladen sehr eng zusammenarbeiten. Ein gutes Beispiel hierfür ist die Jungmannschule in Eckernförde: dort wird in den Pausen ein Kiosk mit fair gehandelten Produkten geöffnet, der von Schülern betreut wird. Aber auch andere Schulen, Kirchengemeinden, Unternehmen und auch das Rathaus beziehen ihre Waren bei uns.[/vc_column_text][/vc_column][/vc_row][vc_row][vc_column][vc_empty_space][vc_video link=&#8220;https://www.youtube.com/watch?v=PpD3VpvgU2s&#8220; align=&#8220;center&#8220; css=&#8220;.vc_custom_1524062412218{background-color: #cecece !important;}&#8220;][vc_empty_space][vc_column_text]</p>
<h1>Im Weltladen engagieren</h1>
<p>[/vc_column_text][vc_column_text]Aber klar, wir freuen uns über jedes neue Gesicht in unserem Team.</p>
<p>Wir sind immer auf der Suche nach<b> </b>Menschen, die Lust haben, sich ehrenamtlich für eine offene, transparente, ökologische und nachhaltige Form des Wirtschaftens zu engagieren. Ob im Verkauf, der Informations- oder Bildungsarbeit &#8211; die Möglichkeiten, in unserem Team mitzumachen sind vielfältig und lassen sich bestimmt auch in Deinen Alltag integrieren! Deine Bereitschaft und Dein Engagement sind gefragt.</p>
<p><strong>Wir bieten</strong> ein nettes Team aus Engagierten mit vielfältigen Möglichkeiten, sich selbst einzubringen. Eine Gemeinschaft, die Dich herzlich aufnimmt, einarbeitet und bei Fragen zur Verfügung steht. Fortbildungsmöglichkeiten nach Deinen Interessen und Aufgaben.</p>
<p><strong>Wir freuen uns auf Dich!</strong>[/vc_column_text][/vc_column][/vc_row]</p>
</div>

<p>[vc_row][vc_column][vc_empty_space][vc_column_text] Über den Weltladen Eckernförde [/vc_column_text][vc_column_text css=&#8220;&#8220;]Der Weltladen befindet sich in der St.-Nicolai-Str. 20 in Eckernförde, er liegt somit nicht nur inmitten der Fußgängerzone, sondern auch fast(!) in Sichtweite der Eckernförder Bucht. Unser Weltladen ist nicht nur ein Fachgeschäft des Fairen Handels, sondern mehr und mehr auch im Bereich der Bildungs- und Kampagnenarbeit eine wichtige&hellip;</p>
